000
CXUS56 KOTX 270900
CF6LWS
PRELIMINARY LOCAL CLIMATOLOGICAL DATA (WS FORM: F-6)

                                          STATION:   LEWISTON ID AIRPORT
                                          MONTH:     MARCH
                                          YEAR:      2017
                                          LATITUDE:   46 22 N
                                          LONGITUDE: 117  1 W

  TEMPERATURE IN F:       :PCPN:    SNOW:  WIND      :SUNSHINE: SKY     :PK WND
================================================================================
1   2   3   4   5  6A  6B    7    8   9   10  11  12  13   14  15   16   17  18
                                     12Z  AVG MX 2MIN
DY MAX MIN AVG DEP HDD CDD  WTR  SNW DPTH SPD SPD DIR MIN PSBL S-S WX    SPD DR
================================================================================

 1  51  31  41   0  24   0 0.00  0.0    0  4.1 14 190   M    M   4        18 200
 2  56  33  45   3  20   0 0.00  0.0    0  4.6 20 170   M    M   1        26 170
 3  55  34  45   3  20   0 0.00  0.0    0  5.8 17 190   M    M   7        21 200
 4  51  32  42   0  23   0 0.74  4.1    0  5.7 18 300   M    M  10 12     23 200
 5  43  29  36  -6  29   0    T    T    4  4.8 10  10   M    M   6 12     14 280
 6  46  28  37  -6  28   0 0.00  0.0    0  7.0 23 220   M    M   5        30 220
 7  45  32  39  -4  26   0 0.01    T    0  8.1 18 180   M    M   9 1      24 180
 8  46  34  40  -3  25   0 0.46  0.0    0  6.2 17 280   M    M  10 1      23 280
 9  41  32  37  -7  28   0 0.44  0.7    1  1.2 10 260   M    M  10 12     12 250
10  63  39  51   7  14   0 0.01  0.0    0  3.4  9 140   M    M   4 128    12 320
11  55  38  47   3  18   0 0.02    M    0  7.9 16 190   M    M   2        20 190
12  59  39  49   5  16   0 0.00  0.0    0  4.7 13 200   M    M   1        14 200
13  56  43  50   5  15   0 0.22    M    0  4.2  9  60   M    M   8        11  60
14  61  46  54   9  11   0 0.13  0.0    0  4.5 12  90   M    M   9 1      14  70
15  59  48  54   9  11   0 0.27  0.0    0  4.6 16  90   M    M   7 12     19  90
16  57  38  48   3  17   0    T  0.0    0  7.5 21 270   M    M   4 12     25 270
17  55  34  45  -1  20   0 0.02  0.0    0  6.1 14  70   M    M   6        17  70
18  58  46  52   6  13   0 0.25  0.0    0  9.4 24 310   M    M   7 1      31 300
19  53  36  45  -1  20   0 0.00  0.0    0  4.4 16 290   M    M   4        23 280
20  56  33  45  -1  20   0    T  0.0    0  2.3  9 250   M    M   5        11 270
21  56  42  49   2  16   0 0.17  0.0    0  4.0 24 300   M    M   6 13     29 300
22  58  40  49   2  16   0 0.11  0.0    0  4.1 20 290   M    M   7 128    24 280
23  56  34  45  -2  20   0 0.00  0.0    0  4.0 12  30   M    M   3 128    17  40
24  53  39  46  -1  19   0 0.02  0.0    0  6.9 18 200   M    M   7        24 220
25  51  39  45  -3  20   0 0.08  0.0    0  4.2 18 300   M    M   6 1      22 300
26  53  35  44  -4  21   0 0.07  0.0    0  5.0 17 270   M    M   8        22 270
================================================================================
SM 1393  954       510   0  3.02     4.8 134.7          M      156
================================================================================
AV 53.6 36.7                               5.2 FASTST   M    M   6    MAX(MPH)
                                 MISC ---->  # 24 310               # 31  300
================================================================================
NOTES:
# LAST OF SEVERAL OCCURRENCES

COLUMN 17 PEAK WIND IN M.P.H.

PRELIMINARY LOCAL CLIMATOLOGICAL DATA (WS FORM: F-6) , PAGE 2

                                          STATION:  LEWISTON ID AIRPORT
                                          MONTH:    MARCH
                                          YEAR:     2017
                                          LATITUDE:   46 22 N
                                          LONGITUDE: 117  1 W

[TEMPERATURE DATA]      [PRECIPITATION DATA]       SYMBOLS USED IN COLUMN 16

AVERAGE MONTHLY: 45.1   TOTAL FOR MONTH:   3.02    1 = FOG OR MIST
DPTR FM NORMAL:   0.4   DPTR FM NORMAL:    2.06    2 = FOG REDUCING VISIBILITY
HIGHEST:    63 ON 10    GRTST 24HR  0.74 ON  4- 4      TO 1/4 MILE OR LESS
LOWEST:     28 ON  6                               3 = THUNDER
                        SNOW, ICE PELLETS, HAIL    4 = ICE PELLETS
                        TOTAL MONTH:   4.8 INCHES  5 = HAIL
                        GRTST 24HR   4.1 ON   M    6 = FREEZING RAIN OR DRIZZLE
                        GRTST DEPTH:   4 ON  5     7 = DUSTSTORM OR SANDSTORM:
                                                       VSBY 1/2 MILE OR LESS
                                                   8 = SMOKE OR HAZE
[NO. OF DAYS WITH]      [WEATHER - DAYS WITH]      9 = BLOWING SNOW
                                                   X = TORNADO
MAX 32 OR BELOW:   0    0.01 INCH OR MORE:  16
MAX 90 OR ABOVE:   0    0.10 INCH OR MORE:   9
MIN 32 OR BELOW:   6    0.50 INCH OR MORE:   1
MIN  0 OR BELOW:   0    1.00 INCH OR MORE:   0

[HDD (BASE 65) ]
TOTAL THIS MO.   510    CLEAR  (SCALE 0-3)   3
DPTR FM NORMAL   -19    PTCLDY (SCALE 4-7)  17
TOTAL FM JUL 1  4546    CLOUDY (SCALE 8-10)  6
DPTR FM NORMAL   162

[CDD (BASE 65) ]
TOTAL THIS MO.     0
DPTR FM NORMAL     0    [PRESSURE DATA]
TOTAL FM JAN 1     0    HIGHEST SLP M ON M
DPTR FM NORMAL     0    LOWEST  SLP 29.48 ON  5

[REMARKS]
