000
CXUS54 KLZK 161330
CF6LZK
PRELIMINARY LOCAL CLIMATOLOGICAL DATA (WS FORM: F-6)

                                          STATION:   North Little Rock
                                          MONTH:     APRIL
                                          YEAR:      2014
                                          LATITUDE:   34 50 N
                                          LONGITUDE:  92 16 W

  TEMPERATURE IN F:       :PCPN:    SNOW:  WIND      :SUNSHINE: SKY     :PK WND
================================================================================
1   2   3   4   5  6A  6B    7    8   9   10  11  12  13   14  15   16   17  18
                                     12Z  AVG MX 2MIN
DY MAX MIN AVG DEP HDD CDD  WTR  SNW DPTH SPD SPD DIR MIN PSBL S-S WX    SPD DR
================================================================================

 1  74  52  63   4   2   0    T  0.0    0   M   M   M   M    M   M         M  M
 2  74  62  68   9   0   3 0.00  0.0    0   M   M   M   M    M   M         M  M
 3  82  68  75  16   0  10 0.06  0.0    0   M   M   M   M    M   M 3       M  M
 4  67  47  57  -3   8   0    T  0.0    0   M   M   M   M    M   M 3       M  M
 5  55  41  48 -12  17   0 0.00  0.0    0   M   M   M   M    M   M         M  M
 6  53  45  49 -11  16   0 0.00  0.0    0   M   M   M   M    M   M         M  M
 7  62  46  54  -6  11   0 0.18  0.0    0   M   M   M   M    M   M         M  M
 8  61  47  54  -7  11   0 0.17  0.0    0   M   M   M   M    M   M 13      M  M
 9  71  45  58  -3   7   0 0.00  0.0    0   M   M   M   M    M   M         M  M
10  83  54  69   8   0   4 0.00  0.0    0   M   M   M   M    M   M         M  M
11  78  59  69   7   0   4 0.00  0.0    0   M   M   M   M    M   M         M  M
12  78  62  70   8   0   5 0.00  0.0    0   M   M   M   M    M   M         M  M
13  72  57  65   3   0   0 2.85  0.0    0   M   M   M   M    M   M 13      M  M
14  57  39  48 -14  17   0 0.40  0.0    0   M   M   M   M    M   M 3       M  M
15  55  35  45 -18  20   0 0.00  0.0    0   M   M   M   M    M   M         M  M
================================================================================
SM 1022  759       109  26  3.66     0.0     M          M        M
================================================================================
AV 68.1 50.6                                 M FASTST   M    M   6    MAX(MPH)
                                 MISC ---->     M   M                  M    M
================================================================================
NOTES:
# LAST OF SEVERAL OCCURRENCES

COLUMN 17 PEAK WIND IN M.P.H.

PRELIMINARY LOCAL CLIMATOLOGICAL DATA (WS FORM: F-6) , PAGE 2

                                          STATION:  North Little Rock
                                          MONTH:    APRIL
                                          YEAR:     2014
                                          LATITUDE:   34 50 N
                                          LONGITUDE:  92 16 W

[TEMPERATURE DATA]      [PRECIPITATION DATA]       SYMBOLS USED IN COLUMN 16

AVERAGE MONTHLY: 59.4   TOTAL FOR MONTH:   3.66    1 = FOG OR MIST
DPTR FM NORMAL:  -1.4   DPTR FM NORMAL:    1.39    2 = FOG REDUCING VISIBILITY
HIGHEST:    83 ON 10    GRTST 24HR  2.85 ON 13-13      TO 1/4 MILE OR LESS
LOWEST:     35 ON 15                               3 = THUNDER
                        SNOW, ICE PELLETS, HAIL    4 = ICE PELLETS
                        TOTAL MONTH:   0.0 INCH    5 = HAIL
                        GRTST 24HR     0.0         6 = FREEZING RAIN OR DRIZZLE
                        GRTST DEPTH:   0           7 = DUSTSTORM OR SANDSTORM:
                                                       VSBY 1/2 MILE OR LESS
                                                   8 = SMOKE OR HAZE
[NO. OF DAYS WITH]      [WEATHER - DAYS WITH]      9 = BLOWING SNOW
                                                   X = TORNADO
MAX 32 OR BELOW:   0    0.01 INCH OR MORE:   5
MAX 90 OR ABOVE:   0    0.10 INCH OR MORE:   4
MIN 32 OR BELOW:   0    0.50 INCH OR MORE:   1
MIN  0 OR BELOW:   0    1.00 INCH OR MORE:   1

[HDD (BASE 65) ]
TOTAL THIS MO.   109    CLEAR  (SCALE 0-3)   0
DPTR FM NORMAL    18    PTCLDY (SCALE 4-7)   0
TOTAL FM JUL 1  3425    CLOUDY (SCALE 8-10)  0
DPTR FM NORMAL   488

[CDD (BASE 65) ]
TOTAL THIS MO.    26
DPTR FM NORMAL     1    [PRESSURE DATA]
TOTAL FM JAN 1    26    HIGHEST SLP M ON M
DPTR FM NORMAL   -18    LOWEST  SLP M ON M

[REMARKS]
