000
CXUS54 KMAF 241100
CF6MAF
PRELIMINARY LOCAL CLIMATOLOGICAL DATA (WS FORM: F-6)

                                          STATION:   Midland International Airport
                                          MONTH:     APRIL
                                          YEAR:      2017
                                          LATITUDE:   31 57 N
                                          LONGITUDE: 102 11 W

  TEMPERATURE IN F:       :PCPN:    SNOW:  WIND      :SUNSHINE: SKY     :PK WND
================================================================================
1   2   3   4   5  6A  6B    7    8   9   10  11  12  13   14  15   16   17  18
                                     12Z  AVG MX 2MIN
DY MAX MIN AVG DEP HDD CDD  WTR  SNW DPTH SPD SPD DIR MIN PSBL S-S WX    SPD DR
================================================================================

 1  73  51  62   2   3   0 0.00  0.0    0 17.6 29  10   M    M   2        35  10
 2  58  46  52  -8  13   0 0.98    M    0 13.3 28 360   M    M   8 1      34 360
 3  82  49  66   6   0   1 0.00  0.0    0 12.5 23 290   M    M   0        29 280
 4  78  46  62   1   3   0 0.00  0.0    0 22.1 39 280   M    M   0 8      50 270
 5  68  40  54  -7  11   0 0.00  0.0    0  8.7 18 360   M    M   0        26 360
 6  76  47  62   1   3   0 0.00  0.0    0 11.8 21 140   M    M   0        26 180
 7  81  49  65   3   0   0 0.00  0.0    0 15.1 23 160   M    M   0        28 170
 8  93  57  75  13   0  10 0.00  0.0    0 13.3 25 170   M    M   0        31 240
 9  92  63  78  16   0  13 0.00  0.0    0 15.4 36 270   M    M   0 8      45 270
10  77  57  67   5   0   2 0.00  0.0    0 11.2 22  50   M    M   0 18     26  50
11  80  58  69   6   0   4 0.00  0.0    0 13.9 21 130   M    M   5        26 120
12  72  57  65   2   0   0 1.47  0.0    0 15.9 25  50   M    M   6 13     31  50
13  77  56  67   4   0   2 0.01  0.0    0 12.0 26  60   M    M   6 1      29 200
14  79  62  71   7   0   6 0.00  0.0    0 18.4 29 150   M    M   5        34 150
15  85  62  74  10   0   9 0.00  0.0    0 14.3 26 150   M    M   2 3      31 150
16  87  62  75  11   0  10 0.05  0.0    0 12.6 36 220   M    M   2 138    48 220
17  83  55  69   4   0   4 0.00  0.0    0  7.6 16 130   M    M   0        20 130
18  88  59  74   9   0   9 0.00  0.0    0  9.7 16 130   M    M   1 18     22 150
19  93  61  77  12   0  12 0.00  0.0    0 12.8 23 180   M    M   0        27 170
20  89  64  77  11   0  12 0.00  0.0    0  8.6 22 170   M    M   0        27 170
21  91  61  76  10   0  11 0.00  0.0    0 13.0 32  40   M    M   0        38  60
22  68  50  59  -7   6   0 0.00  0.0    0 16.9 32  40   M    M   6        40  50
23  72  43  58  -9   7   0 0.00  0.0    0  6.1 14 150   M    M   0        17 140
================================================================================
SM 1842 1255        46 105  2.51     0.0 302.8          M       43
================================================================================
AV 80.1 54.6                              13.2 FASTST   M    M   2    MAX(MPH)
                                 MISC ---->  # 39 280               # 50  270
================================================================================
NOTES:
# LAST OF SEVERAL OCCURRENCES

COLUMN 17 PEAK WIND IN M.P.H.

PRELIMINARY LOCAL CLIMATOLOGICAL DATA (WS FORM: F-6) , PAGE 2

                                          STATION:  Midland International Airport
                                          MONTH:    APRIL
                                          YEAR:     2017
                                          LATITUDE:   31 57 N
                                          LONGITUDE: 102 11 W

[TEMPERATURE DATA]      [PRECIPITATION DATA]       SYMBOLS USED IN COLUMN 16

AVERAGE MONTHLY: 67.3   TOTAL FOR MONTH:   2.51    1 = FOG OR MIST
DPTR FM NORMAL:   4.2   DPTR FM NORMAL:    2.02    2 = FOG REDUCING VISIBILITY
HIGHEST:    93 ON 19, 8 GRTST 24HR  1.47 ON 12-12      TO 1/4 MILE OR LESS
LOWEST:     40 ON  5                               3 = THUNDER
                        SNOW, ICE PELLETS, HAIL    4 = ICE PELLETS
                        TOTAL MONTH:   0.0 INCH    5 = HAIL
                        GRTST 24HR     0.0         6 = FREEZING RAIN OR DRIZZLE
                        GRTST DEPTH:   0           7 = DUSTSTORM OR SANDSTORM:
                                                       VSBY 1/2 MILE OR LESS
                                                   8 = SMOKE OR HAZE
[NO. OF DAYS WITH]      [WEATHER - DAYS WITH]      9 = BLOWING SNOW
                                                   X = TORNADO
MAX 32 OR BELOW:   0    0.01 INCH OR MORE:   4
MAX 90 OR ABOVE:   4    0.10 INCH OR MORE:   2
MIN 32 OR BELOW:   0    0.50 INCH OR MORE:   2
MIN  0 OR BELOW:   0    1.00 INCH OR MORE:   1

[HDD (BASE 65) ]
TOTAL THIS MO.    46    CLEAR  (SCALE 0-3)  17
DPTR FM NORMAL   -53    PTCLDY (SCALE 4-7)   6
TOTAL FM JUL 1  1662    CLOUDY (SCALE 8-10)  0
DPTR FM NORMAL  -981

[CDD (BASE 65) ]
TOTAL THIS MO.   105
DPTR FM NORMAL    48    [PRESSURE DATA]
TOTAL FM JAN 1   230    HIGHEST SLP M ON M
DPTR FM NORMAL   155    LOWEST  SLP 29.53 ON  1

[REMARKS]
