000
CXUS55 KABR 231400
CF6MBG
PRELIMINARY LOCAL CLIMATOLOGICAL DATA (WS FORM: F-6)

                                          STATION:   MOBRIDGE SD
                                          MONTH:     SEPTEMBER
                                          YEAR:      2017
                                          LATITUDE:   45 32 N
                                          LONGITUDE: 100 25 W

  TEMPERATURE IN F:       :PCPN:    SNOW:  WIND      :SUNSHINE: SKY     :PK WND
================================================================================
1   2   3   4   5  6A  6B    7    8   9   10  11  12  13   14  15   16   17  18
                                     12Z  AVG MX 2MIN
DY MAX MIN AVG DEP HDD CDD  WTR  SNW DPTH SPD SPD DIR MIN PSBL S-S WX    SPD DR
================================================================================

 1  84  58  71   4   0   6 0.41  0.0    0 10.3 24 140   M    M   4 1      32 150
 2  84  53  69   2   0   4 0.00  0.0    0  4.9 12 230   M    M   0        14 240
 3  90  59  75   9   0  10 0.00  0.0    0  8.0 21 340   M    M   0 18     29 340
 4  73  51  62  -4   3   0 0.00  0.0    0 13.6 26 320   M    M   0        36 320
 5  72  43  58  -8   7   0 0.00  0.0    0  9.5 21 340   M    M   2        29 340
 6  77  42  60  -5   5   0 0.00  0.0    0  4.9  8 130   M    M   1        14 290
 7  86  45  66   1   0   1 0.00  0.0    0  4.3 18  70   M    M   0        23  70
 8  81  52  67   3   0   2 0.00  0.0    0 11.6 21 120   M    M   0        27 120
 9  85  57  71   7   0   6 0.00  0.0    0 12.0 26 150   M    M   0 1      33 140
10  87  57  72   9   0   7 0.00  0.0    0  7.2 13 130   M    M   0        16 130
11  85  64  75  12   0  10 0.00  0.0    0  9.9 17  60   M    M   1        24  60
12  97  63  80  18   0  15 0.00  0.0    0  4.7 12 160   M    M   0 13     14 190
13  83  55  69   7   0   4 0.00  0.0    0  6.5 20  80   M    M   6 18     27  70
14  80  58  69   7   0   4 0.01  0.0    0 11.7 23  70   M    M   2 8      30  90
15  61  51  56  -5   9   0 0.35  0.0    0 11.2 24  40   M    M  10 13     32  40
16  56  44  50 -11  15   0 0.04  0.0    0 11.4 20 320   M    M   9        26 330
17  64  38  51  -9  14   0 0.00  0.0    0  7.0 18 130   M    M   3 3      24 140
18  78  46  62   2   3   0 0.00  0.0    0  7.1 18  90   M    M   1 38     25 130
19  77  54  66   7   0   1 0.02  0.0    0 15.7 28 300   M    M   3 13     38 310
20  74  39  57  -2   8   0 0.00  0.0    0  9.2 20 310   M    M   0        26 310
21  88  51  70  12   0   5 0.00  0.0    0 15.7 33 170   M    M   0        41 170
22  65  51  58   0   7   0 0.00  0.0    0 16.9 24 340   M    M   8        33  30
================================================================================
SM 1727 1131        71  75  0.83     0.0 213.3          M       50
================================================================================
AV 78.5 51.4                               9.7 FASTST   M    M   2    MAX(MPH)
                                 MISC ---->  # 33 170               # 41  170
================================================================================
NOTES:
# LAST OF SEVERAL OCCURRENCES

COLUMN 17 PEAK WIND IN M.P.H.

PRELIMINARY LOCAL CLIMATOLOGICAL DATA (WS FORM: F-6) , PAGE 2

                                          STATION:  MOBRIDGE SD
                                          MONTH:    SEPTEMBER
                                          YEAR:     2017
                                          LATITUDE:   45 32 N
                                          LONGITUDE: 100 25 W

[TEMPERATURE DATA]      [PRECIPITATION DATA]       SYMBOLS USED IN COLUMN 16

AVERAGE MONTHLY: 65.0   TOTAL FOR MONTH:   0.83    1 = FOG OR MIST
DPTR FM NORMAL:   2.3   DPTR FM NORMAL:   -0.30    2 = FOG REDUCING VISIBILITY
HIGHEST:    97 ON 12    GRTST 24HR  0.41 ON  1- 1      TO 1/4 MILE OR LESS
LOWEST:     38 ON 17                               3 = THUNDER
                        SNOW, ICE PELLETS, HAIL    4 = ICE PELLETS
                        TOTAL MONTH:   0.0 INCH    5 = HAIL
                        GRTST 24HR     0.0         6 = FREEZING RAIN OR DRIZZLE
                        GRTST DEPTH:   0           7 = DUSTSTORM OR SANDSTORM:
                                                       VSBY 1/2 MILE OR LESS
                                                   8 = SMOKE OR HAZE
[NO. OF DAYS WITH]      [WEATHER - DAYS WITH]      9 = BLOWING SNOW
                                                   X = TORNADO
MAX 32 OR BELOW:   0    0.01 INCH OR MORE:   5
MAX 90 OR ABOVE:   2    0.10 INCH OR MORE:   2
MIN 32 OR BELOW:   0    0.50 INCH OR MORE:   0
MIN  0 OR BELOW:   0    1.00 INCH OR MORE:   0

[HDD (BASE 65) ]
TOTAL THIS MO.    71    CLEAR  (SCALE 0-3)  17
DPTR FM NORMAL   -37    PTCLDY (SCALE 4-7)   3
TOTAL FM JUL 1    77    CLOUDY (SCALE 8-10)  2
DPTR FM NORMAL   -64

[CDD (BASE 65) ]
TOTAL THIS MO.    75
DPTR FM NORMAL    19    [PRESSURE DATA]
TOTAL FM JAN 1   786    HIGHEST SLP M ON M
DPTR FM NORMAL   149    LOWEST  SLP 29.31 ON 19

[REMARKS]
