000
CXUS52 KMLB 271220
CF6MCO
PRELIMINARY LOCAL CLIMATOLOGICAL DATA (WS FORM: F-6)

                                          STATION:   ORLANDO INTL
                                          MONTH:     JANUARY
                                          YEAR:      2015
                                          LATITUDE:   28 25 N
                                          LONGITUDE:  81 19 W

  TEMPERATURE IN F:       :PCPN:    SNOW:  WIND      :SUNSHINE: SKY     :PK WND
================================================================================
1   2   3   4   5  6A  6B    7    8   9   10  11  12  13   14  15   16   17  18
                                     12Z  AVG MX 2MIN
DY MAX MIN AVG DEP HDD CDD  WTR  SNW DPTH SPD SPD DIR MIN PSBL S-S WX    SPD DR
================================================================================

 1  75  60  68   8   0   3    T  0.0    0  9.5 14  30   M    M  10 12     16 360
 2  79  61  70  10   0   5 0.00  0.0    0  5.7 13  60   M    M   9 12     15  50
 3  85  67  76  16   0  11 0.00  0.0    0  8.1 20 170   M    M   7 12     25 170
 4  85  67  76  16   0  11 0.00  0.0    0  8.7 20 190   M    M   5 12     27 200
 5  74  56  65   5   0   0    T  0.0    0  9.1 16 350   M    M   7        19  30
 6  79  56  68   8   0   3 0.00  0.0    0  5.7 15 290   M    M   7        18 310
 7  68  49  59  -1   6   0 0.00  0.0    0  9.3 24 340   M    M   3        30 340
 8  62  38  50 -10  15   0 0.00  0.0    0 16.6 28 360   M    M   4        36 350
 9  57  46  52  -8  13   0 0.00  0.0    0  7.6 15 320   M    M   7        19 330
10  69  44  57  -3   8   0 0.00  0.0    0 10.2 17  40   M    M   6        21  40
11  79  53  66   6   0   1 0.08  0.0    0  6.2 16 110   M    M   7 1      20  80
12  79  63  71  11   0   6 2.98  0.0    0  6.9 21  10   M    M   8 13     30 320
13  77  62  70  10   0   5 0.00  0.0    0  7.9 15  10   M    M   8 12     18  20
14  65  53  59  -1   6   0 0.00  0.0    0 12.1 16  20   M    M  10 1      19  20
15  63  53  58  -2   7   0 0.02  0.0    0  8.9 15 320   M    M  10 1      19 320
16  65  50  58  -2   7   0 0.01  0.0    0  8.2 16 350   M    M   6 1      20 350
17  74  48  61   1   4   0 0.00  0.0    0  6.7 17 100   M    M   4        20 100
18  71  54  63   3   2   0 0.00  0.0    0  7.7 21 290   M    M   6        26 320
19  71  45  58  -2   7   0 0.00  0.0    0  4.9 14  20   M    M   2 1      20  90
20  72  49  61   1   4   0 0.00  0.0    0  2.0 12 170   M    M   6 1      13 150
21  78  52  65   5   0   0 0.00  0.0    0  3.2 13  80   M    M   2 1      16  80
22  78  54  66   6   0   1 0.00  0.0    0  6.4 16  70   M    M   4 1      23  70
23  80  62  71  11   0   6 0.01  0.0    0 11.6 25 160   M    M   8        35 150
24  71  49  60   0   5   0 0.36  0.0    0 16.0 28 270   M    M   5 1      37 280
25  65  41  53  -7  12   0 0.00  0.0    0  4.8 15 340   M    M   4        18 340
26  67  51  59  -2   6   0 0.06  0.0    0 14.0 33 280   M    M   4 1      41 280
================================================================================
SM 1888 1383       102  52  3.52     0.0 218.0          M      159
================================================================================
AV 72.6 53.2                               8.4 FASTST   M    M   6    MAX(MPH)
                                 MISC ---->  # 33 280               # 41  280
================================================================================
NOTES:
# LAST OF SEVERAL OCCURRENCES

COLUMN 17 PEAK WIND IN M.P.H.

PRELIMINARY LOCAL CLIMATOLOGICAL DATA (WS FORM: F-6) , PAGE 2

                                          STATION:  ORLANDO INTL
                                          MONTH:    JANUARY
                                          YEAR:     2015
                                          LATITUDE:   28 25 N
                                          LONGITUDE:  81 19 W

[TEMPERATURE DATA]      [PRECIPITATION DATA]       SYMBOLS USED IN COLUMN 16

AVERAGE MONTHLY: 62.9   TOTAL FOR MONTH:   3.52    1 = FOG OR MIST
DPTR FM NORMAL:   2.9   DPTR FM NORMAL:    1.56    2 = FOG REDUCING VISIBILITY
HIGHEST:    85 ON  4, 3 GRTST 24HR  3.02 ON 11-12      TO 1/4 MILE OR LESS
LOWEST:     38 ON  8                               3 = THUNDER
                        SNOW, ICE PELLETS, HAIL    4 = ICE PELLETS
                        TOTAL MONTH:   0.0 INCH    5 = HAIL
                        GRTST 24HR     0.0         6 = FREEZING RAIN OR DRIZZLE
                        GRTST DEPTH:   0           7 = DUSTSTORM OR SANDSTORM:
                                                       VSBY 1/2 MILE OR LESS
                                                   8 = SMOKE OR HAZE
[NO. OF DAYS WITH]      [WEATHER - DAYS WITH]      9 = BLOWING SNOW
                                                   X = TORNADO
MAX 32 OR BELOW:   0    0.01 INCH OR MORE:   7
MAX 90 OR ABOVE:   0    0.10 INCH OR MORE:   2
MIN 32 OR BELOW:   0    0.50 INCH OR MORE:   1
MIN  0 OR BELOW:   0    1.00 INCH OR MORE:   1

[HDD (BASE 65) ]
TOTAL THIS MO.   102    CLEAR  (SCALE 0-3)   2
DPTR FM NORMAL   -61    PTCLDY (SCALE 4-7)  20
TOTAL FM JUL 1   278    CLOUDY (SCALE 8-10)  4
DPTR FM NORMAL   -76

[CDD (BASE 65) ]
TOTAL THIS MO.    52
DPTR FM NORMAL    23    [PRESSURE DATA]
TOTAL FM JAN 1    52    HIGHEST SLP M ON M
DPTR FM NORMAL    23    LOWEST  SLP 29.75 ON 24

[REMARKS]
