000
CXUS53 KDMX 290920
CF6MCW
PRELIMINARY LOCAL CLIMATOLOGICAL DATA (WS FORM: F-6)

                                          STATION:   MASON CITY IA
                                          MONTH:     JULY
                                          YEAR:      2015
                                          LATITUDE:   43  9 N
                                          LONGITUDE:  93 20 W

  TEMPERATURE IN F:       :PCPN:    SNOW:  WIND      :SUNSHINE: SKY     :PK WND
================================================================================
1   2   3   4   5  6A  6B    7    8   9   10  11  12  13   14  15   16   17  18
                                     12Z  AVG MX 2MIN
DY MAX MIN AVG DEP HDD CDD  WTR  SNW DPTH SPD SPD DIR MIN PSBL S-S WX    SPD DR
================================================================================

 1  66  50  58 -14   7   0 0.01  0.0    0  6.4 13  90   M    M   3        15  90
 2  74  45  60 -12   5   0 0.00  0.0    0  4.8 15 120   M    M   0 1      19 120
 3  78  51  65  -7   0   0 0.00  0.0    0  3.6 12 220   M    M   0        14 240
 4  81  58  70  -2   0   5 0.00  0.0    0  7.0 14 210   M    M   0        18 220
 5  86  58  72   0   0   7 0.00  0.0    0 12.0 22 170   M    M   0 1      29 170
 6  82  58  70  -2   0   5 0.30  0.0    0 12.8 28 260   M    M   6 138    36 250
 7  69  51  60 -12   5   0 0.00  0.0    0  9.0 17  10   M    M   3        23  30
 8  74  48  61 -11   4   0 0.00  0.0    0  4.3 13 170   M    M   4 1      17 170
 9  79  54  67  -5   0   2 0.00  0.0    0  6.6 13 200   M    M   1 1      17 170
10  83  59  71  -1   0   6 0.00  0.0    0  7.9 15 170   M    M   2 1      24 160
11  83  65  74   2   0   9 0.00  0.0    0  9.6 17 150   M    M   6        21 150
12  89  69  79   7   0  14 0.00  0.0    0 10.7 17 150   M    M   7 1      21 140
13  93  72  83  11   0  18 0.00  0.0    0  9.5 22 320   M    M   1 1      26 320
14  86  66  76   4   0  11 0.00  0.0    0  8.9 18 320   M    M   1        22 360
15  80  61  71  -1   0   6    T  0.0    0  6.8 14 180   M    M   2 18     19 200
16  82  67  75   3   0  10 0.82  0.0    0  9.5 17 170   M    M   7 1238   23 110
17  92  68  80   8   0  15 0.09  0.0    0  7.2 13 180   M    M   2 123    15 180
18  89  66  78   6   0  13    T  0.0    0  9.0 29 300   M    M   0        37 290
19  83  59  71  -1   0   6 0.00  0.0    0  6.0 14 270   M    M   0        18 280
20  82  59  71  -1   0   6 0.32  0.0    0 11.4 28 240   M    M   3 13     43 240
21  80  55  68  -4   0   3 0.00  0.0    0  3.9 14 290   M    M   1        17 290
22  81  55  68  -4   0   3 0.00  0.0    0  4.4 12 190   M    M   1 1      13 180
23  84  55  70  -2   0   5 0.00  0.0    0  6.9 15 160   M    M   1 12     22 180
24  87  66  77   5   0  12 4.13  0.0    0 11.6 30 170   M    M   3 123    36 170
25  87  64  76   4   0  11 0.00  0.0    0  4.9 12 210   M    M   0        14 220
26  82  68  75   4   0  10 0.44  0.0    0  7.4 17 270   M    M   4 138    22 280
27  78  71  75   4   0  10 0.00  0.0    0 10.2 20 130   M    M   5 1      26 120
28  78  65  72   1   0   7 0.52  0.0    0 10.4 28 250   M    M   6 13     36 240
================================================================================
SM 2288 1683        21 194  6.63     0.0 222.7          M       69
================================================================================
AV 81.7 60.1                               8.0 FASTST   M    M   2    MAX(MPH)
                                 MISC ---->  # 30 170               # 43  240
================================================================================
NOTES:
# LAST OF SEVERAL OCCURRENCES

COLUMN 17 PEAK WIND IN M.P.H.

PRELIMINARY LOCAL CLIMATOLOGICAL DATA (WS FORM: F-6) , PAGE 2

                                          STATION:  MASON CITY IA
                                          MONTH:    JULY
                                          YEAR:     2015
                                          LATITUDE:   43  9 N
                                          LONGITUDE:  93 20 W

[TEMPERATURE DATA]      [PRECIPITATION DATA]       SYMBOLS USED IN COLUMN 16

AVERAGE MONTHLY: 70.9   TOTAL FOR MONTH:   6.63    1 = FOG OR MIST
DPTR FM NORMAL:  -1.0   DPTR FM NORMAL:    2.36    2 = FOG REDUCING VISIBILITY
HIGHEST:    93 ON 13    GRTST 24HR  4.13 ON 24-24      TO 1/4 MILE OR LESS
LOWEST:     45 ON  2                               3 = THUNDER
                        SNOW, ICE PELLETS, HAIL    4 = ICE PELLETS
                        TOTAL MONTH:   0.0 INCH    5 = HAIL
                        GRTST 24HR     0.0         6 = FREEZING RAIN OR DRIZZLE
                        GRTST DEPTH:   0           7 = DUSTSTORM OR SANDSTORM:
                                                       VSBY 1/2 MILE OR LESS
                                                   8 = SMOKE OR HAZE
[NO. OF DAYS WITH]      [WEATHER - DAYS WITH]      9 = BLOWING SNOW
                                                   X = TORNADO
MAX 32 OR BELOW:   0    0.01 INCH OR MORE:   8
MAX 90 OR ABOVE:   2    0.10 INCH OR MORE:   6
MIN 32 OR BELOW:   0    0.50 INCH OR MORE:   3
MIN  0 OR BELOW:   0    1.00 INCH OR MORE:   1

[HDD (BASE 65) ]
TOTAL THIS MO.    21    CLEAR  (SCALE 0-3)  18
DPTR FM NORMAL    21    PTCLDY (SCALE 4-7)  10
TOTAL FM JUL 1    21    CLOUDY (SCALE 8-10)  0
DPTR FM NORMAL    21

[CDD (BASE 65) ]
TOTAL THIS MO.   194
DPTR FM NORMAL    -4    [PRESSURE DATA]
TOTAL FM JAN 1   360    HIGHEST SLP M ON M
DPTR FM NORMAL   -11    LOWEST  SLP 29.65 ON 13

[REMARKS]
