000
CXUS54 KMAF 211100
CF6MDD
PRELIMINARY LOCAL CLIMATOLOGICAL DATA (WS FORM: F-6)

                                          STATION:   Midland Airpark
                                          MONTH:     SEPTEMBER
                                          YEAR:      2014
                                          LATITUDE:   32  2 N
                                          LONGITUDE: 102  6 W

  TEMPERATURE IN F:       :PCPN:    SNOW:  WIND      :SUNSHINE: SKY     :PK WND
================================================================================
1   2   3   4   5  6A  6B    7    8   9   10  11  12  13   14  15   16   17  18
                                     12Z  AVG MX 2MIN
DY MAX MIN AVG DEP HDD CDD  WTR  SNW DPTH SPD SPD DIR MIN PSBL S-S WX    SPD DR
================================================================================

 1 104  78  91   M   0  26 0.00  0.0    0 12.1 17 160   M    M   1        24 160
 2 102  77  90   M   0  25 0.00  0.0    0 13.0 17 150   M    M   0        23 140
 3  93  75  84   M   0  19 0.00  0.0    0 13.6 20 160   M    M   1        25 180
 4  89  71  80   M   0  15 0.00  0.0    0 16.7 25 180   M    M   0        33 180
 5  83  71  77   M   0  12 0.28  0.0    M 11.5 22 180   M    M   5        25 180
 6  74  64  69   M   0   4 0.05  0.0    0 11.4 16  40   M    M  10 3      21  50
 7  77  63  70   M   0   5 0.11  0.0    0  6.8 13  40   M    M   8 1       M  M
 8  89  67  78   M   0  13 0.00  0.0    0  6.8 12 170   M    M   2 12     20 180
 9  97  71  84   M   0  19 0.00  0.0    0 10.7 16 190   M    M   0        25 210
10  99  75  87   M   0  22 0.00  0.0    0 10.9 23  50   M    M   0        29  50
11  85  71  78   M   0  13 0.00  0.0    M 12.0 15  40   M    M   0        22  60
12  75  52  64   M   1   0 0.33  0.0    0 14.7 23  60   M    M  10 13     30  50
13  52  50  51   M  14   0 0.00  0.0    0 13.4 21  50   M    M  10 1      27  50
14  70  70  70   M   0   5 0.00  0.0    M 10.4 10 190   M    M   8         M  M
15  78  77  78   M   0  13 0.00  0.0    M  6.9  8 190   M    M   9         M  M
16  83  70  77   M   0  12 0.00  0.0    0  1.7  4 160   M    M   7         M  M
17  90  66  78   M   0  13 0.36  0.0    M 18.0 21  50   M    M  10 3      25  50
18  79  64  72   M   0   7 0.56  0.0    0  7.3 22  90   M    M   8 3      43  90
19  78  70  74   M   0   9 0.09  0.0    M  7.2 12 110   M    M  10        17 110
20  83  78  81   M   0  16 0.00  0.0    M  6.9 10 130   M    M   6 3       M  M
================================================================================
SM 1680 1380        15 248  1.78     0.0 212.0          M      105
================================================================================
AV 84.0 69.0                              10.6 FASTST   M    M   5    MAX(MPH)
                                 MISC ---->    25   M                 43    M
================================================================================
NOTES:
# LAST OF SEVERAL OCCURRENCES

COLUMN 17 PEAK WIND IN M.P.H.

PRELIMINARY LOCAL CLIMATOLOGICAL DATA (WS FORM: F-6) , PAGE 2

                                          STATION:  Midland Airpark
                                          MONTH:    SEPTEMBER
                                          YEAR:     2014
                                          LATITUDE:   32  2 N
                                          LONGITUDE: 102  6 W

[TEMPERATURE DATA]      [PRECIPITATION DATA]       SYMBOLS USED IN COLUMN 16

AVERAGE MONTHLY: 76.5   TOTAL FOR MONTH:   1.78    1 = FOG OR MIST
DPTR FM NORMAL:     M   DPTR FM NORMAL:       M    2 = FOG REDUCING VISIBILITY
HIGHEST:   104 ON  1    GRTST 24HR  0.56 ON 18-18      TO 1/4 MILE OR LESS
LOWEST:     50 ON 13                               3 = THUNDER
                        SNOW, ICE PELLETS, HAIL    4 = ICE PELLETS
                        TOTAL MONTH:   0.0 INCH    5 = HAIL
                        GRTST 24HR     0.0         6 = FREEZING RAIN OR DRIZZLE
                        GRTST DEPTH:   0           7 = DUSTSTORM OR SANDSTORM:
                                                       VSBY 1/2 MILE OR LESS
                                                   8 = SMOKE OR HAZE
[NO. OF DAYS WITH]      [WEATHER - DAYS WITH]      9 = BLOWING SNOW
                                                   X = TORNADO
MAX 32 OR BELOW:   0    0.01 INCH OR MORE:   7
MAX 90 OR ABOVE:   6    0.10 INCH OR MORE:   5
MIN 32 OR BELOW:   0    0.50 INCH OR MORE:   1
MIN  0 OR BELOW:   0    1.00 INCH OR MORE:   0

[HDD (BASE 65) ]
TOTAL THIS MO.    15    CLEAR  (SCALE 0-3)   8
DPTR FM NORMAL     M    PTCLDY (SCALE 4-7)   6
TOTAL FM JUL 1    15    CLOUDY (SCALE 8-10)  6
DPTR FM NORMAL     M

[CDD (BASE 65) ]
TOTAL THIS MO.   248
DPTR FM NORMAL     M    [PRESSURE DATA]
TOTAL FM JAN 1  2523    HIGHEST SLP M ON M
DPTR FM NORMAL     M    LOWEST  SLP M ON M

[REMARKS]
