000
CXUS53 KPAH 230631
CF6MDH
PRELIMINARY LOCAL CLIMATOLOGICAL DATA (WS FORM: F-6)

                                          STATION:   CARBONDALE IL
                                          MONTH:     FEBRUARY
                                          YEAR:      2018
                                          LATITUDE:   37 46 N
                                          LONGITUDE:  89 15 W

  TEMPERATURE IN F:       :PCPN:    SNOW:  WIND      :SUNSHINE: SKY     :PK WND
================================================================================
1   2   3   4   5  6A  6B    7    8   9   10  11  12  13   14  15   16   17  18
                                     12Z  AVG MX 2MIN
DY MAX MIN AVG DEP HDD CDD  WTR  SNW DPTH SPD SPD DIR MIN PSBL S-S WX    SPD DR
================================================================================

 1  48  19  34   0  31   0 0.01    M    M 10.4 21 340   M    M   4 1      29 330
 2  27  12  20 -14  45   0 0.00    M    M  6.6 17 340   M    M   0        24 330
 3  41  20  31  -3  34   0 0.03    M    0  9.4 20 210   M    M   8        24 210
 4  42  18  30  -4  35   0 0.02    M    M 13.6 22 340   M    M   8 1      34 330
 5  33   5  19 -16  46   0    T    M    M  5.5 15 150   M    M   3        19 140
 6  30  24  27  -8  38   0    M    M    M  7.9 17 340   M    M  10 16     24 350
 7  33  19  26  -9  39   0    M  0.0    0  9.3 18 340   M    M   4 16     26 350
 8  43  15  29  -6  36   0 0.00  0.0    0  6.0 14 160   M    M   0 1      18 190
 9  60  36  48  12  17   0 0.00  0.0    0 11.5 21 200   M    M   3        29 220
10  37  28  33  -3  32   0 0.00  0.0    0  9.5 17 340   M    M  10 18     23 330
11  28  22  25 -11  40   0    M    M    0 10.0 20 330   M    M  10 16     27 320
12  38  16  27  -9  38   0 0.00  0.0    0  7.3 13  30   M    M   0        19  40
13  47  19  33  -3  32   0 0.00  0.0    0  6.1 13 190   M    M   2 1      15 190
14  57   M   M   M   M   M    M  0.0    0 15.5 21 210   M    M   7 1      36 210
15  72  57  65  28   0   0    T  0.0    0 20.8 35 210   M    M   5        46 210
16  62  31  47  10  18   0    M    M    0 10.6 25 340   M    M   9 1      37 340
17  42  29  36  -2  29   0    M    M    0  3.9 12 250   M    M   7 12     16 220
18  54  24  39   1  26   0 0.00  0.0    0  8.5 21 210   M    M   4 12     30 200
19  71  52  62  24   3   0    M    M    0 22.5 37 200   M    M   8 1      51 210
20  75  40  58  19   7   0    T    M    0 22.7 39 200   M    M   7 13     52 200
21  40  33  37  -2  28   0    M  0.0    0 11.3 21 350   M    M  10 1      30 360
22  48  37  43   4  22   0    M  0.0    0  5.5 17 340   M    M  10 1      33 100
================================================================================
SM 1028  556       596   0  0.06     0.0 234.4          M      129
================================================================================
AV 46.7 26.5                              10.7 FASTST   M    M   6    MAX(MPH)
                                 MISC ---->  # 39 200               # 52  200
================================================================================
NOTES:
# LAST OF SEVERAL OCCURRENCES

COLUMN 17 PEAK WIND IN M.P.H.

PRELIMINARY LOCAL CLIMATOLOGICAL DATA (WS FORM: F-6) , PAGE 2

                                          STATION:  CARBONDALE IL
                                          MONTH:    FEBRUARY
                                          YEAR:     2018
                                          LATITUDE:   37 46 N
                                          LONGITUDE:  89 15 W

[TEMPERATURE DATA]      [PRECIPITATION DATA]       SYMBOLS USED IN COLUMN 16

AVERAGE MONTHLY: 36.6   TOTAL FOR MONTH:   0.06    1 = FOG OR MIST
DPTR FM NORMAL:   0.3   DPTR FM NORMAL:   -2.12    2 = FOG REDUCING VISIBILITY
HIGHEST:    75 ON 20    GRTST 24HR  0.03 ON  3- 3      TO 1/4 MILE OR LESS
LOWEST:      5 ON  5                               3 = THUNDER
                        SNOW, ICE PELLETS, HAIL    4 = ICE PELLETS
                        TOTAL MONTH:   0.0 INCH    5 = HAIL
                        GRTST 24HR     0.0         6 = FREEZING RAIN OR DRIZZLE
                        GRTST DEPTH:   0           7 = DUSTSTORM OR SANDSTORM:
                                                       VSBY 1/2 MILE OR LESS
                                                   8 = SMOKE OR HAZE
[NO. OF DAYS WITH]      [WEATHER - DAYS WITH]      9 = BLOWING SNOW
                                                   X = TORNADO
MAX 32 OR BELOW:   3    0.01 INCH OR MORE:   3
MAX 90 OR ABOVE:   0    0.10 INCH OR MORE:   0
MIN 32 OR BELOW:  15    0.50 INCH OR MORE:   0
MIN  0 OR BELOW:   0    1.00 INCH OR MORE:   0

[HDD (BASE 65) ]
TOTAL THIS MO.   596    CLEAR  (SCALE 0-3)   6
DPTR FM NORMAL   -36    PTCLDY (SCALE 4-7)   9
TOTAL FM JUL 1  3465    CLOUDY (SCALE 8-10)  7
DPTR FM NORMAL    76

[CDD (BASE 65) ]
TOTAL THIS MO.     0
DPTR FM NORMAL     0    [PRESSURE DATA]
TOTAL FM JAN 1     0    HIGHEST SLP M ON M
DPTR FM NORMAL     0    LOWEST  SLP 29.77 ON 15

[REMARKS]
