000
CXUS53 KPAH 240632
CF6MDH
PRELIMINARY LOCAL CLIMATOLOGICAL DATA (WS FORM: F-6)

                                          STATION:   CARBONDALE IL
                                          MONTH:     JUNE
                                          YEAR:      2017
                                          LATITUDE:   37 46 N
                                          LONGITUDE:  89 15 W

  TEMPERATURE IN F:       :PCPN:    SNOW:  WIND      :SUNSHINE: SKY     :PK WND
================================================================================
1   2   3   4   5  6A  6B    7    8   9   10  11  12  13   14  15   16   17  18
                                     12Z  AVG MX 2MIN
DY MAX MIN AVG DEP HDD CDD  WTR  SNW DPTH SPD SPD DIR MIN PSBL S-S WX    SPD DR
================================================================================

 1  84  61  73   2   0   8 0.00  0.0    0  4.0 13 130   M    M   3        16 130
 2  88  62  75   4   0  10 0.00  0.0    0  2.7 10 230   M    M   3 1      13 130
 3  88  64  76   4   0  11 0.00  0.0    0  3.3 16 160   M    M   2 1      20 160
 4  83  70  77   5   0  12 1.23  0.0    0  3.1 17 150   M    M   7 13     23 160
 5  86  69  78   6   0  13 0.01  0.0    0  2.3  9 210   M    M   3 1      11  30
 6  81  61  71  -1   0   6 0.00  0.0    0  8.6 18  50   M    M   0 1      26  50
 7  79  55  67  -6   0   2 0.00  0.0    0  7.2 17 360   M    M   1        24 350
 8  79  53  66  -7   0   1 0.00  0.0    0  4.5 15  70   M    M   0        18  30
 9  83  55  69  -4   0   4 0.00  0.0    0  5.3 16 200   M    M   0        21 220
10  86  57  72  -2   0   7 0.00  0.0    0  8.0 21 200   M    M   0 8      30 190
11  90  63  77   3   0  12 0.00  0.0    0  9.8 23 210   M    M   1        28 210
12  90  68  79   5   0  14 0.00  0.0    0  8.8 20 210   M    M   2        27 200
13  93  72  83   9   0  18 0.00  0.0    0  8.5 17 230   M    M   1        24 220
14  93  72  83   8   0  18    T  0.0    0 11.1 20 210   M    M   1 3      26 180
15  88  67  78   3   0  13 0.13  0.0    0  5.0 32 330   M    M   4 13     41 330
16  91  66  79   4   0  14    T  0.0    0  5.2 26 220   M    M   1 13     31 220
17  87  65  76   1   0  11 0.00  0.0    0  8.4 18 160   M    M   0        24 160
18  83  65  74  -2   0   9 0.80    M    0  6.5 25 300   M    M   5 13     41 300
19  86  61  74  -2   0   9 0.00  0.0    0  5.6 14 290   M    M   0        20 280
20  88  62  75  -1   0  10 0.00  0.0    0  3.6 12 220   M    M   0        18 220
21  91  66  79   3   0  14 0.00  0.0    0  7.9 16 240   M    M   0        21 220
22  81  71  76   0   0  11 0.22  0.0    0  8.8 20 160   M    M   5 1      25 170
23  86  65  76  -1   0  11 0.80  0.0    0  6.9 18 360   M    M   6 13     30 350
================================================================================
SM 1984 1470         0 238  3.19     0.0 145.1          M       45
================================================================================
AV 86.3 63.9                               6.3 FASTST   M    M   2    MAX(MPH)
                                 MISC ---->  # 32 330               # 41  330
================================================================================
NOTES:
# LAST OF SEVERAL OCCURRENCES

COLUMN 17 PEAK WIND IN M.P.H.

PRELIMINARY LOCAL CLIMATOLOGICAL DATA (WS FORM: F-6) , PAGE 2

                                          STATION:  CARBONDALE IL
                                          MONTH:    JUNE
                                          YEAR:     2017
                                          LATITUDE:   37 46 N
                                          LONGITUDE:  89 15 W

[TEMPERATURE DATA]      [PRECIPITATION DATA]       SYMBOLS USED IN COLUMN 16

AVERAGE MONTHLY: 75.1   TOTAL FOR MONTH:   3.19    1 = FOG OR MIST
DPTR FM NORMAL:   1.1   DPTR FM NORMAL:   -0.09    2 = FOG REDUCING VISIBILITY
HIGHEST:    93 ON 14,13 GRTST 24HR  1.23 ON  4- 4      TO 1/4 MILE OR LESS
LOWEST:     53 ON  8                               3 = THUNDER
                        SNOW, ICE PELLETS, HAIL    4 = ICE PELLETS
                        TOTAL MONTH:   0.0 INCH    5 = HAIL
                        GRTST 24HR     0.0         6 = FREEZING RAIN OR DRIZZLE
                        GRTST DEPTH:   0           7 = DUSTSTORM OR SANDSTORM:
                                                       VSBY 1/2 MILE OR LESS
                                                   8 = SMOKE OR HAZE
[NO. OF DAYS WITH]      [WEATHER - DAYS WITH]      9 = BLOWING SNOW
                                                   X = TORNADO
MAX 32 OR BELOW:   0    0.01 INCH OR MORE:   6
MAX 90 OR ABOVE:   6    0.10 INCH OR MORE:   5
MIN 32 OR BELOW:   0    0.50 INCH OR MORE:   3
MIN  0 OR BELOW:   0    1.00 INCH OR MORE:   1

[HDD (BASE 65) ]
TOTAL THIS MO.     0    CLEAR  (SCALE 0-3)  17
DPTR FM NORMAL    -1    PTCLDY (SCALE 4-7)   6
TOTAL FM JUL 1  3686    CLOUDY (SCALE 8-10)  0
DPTR FM NORMAL  -788

[CDD (BASE 65) ]
TOTAL THIS MO.   238
DPTR FM NORMAL    26    [PRESSURE DATA]
TOTAL FM JAN 1   394    HIGHEST SLP M ON M
DPTR FM NORMAL    46    LOWEST  SLP 29.66 ON 23

[REMARKS]
