000
CXUS53 KARX 210930
CF6MDZ
PRELIMINARY LOCAL CLIMATOLOGICAL DATA (WS FORM: F-6)

                                          STATION:   MEDFORD WI
                                          MONTH:     OCTOBER
                                          YEAR:      2017
                                          LATITUDE:   45  5 N
                                          LONGITUDE:  90 18 W

  TEMPERATURE IN F:       :PCPN:    SNOW:  WIND      :SUNSHINE: SKY     :PK WND
================================================================================
1   2   3   4   5  6A  6B    7    8   9   10  11  12  13   14  15   16   17  18
                                     12Z  AVG MX 2MIN
DY MAX MIN AVG DEP HDD CDD  WTR  SNW DPTH SPD SPD DIR MIN PSBL S-S WX    SPD DR
================================================================================

 1  68  45  57   M   8   0 0.01  0.0    0 10.3 18 160   M    M   6        23 160
 2  71  51  61   M   4   0 0.08  0.0    0  9.0 14 170   M    M   7 3      21 160
 3  73  54  64   M   1   0 0.36  0.0    0 11.3 17 180   M    M   8 3      25 190
 4  58  40  49   M  16   0 0.00  0.0    0  6.9 15 280   M    M   2 12     25 290
 5  59  39  49   M  16   0 0.00  0.0    0  3.4  9 220   M    M   8         M  M
 6  60  42  51   M  14   0 0.41  0.0    0  3.6 10  70   M    M  10 12     18  80
 7  65  52  59   M   6   0 1.05  0.0    0  7.3 15 180   M    M   9 1      21 190
 8  73  42  58   M   7   0 0.00  0.0    0  7.3 17 180   M    M   3 1      25 190
 9  62  44  53   M  12   0 0.00  0.0    0  8.5 12 320   M    M   3         M  M
10  52  32  42   M  23   0 0.00  0.0    0  6.2 10  10   M    M   1         M  M
11  61  37  49   M  16   0 0.00  0.0    0  6.3  9  70   M    M   4        16 110
12  53  49  51   M  14   0 0.01  0.0    0  6.2 12 160   M    M  10 1      16 160
13  57  36  47   M  18   0    T  0.0    0  4.1  8 210   M    M   6 1       M  M
14  54  35  45   M  20   0 0.17  0.0    0  9.1 16  80   M    M   6        23  80
15  48  37  43   M  22   0 0.02  0.0    0  9.2 17 350   M    M   8        27 350
16  56  32  44   M  21   0 0.00  0.0    0  6.2 17 240   M    M   1        23 240
17  68  39  54   M  11   0 0.00  0.0    0  6.3  9 200   M    M   0         M  M
18  70  43  57   M   8   0 0.00  0.0    0 11.2 20 200   M    M   0        29 190
19  66  38  52   M  13   0 0.00  0.0    0  6.2 10 190   M    M   0         M  M
20  74  43  59   M   6   0 0.00  0.0    0  9.4 14 160   M    M   0        20 190
================================================================================
SM 1248  830       256   0  2.11     0.0 148.0          M       92
================================================================================
AV 62.4 41.5                               7.4 FASTST   M    M   5    MAX(MPH)
                                 MISC ---->  # 20 200               # 29  190
================================================================================
NOTES:
# LAST OF SEVERAL OCCURRENCES

COLUMN 17 PEAK WIND IN M.P.H.

PRELIMINARY LOCAL CLIMATOLOGICAL DATA (WS FORM: F-6) , PAGE 2

                                          STATION:  MEDFORD WI
                                          MONTH:    OCTOBER
                                          YEAR:     2017
                                          LATITUDE:   45  5 N
                                          LONGITUDE:  90 18 W

[TEMPERATURE DATA]      [PRECIPITATION DATA]       SYMBOLS USED IN COLUMN 16

AVERAGE MONTHLY: 52.0   TOTAL FOR MONTH:   2.11    1 = FOG OR MIST
DPTR FM NORMAL:     M   DPTR FM NORMAL:       M    2 = FOG REDUCING VISIBILITY
HIGHEST:    74 ON 20    GRTST 24HR  1.05 ON  7- 7      TO 1/4 MILE OR LESS
LOWEST:     32 ON 16,10                            3 = THUNDER
                        SNOW, ICE PELLETS, HAIL    4 = ICE PELLETS
                        TOTAL MONTH:   0.0 INCH    5 = HAIL
                        GRTST 24HR     0.0         6 = FREEZING RAIN OR DRIZZLE
                        GRTST DEPTH:   0           7 = DUSTSTORM OR SANDSTORM:
                                                       VSBY 1/2 MILE OR LESS
                                                   8 = SMOKE OR HAZE
[NO. OF DAYS WITH]      [WEATHER - DAYS WITH]      9 = BLOWING SNOW
                                                   X = TORNADO
MAX 32 OR BELOW:   0    0.01 INCH OR MORE:   8
MAX 90 OR ABOVE:   0    0.10 INCH OR MORE:   4
MIN 32 OR BELOW:   2    0.50 INCH OR MORE:   1
MIN  0 OR BELOW:   0    1.00 INCH OR MORE:   1

[HDD (BASE 65) ]
TOTAL THIS MO.   256    CLEAR  (SCALE 0-3)   8
DPTR FM NORMAL     M    PTCLDY (SCALE 4-7)   7
TOTAL FM JUL 1   614    CLOUDY (SCALE 8-10)  5
DPTR FM NORMAL     M

[CDD (BASE 65) ]
TOTAL THIS MO.     0
DPTR FM NORMAL     M    [PRESSURE DATA]
TOTAL FM JAN 1   193    HIGHEST SLP M ON M
DPTR FM NORMAL     M    LOWEST  SLP M ON M

[REMARKS]
