000
CXUS53 KARX 012104
CF6MDZ
PRELIMINARY LOCAL CLIMATOLOGICAL DATA (WS FORM: F-6)

                                          STATION:   MEDFORD WI
                                          MONTH:     AUGUST
                                          YEAR:      2015
                                          LATITUDE:   45  5 N
                                          LONGITUDE:  90 18 W

  TEMPERATURE IN F:       :PCPN:    SNOW:  WIND      :SUNSHINE: SKY     :PK WND
================================================================================
1   2   3   4   5  6A  6B    7    8   9   10  11  12  13   14  15   16   17  18
                                     12Z  AVG MX 2MIN
DY MAX MIN AVG DEP HDD CDD  WTR  SNW DPTH SPD SPD DIR MIN PSBL S-S WX    SPD DR
================================================================================

 1  78  50  64   M   1   0 0.00  0.0    0  5.9 12 270   M    M   1 3      20 260
 2  80  58  69   M   0   4 0.01  0.0    0  8.9 18 330   M    M   5 3      23 330
 3  71  51  61   M   4   0 0.00  0.0    0  7.1 13 280   M    M   6        21 300
 4  73  50  62   M   3   0 0.00  0.0    0  5.9 17 330   M    M   4        23 330
 5  75  48  62   M   3   0 0.00  0.0    0  2.4  6  90   M    M   3         M  M
 6  75  53  64   M   1   0 0.01  0.0    0  5.6  9 160   M    M   5         M  M
 7  65  60  63   M   2   0 0.90  0.0    0  7.0 10 140   M    M  10 1      16 140
 8  68  58  63   M   2   0 0.00  0.0    0  3.9  8 150   M    M   8 1       M  M
 9  77  58  68   M   0   3 0.26  0.0    0  2.8  7 270   M    M   9 123     M  M
10  77  57  67   M   0   2 0.11  0.0    0  6.0 15 350   M    M   5 12     18 330
11  76  49  63   M   2   0 0.00  0.0    0  6.1 12 360   M    M   2 1      20 340
12  78  47  63   M   2   0 0.00  0.0    0  4.4 10 230   M    M   1 1       M  M
13  79  64  72   M   0   7 0.00  0.0    0  7.0 13 220   M    M   4        18 220
14  86  60  73   M   0   8 0.00  0.0    0  4.4  9 270   M    M   1 12      M  M
15  85  57  71   M   0   6 0.00  0.0    0  1.8  6 240   M    M   2 1       M  M
16  82  67  75   M   0  10 0.38  0.0    0  8.2 14 210   M    M   4 3      21 200
17  69  59  64   M   1   0 1.21  0.0    0  3.5 12 360   M    M   9 13      M  M
18  64  60  62   M   3   0 0.18  0.0    0  8.1 13 100   M    M  10        23 100
19  65  55  60   M   5   0 0.09  0.0    0  9.9 18 210   M    M  10 1      27 210
20  61  46  54   M  11   0 0.03  0.0    0  8.2 17 290   M    M   7 1      24 290
21  73  42  58   M   7   0    T  0.0    0  6.4 14 180   M    M   4 1      18 150
22  76  56  66   M   0   1 0.00  0.0    0 12.9 23 170   M    M   1        30 170
23  65  53  59   M   6   0 0.14  0.0    0 11.3 16 270   M    M   9 13     24 270
24  56  49  53   M  12   0 0.02  0.0    0 11.7 18 300   M    M  10 1      31 290
25  57  49  53   M  12   0 0.00  0.0    0  7.9 13 290   M    M  10        18 300
26  70  46  58   M   7   0 0.00  0.0    0  3.6  8 300   M    M   4 1       M  M
27  72  41  57   M   8   0 0.00  0.0    0  4.0 10 190   M    M   3 1      16 200
28  64  52  58   M   7   0 0.09  0.0    0  5.8 10 180   M    M   7        17 210
29  70  50  60   M   5   0 0.00  0.0    0  3.0  7 160   M    M   5 1       M  M
30  74  48  61   M   4   0 0.00  0.0    0  5.5 12 180   M    M   5 12     16 210
31  75  58  67   M   0   2 0.00  0.0    0  6.0 12 210   M    M   7 12     17 210
================================================================================
SM 2236 1651       108  43  3.43     0.0 195.2          M      171
================================================================================
AV 72.1 53.3                               6.3 FASTST   M    M   6    MAX(MPH)
                                 MISC ---->  # 23 170                 31    M
================================================================================
NOTES:
# LAST OF SEVERAL OCCURRENCES

COLUMN 17 PEAK WIND IN M.P.H.

PRELIMINARY LOCAL CLIMATOLOGICAL DATA (WS FORM: F-6) , PAGE 2

                                          STATION:  MEDFORD WI
                                          MONTH:    AUGUST
                                          YEAR:     2015
                                          LATITUDE:   45  5 N
                                          LONGITUDE:  90 18 W

[TEMPERATURE DATA]      [PRECIPITATION DATA]       SYMBOLS USED IN COLUMN 16

AVERAGE MONTHLY: 62.7   TOTAL FOR MONTH:   3.43    1 = FOG OR MIST
DPTR FM NORMAL:     M   DPTR FM NORMAL:       M    2 = FOG REDUCING VISIBILITY
HIGHEST:    86 ON 14    GRTST 24HR  1.21 ON 17-17      TO 1/4 MILE OR LESS
LOWEST:     41 ON 27                               3 = THUNDER
                        SNOW, ICE PELLETS, HAIL    4 = ICE PELLETS
                        TOTAL MONTH:   0.0 INCH    5 = HAIL
                        GRTST 24HR     0.0         6 = FREEZING RAIN OR DRIZZLE
                        GRTST DEPTH:   0           7 = DUSTSTORM OR SANDSTORM:
                                                       VSBY 1/2 MILE OR LESS
                                                   8 = SMOKE OR HAZE
[NO. OF DAYS WITH]      [WEATHER - DAYS WITH]      9 = BLOWING SNOW
                                                   X = TORNADO
MAX 32 OR BELOW:   0    0.01 INCH OR MORE:  13
MAX 90 OR ABOVE:   0    0.10 INCH OR MORE:   7
MIN 32 OR BELOW:   0    0.50 INCH OR MORE:   2
MIN  0 OR BELOW:   0    1.00 INCH OR MORE:   1

[HDD (BASE 65) ]
TOTAL THIS MO.   108    CLEAR  (SCALE 0-3)   7
DPTR FM NORMAL     M    PTCLDY (SCALE 4-7)  15
TOTAL FM JUL 1   158    CLOUDY (SCALE 8-10)  9
DPTR FM NORMAL     M

[CDD (BASE 65) ]
TOTAL THIS MO.    43
DPTR FM NORMAL     M    [PRESSURE DATA]
TOTAL FM JAN 1   136    HIGHEST SLP M ON M
DPTR FM NORMAL     M    LOWEST  SLP M ON M

[REMARKS]
#FINAL-08-15#
