000
CXUS54 KMEG 240639
CF6MEG
PRELIMINARY LOCAL CLIMATOLOGICAL DATA (WS FORM: F-6)

                                          STATION:   MEMPHIS/GERMANTOWN WFO
                                          MONTH:     APRIL
                                          YEAR:      2014
                                          LATITUDE:   35  7 N
                                          LONGITUDE:  89 48 W

  TEMPERATURE IN F:       :PCPN:    SNOW:  WIND      :SUNSHINE: SKY     :PK WND
================================================================================
1   2   3   4   5  6A  6B    7    8   9   10  11  12  13   14  15   16   17  18
                                     12Z  AVG MX 2MIN
DY MAX MIN AVG DEP HDD CDD  WTR  SNW DPTH SPD SPD DIR MIN PSBL S-S WX    SPD DR
================================================================================

 1  78  57  68  12   0   3 0.00  0.0    0   M   M   M   M    M   M         M  M
 2  81  62  72  16   0   7 0.00  0.0    0   M   M   M   M    M   M         M  M
 3  82  68  75  18   0  10 0.02  0.0    0   M   M   M   M    M   M         M  M
 4  74  47  61   4   4   0 0.84  0.0    0   M   M   M   M    M   M 3       M  M
 5  56  40  48  -9  17   0 0.00  0.0    0   M   M   M   M    M   M         M  M
 6  61  41  51  -7  14   0 0.60  0.0    0   M   M   M   M    M   M         M  M
 7  53  42  48 -10  17   0 0.11  0.0    0   M   M   M   M    M   M         M  M
 8  63  40  52  -6  13   0 0.03  0.0    0   M   M   M   M    M   M         M  M
 9  67  39  53  -5  12   0 0.00  0.0    0   M   M   M   M    M   M         M  M
10  78  51  65   6   0   0 0.00  0.0    0   M   M   M   M    M   M         M  M
11  77  60  69  10   0   4 0.00  0.0    0   M   M   M   M    M   M         M  M
12  80  58  69  10   0   4 0.00  0.0    0   M   M   M   M    M   M         M  M
13  77  65  71  11   0   6 0.14  0.0    0   M   M   M   M    M   M 3       M  M
14  65  40  53  -7  12   0 1.15  0.0    0   M   M   M   M    M   M         M  M
15  51  34  43 -17  22   0 0.00  0.0    0   M   M   M   M    M   M         M  M
16  65  32  49 -12  16   0 0.00  0.0    0   M   M   M   M    M   M         M  M
17  72  38  55  -6  10   0 0.00  0.0    0   M   M   M   M    M   M         M  M
18  73  52  63   2   2   0 0.00  0.0    0   M   M   M   M    M   M         M  M
19  79  49  64   2   1   0 0.00  0.0    0   M   M   M   M    M   M         M  M
20  83  49  66   4   0   1 0.00  0.0    0   M   M   M   M    M   M         M  M
21  78  59  69   7   0   4 0.02  0.0    0   M   M   M   M    M   M         M  M
22  78  50  64   2   1   0    T  0.0    0   M   M   M   M    M   M         M  M
23  78  45  62  -1   3   0 0.00  0.0    0   M   M   M   M    M   M         M  M
================================================================================
SM 1649 1118       144  39  2.91     0.0     M          M        M
================================================================================
AV 71.7 48.6                                 M FASTST   M    M   3    MAX(MPH)
                                 MISC ---->     M   M                  M    M
================================================================================
NOTES:
# LAST OF SEVERAL OCCURRENCES

COLUMN 17 PEAK WIND IN M.P.H.

PRELIMINARY LOCAL CLIMATOLOGICAL DATA (WS FORM: F-6) , PAGE 2

                                          STATION:  MEMPHIS/GERMANTOWN WFO
                                          MONTH:    APRIL
                                          YEAR:     2014
                                          LATITUDE:   35  7 N
                                          LONGITUDE:  89 48 W

[TEMPERATURE DATA]      [PRECIPITATION DATA]       SYMBOLS USED IN COLUMN 16

AVERAGE MONTHLY: 60.2   TOTAL FOR MONTH:   2.91    1 = FOG OR MIST
DPTR FM NORMAL:   0.8   DPTR FM NORMAL:   -1.11    2 = FOG REDUCING VISIBILITY
HIGHEST:    83 ON 20    GRTST 24HR  1.15 ON 14-14      TO 1/4 MILE OR LESS
LOWEST:     32 ON 16                               3 = THUNDER
                        SNOW, ICE PELLETS, HAIL    4 = ICE PELLETS
                        TOTAL MONTH:   0.0 INCH    5 = HAIL
                        GRTST 24HR     0.0         6 = FREEZING RAIN OR DRIZZLE
                        GRTST DEPTH:   0           7 = DUSTSTORM OR SANDSTORM:
                                                       VSBY 1/2 MILE OR LESS
                                                   8 = SMOKE OR HAZE
[NO. OF DAYS WITH]      [WEATHER - DAYS WITH]      9 = BLOWING SNOW
                                                   X = TORNADO
MAX 32 OR BELOW:   0    0.01 INCH OR MORE:   8
MAX 90 OR ABOVE:   0    0.10 INCH OR MORE:   5
MIN 32 OR BELOW:   1    0.50 INCH OR MORE:   3
MIN  0 OR BELOW:   0    1.00 INCH OR MORE:   1

[HDD (BASE 65) ]
TOTAL THIS MO.   144    CLEAR  (SCALE 0-3)   0
DPTR FM NORMAL   -21    PTCLDY (SCALE 4-7)   0
TOTAL FM JUL 1  3670    CLOUDY (SCALE 8-10)  0
DPTR FM NORMAL   323

[CDD (BASE 65) ]
TOTAL THIS MO.    39
DPTR FM NORMAL     3    [PRESSURE DATA]
TOTAL FM JAN 1    41    HIGHEST SLP M ON M
DPTR FM NORMAL    -7    LOWEST  SLP M ON M

[REMARKS]
