000
CXUS54 KMEG 300645
CF6MEG
PRELIMINARY LOCAL CLIMATOLOGICAL DATA (WS FORM: F-6)

                                          STATION:   MEMPHIS/GERMANTOWN WFO
                                          MONTH:     MARCH
                                          YEAR:      2017
                                          LATITUDE:   35  7 N
                                          LONGITUDE:  89 48 W

  TEMPERATURE IN F:       :PCPN:    SNOW:  WIND      :SUNSHINE: SKY     :PK WND
================================================================================
1   2   3   4   5  6A  6B    7    8   9   10  11  12  13   14  15   16   17  18
                                     12Z  AVG MX 2MIN
DY MAX MIN AVG DEP HDD CDD  WTR  SNW DPTH SPD SPD DIR MIN PSBL S-S WX    SPD DR
================================================================================

 1  73  47  60  13   5   0 0.50  0.0    0   M   M   M   M    M   M         M  M
 2  60  34  47   0  18   0 0.00  0.0    0   M   M   M   M    M   M         M  M
 3  57  37  47   0  18   0 0.00  0.0    0   M   M   M   M    M   M         M  M
 4  71  36  54   6  11   0 0.00  0.0    0   M   M   M   M    M   M         M  M
 5  57  49  53   5  12   0 0.07  0.0    0   M   M   M   M    M   M         M  M
 6  73  53  63  15   2   0 0.22  0.0    0   M   M   M   M    M   M         M  M
 7  65  40  53   4  12   0 1.17  0.0    0   M   M   M   M    M   M         M  M
 8  73  35  54   5  11   0 0.00  0.0    0   M   M   M   M    M   M         M  M
 9  75  43  59  10   6   0 0.20  0.0    0   M   M   M   M    M   M 3       M  M
10  58  43  51   1  14   0 0.23  0.0    0   M   M   M   M    M   M 3       M  M
11  44  32  38 -12  27   0 0.08  0.4    0   M   M   M   M    M   M 4       M  M
12  52  30  41  -9  24   0 0.00  0.0    0   M   M   M   M    M   M         M  M
13  47  31  39 -11  26   0 0.19    T    0   M   M   M   M    M   M         M  M
14  38  32  35 -16  30   0    T    T    0   M   M   M   M    M   M         M  M
15  45  25  35 -16  30   0 0.00  0.0    0   M   M   M   M    M   M         M  M
16  47  32  40 -11  25   0 0.00  0.0    0   M   M   M   M    M   M         M  M
17  69  47  58   6   7   0 0.01  0.0    0   M   M   M   M    M   M         M  M
18  74  49  62  10   3   0 0.45  0.0    0   M   M   M   M    M   M 3       M  M
19  68  43  56   4   9   0 0.00  0.0    0   M   M   M   M    M   M         M  M
20  85  56  71  19   0   6 0.00  0.0    0   M   M   M   M    M   M         M  M
21  80  56  68  15   0   3 0.00  0.0    0   M   M   M   M    M   M         M  M
22  64  46  55   2  10   0 0.36  0.0    0   M   M   M   M    M   M         M  M
23  82  47  65  12   0   0 0.00  0.0    0   M   M   M   M    M   M         M  M
24  79  65  72  18   0   7 0.00  0.0    0   M   M   M   M    M   M         M  M
25  69  59  64  10   1   0 0.35  0.0    0   M   M   M   M    M   M 3       M  M
26  75  58  67  13   0   2    T  0.0    0   M   M   M   M    M   M         M  M
27  81  58  70  15   0   5 0.14  0.0    0   M   M   M   M    M   M 3       M  M
28  79  56  68  13   0   3 0.00  0.0    0   M   M   M   M    M   M         M  M
29  84  59  72  17   0   7 0.04  0.0    0   M   M   M   M    M   M         M  M
================================================================================
SM 1924 1298       301  33  4.01     0.4     M          M        M
================================================================================
AV 66.3 44.8                                 M FASTST   M    M   4    MAX(MPH)
                                 MISC ---->     M   M                  M    M
================================================================================
NOTES:
# LAST OF SEVERAL OCCURRENCES

COLUMN 17 PEAK WIND IN M.P.H.

PRELIMINARY LOCAL CLIMATOLOGICAL DATA (WS FORM: F-6) , PAGE 2

                                          STATION:  MEMPHIS/GERMANTOWN WFO
                                          MONTH:    MARCH
                                          YEAR:     2017
                                          LATITUDE:   35  7 N
                                          LONGITUDE:  89 48 W

[TEMPERATURE DATA]      [PRECIPITATION DATA]       SYMBOLS USED IN COLUMN 16

AVERAGE MONTHLY: 55.6   TOTAL FOR MONTH:   4.01    1 = FOG OR MIST
DPTR FM NORMAL:   4.6   DPTR FM NORMAL:   -0.59    2 = FOG REDUCING VISIBILITY
HIGHEST:    85 ON 20    GRTST 24HR  1.17 ON  7- 7      TO 1/4 MILE OR LESS
LOWEST:     25 ON 15                               3 = THUNDER
                        SNOW, ICE PELLETS, HAIL    4 = ICE PELLETS
                        TOTAL MONTH:   0.4 INCH    5 = HAIL
                        GRTST 24HR   0.4 ON 11-11  6 = FREEZING RAIN OR DRIZZLE
                        GRTST DEPTH:   0           7 = DUSTSTORM OR SANDSTORM:
                                                       VSBY 1/2 MILE OR LESS
                                                   8 = SMOKE OR HAZE
[NO. OF DAYS WITH]      [WEATHER - DAYS WITH]      9 = BLOWING SNOW
                                                   X = TORNADO
MAX 32 OR BELOW:   0    0.01 INCH OR MORE:  14
MAX 90 OR ABOVE:   0    0.10 INCH OR MORE:  10
MIN 32 OR BELOW:   6    0.50 INCH OR MORE:   2
MIN  0 OR BELOW:   0    1.00 INCH OR MORE:   1

[HDD (BASE 65) ]
TOTAL THIS MO.   301    CLEAR  (SCALE 0-3)   0
DPTR FM NORMAL  -115    PTCLDY (SCALE 4-7)   0
TOTAL FM JUL 1  2142    CLOUDY (SCALE 8-10)  0
DPTR FM NORMAL -1020

[CDD (BASE 65) ]
TOTAL THIS MO.    33
DPTR FM NORMAL    27    [PRESSURE DATA]
TOTAL FM JAN 1    47    HIGHEST SLP M ON M
DPTR FM NORMAL    40    LOWEST  SLP M ON M

[REMARKS]
