000
CXUS56 KPDT 220532
CF6MEH
PRELIMINARY LOCAL CLIMATOLOGICAL DATA (WS FORM: F-6)

                                          STATION:   MEACHAM OR
                                          MONTH:     FEBRUARY
                                          YEAR:      2017
                                          LATITUDE:   45 30 N
                                          LONGITUDE: 118 24 W

  TEMPERATURE IN F:       :PCPN:    SNOW:  WIND      :SUNSHINE: SKY     :PK WND
================================================================================
1   2   3   4   5  6A  6B    7    8   9   10  11  12  13   14  15   16   17  18
                                     12Z  AVG MX 2MIN
DY MAX MIN AVG DEP HDD CDD  WTR  SNW DPTH SPD SPD DIR MIN PSBL S-S WX    SPD DR
================================================================================

 1  23  -1  11 -18  54   0 0.01  0.5    M  0.5  6 350   M    M   6        10 310
 2  27  15  21  -8  44   0 0.01    T    M  0.4  5 190   M    M  10 8       9 210
 3  35  25  30   1  35   0 0.17  0.5    M  1.0  9 270   M    M   8 18     14 290
 4  44  31  38   9  27   0 0.08    M    M  0.9  6 220   M    M  10 1      18 170
 5  46  39  43  14  22   0 0.00  0.0    M  2.4 10  90   M    M   9        19 110
 6  45  25  35   6  30   0 0.26  3.0    M  2.2  9 290   M    M   9 12     18 310
 7  32  20  26  -3  39   0 0.19  3.0    M  0.9  8 270   M    M   9 1      16  80
 8  39  23  31   2  34   0 0.22    T    M  0.1  5 190   M    M  10 18      8 190
 9  51  37  44  15  21   0 0.01  0.0    M  1.4  8  90   M    M   9        14 230
10  44  27  36   7  29   0 0.06  0.0    M  0.9  8 260   M    M   5 1      14 270
11  37  17  27  -3  38   0 0.00  0.0    M  1.2  8 260   M    M   6        15 280
12  43  15  29  -1  36   0 0.00  0.0    M  0.8  8  90   M    M   0 8      14  90
13  48  23  36   6  29   0 0.00  0.0   20  0.3  6 100   M    M   0        11  80
14  49  22  36   6  29   0 0.00  0.0    M  1.2  6 200   M    M   0        15  80
15  39  34  37   7  28   0 0.93  0.0    M  0.9  7 210   M    M   8 1      14 110
16  49  34  42  12  23   0 0.21  0.0    M  1.9 10 100   M    M   9 1      20 150
17  44  32  38   8  27   0 0.04  0.0    M  1.0  8 100   M    M   5 1      12 100
18  40  31  36   6  29   0 0.13    M    M  0.1  6 100   M    M  10 1       9 100
19  44  30  37   7  28   0 0.03  0.0    M  0.6  7 200   M    M   7 16     14 160
20  53  32  43  13  22   0 0.02  0.0    0  1.5 12 180   M    M   9        22 160
================================================================================
SM  832  511       624   0  2.37     7.0  20.2          M      139
================================================================================
AV 41.6 25.6                               1.0 FASTST   M    M   7    MAX(MPH)
                                 MISC ---->  # 12 180               # 22  160
================================================================================
NOTES:
# LAST OF SEVERAL OCCURRENCES

COLUMN 17 PEAK WIND IN M.P.H.

PRELIMINARY LOCAL CLIMATOLOGICAL DATA (WS FORM: F-6) , PAGE 2

                                          STATION:  MEACHAM OR
                                          MONTH:    FEBRUARY
                                          YEAR:     2017
                                          LATITUDE:   45 30 N
                                          LONGITUDE: 118 24 W

[TEMPERATURE DATA]      [PRECIPITATION DATA]       SYMBOLS USED IN COLUMN 16

AVERAGE MONTHLY: 33.6   TOTAL FOR MONTH:   2.37    1 = FOG OR MIST
DPTR FM NORMAL:   4.1   DPTR FM NORMAL:    0.16    2 = FOG REDUCING VISIBILITY
HIGHEST:    53 ON 20    GRTST 24HR  0.93 ON 15-15      TO 1/4 MILE OR LESS
LOWEST:     -1 ON  1                               3 = THUNDER
                        SNOW, ICE PELLETS, HAIL    4 = ICE PELLETS
                        TOTAL MONTH:   7.0 INCHES  5 = HAIL
                        GRTST 24HR   3.0 ON  7- 7  6 = FREEZING RAIN OR DRIZZLE
                        GRTST DEPTH:  20 ON 13     7 = DUSTSTORM OR SANDSTORM:
                                                       VSBY 1/2 MILE OR LESS
                                                   8 = SMOKE OR HAZE
[NO. OF DAYS WITH]      [WEATHER - DAYS WITH]      9 = BLOWING SNOW
                                                   X = TORNADO
MAX 32 OR BELOW:   3    0.01 INCH OR MORE:  15
MAX 90 OR ABOVE:   0    0.10 INCH OR MORE:   7
MIN 32 OR BELOW:  16    0.50 INCH OR MORE:   1
MIN  0 OR BELOW:   1    1.00 INCH OR MORE:   0

[HDD (BASE 65) ]
TOTAL THIS MO.   624    CLEAR  (SCALE 0-3)   3
DPTR FM NORMAL   -87    PTCLDY (SCALE 4-7)   6
TOTAL FM JUL 1  5385    CLOUDY (SCALE 8-10) 11
DPTR FM NORMAL   -96

[CDD (BASE 65) ]
TOTAL THIS MO.     0
DPTR FM NORMAL     0    [PRESSURE DATA]
TOTAL FM JAN 1     0    HIGHEST SLP M ON M
DPTR FM NORMAL     0    LOWEST  SLP 29.22 ON  6

[REMARKS]
