000
CXUS54 KMEG 170735
CF6MEM
PRELIMINARY LOCAL CLIMATOLOGICAL DATA (WS FORM: F-6)

                                          STATION:   MEMPHIS
                                          MONTH:     FEBRUARY
                                          YEAR:      2018
                                          LATITUDE:   35  3 N
                                          LONGITUDE:  89 59 W

  TEMPERATURE IN F:       :PCPN:    SNOW:  WIND      :SUNSHINE: SKY     :PK WND
================================================================================
1   2   3   4   5  6A  6B    7    8   9   10  11  12  13   14  15   16   17  18
                                     12Z  AVG MX 2MIN
DY MAX MIN AVG DEP HDD CDD  WTR  SNW DPTH SPD SPD DIR MIN PSBL S-S WX    SPD DR
================================================================================

 1  56  30  43   1  22   0 0.02  0.0    0 12.9 23  30   M    M   8 1      30  20
 2  38  24  31 -12  34   0 0.00  0.0    0  8.6 21  20   M    M   5        27  30
 3  54  31  43   0  22   0 0.17  0.0    0  8.1 20 190   M    M   9 1      27 180
 4  55  31  43   0  22   0 0.29  0.0    0 10.6 31 360   M    M   7 1      38 360
 5  46  24  35  -8  30   0 0.00  0.0    0  8.5 21  30   M    M   6        24  40
 6  45  37  41  -2  24   0 0.89  0.0    0  9.9 17  60   M    M  10 13     24  30
 7  37  29  33 -11  32   0 0.56  0.0    0 11.2 26 300   M    M   8 18     34 300
 8  51  25  38  -6  27   0 0.00  0.0    0  4.4  8 160   M    M   1 18     17 150
 9  66  36  51   7  14   0 0.14  0.0    0  9.4 18 190   M    M   6 1      26 220
10  57  41  49   5  16   0 1.99  0.0    0  7.1 17 190   M    M  10 12     23 190
11  41  31  36  -8  29   0 0.04  0.0    0 11.0 18  30   M    M   8 1      23  20
12  43  29  36  -9  29   0 0.00  0.0    0 12.3 20  10   M    M   6        27  30
13  52  33  43  -2  22   0 0.11  0.0    0  3.5 12 110   M    M   9 1      14 110
14  68  51  60  15   5   0 0.82  0.0    0  9.3 21 190   M    M   8 1      28 220
15  74  65  70  24   0   5 0.00  0.0    0 16.4 28 210   M    M   9        38 210
16  70  43  57  11   8   0 0.02  0.0    0 13.8 31  10   M    M   9 1      39  10
================================================================================
SM  853  560       336   5  5.05     0.0 157.0          M      119
================================================================================
AV 53.3 35.0                               9.8 FASTST   M    M   7    MAX(MPH)
                                 MISC ---->  # 31 360               # 39   10
================================================================================
NOTES:
# LAST OF SEVERAL OCCURRENCES

COLUMN 17 PEAK WIND IN M.P.H.

PRELIMINARY LOCAL CLIMATOLOGICAL DATA (WS FORM: F-6) , PAGE 2

                                          STATION:  MEMPHIS
                                          MONTH:    FEBRUARY
                                          YEAR:     2018
                                          LATITUDE:   35  3 N
                                          LONGITUDE:  89 59 W

[TEMPERATURE DATA]      [PRECIPITATION DATA]       SYMBOLS USED IN COLUMN 16

AVERAGE MONTHLY: 44.2   TOTAL FOR MONTH:   5.05    1 = FOG OR MIST
DPTR FM NORMAL:   0.2   DPTR FM NORMAL:    2.59    2 = FOG REDUCING VISIBILITY
HIGHEST:    74 ON 15    GRTST 24HR  1.99 ON 10-10      TO 1/4 MILE OR LESS
LOWEST:     24 ON  5, 2                            3 = THUNDER
                        SNOW, ICE PELLETS, HAIL    4 = ICE PELLETS
                        TOTAL MONTH:   0.0 INCH    5 = HAIL
                        GRTST 24HR     0.0         6 = FREEZING RAIN OR DRIZZLE
                        GRTST DEPTH:   0           7 = DUSTSTORM OR SANDSTORM:
                                                       VSBY 1/2 MILE OR LESS
                                                   8 = SMOKE OR HAZE
[NO. OF DAYS WITH]      [WEATHER - DAYS WITH]      9 = BLOWING SNOW
                                                   X = TORNADO
MAX 32 OR BELOW:   0    0.01 INCH OR MORE:  11
MAX 90 OR ABOVE:   0    0.10 INCH OR MORE:   8
MIN 32 OR BELOW:   9    0.50 INCH OR MORE:   4
MIN  0 OR BELOW:   0    1.00 INCH OR MORE:   1

[HDD (BASE 65) ]
TOTAL THIS MO.   336    CLEAR  (SCALE 0-3)   1
DPTR FM NORMAL    -2    PTCLDY (SCALE 4-7)   8
TOTAL FM JUL 1  2322    CLOUDY (SCALE 8-10)  7
DPTR FM NORMAL    82

[CDD (BASE 65) ]
TOTAL THIS MO.     5
DPTR FM NORMAL     5    [PRESSURE DATA]
TOTAL FM JAN 1     5    HIGHEST SLP M ON M
DPTR FM NORMAL     4    LOWEST  SLP 29.85 ON 11

[REMARKS]
