000
CXUS53 KGRB 300906
CF6MFI
PRELIMINARY LOCAL CLIMATOLOGICAL DATA (WS FORM: F-6)

                                          STATION:   MARSHFIELD WI
                                          MONTH:     JULY
                                          YEAR:      2016
                                          LATITUDE:   44 37 N
                                          LONGITUDE:  90 11 W

  TEMPERATURE IN F:       :PCPN:    SNOW:  WIND      :SUNSHINE: SKY     :PK WND
================================================================================
1   2   3   4   5  6A  6B    7    8   9   10  11  12  13   14  15   16   17  18
                                     12Z  AVG MX 2MIN
DY MAX MIN AVG DEP HDD CDD  WTR  SNW DPTH SPD SPD DIR MIN PSBL S-S WX    SPD DR
================================================================================

 1  74  53  64  -4   1   0 0.00  0.0    0  7.5 15 360   M    M   2        27 230
 2  77  51  64  -4   1   0 0.00  0.0    0  2.2 10 260   M    M   1        14 270
 3  79  51  65  -3   0   0 0.00  0.0    0  3.4  9 120   M    M   1        12 130
 4  78  53  66  -3   0   1 0.00  0.0    0  5.6 14 220   M    M   3 1      17 170
 5  87  61  74   5   0   9 0.08  0.0    0  8.2 35 320   M    M   2 13     44 310
 6  84  64  74   5   0   9 0.00  0.0    0  5.7 12 320   M    M   3 8      15  70
 7  83  64  74   5   0   9 0.01  0.0    0  6.5 18 110   M    M   4 18     23 110
 8  78  58  68  -1   0   3    T  0.0    0 11.1 24 300   M    M   6        32 310
 9  80  55  68  -1   0   3 0.00  0.0    0  4.1 12  40   M    M   2        16  80
10  77  59  68  -1   0   3    T  0.0    0  7.9 23 160   M    M   6        31 160
11  90  68  79  10   0  14    T  0.0    0 11.9 24 180   M    M   4 1      31 170
12  83  64  74   5   0   9 0.24  0.0    0 10.9 25 280   M    M   3 13     34 270
13  87  64  76   7   0  11 0.00  0.0    0 11.4 22 250   M    M   1        30 240
14  75  61  68  -1   0   3 0.01  0.0    0 12.5 21 290   M    M   6 1      29 290
15  74  55  65  -4   0   0 0.01  0.0    0  5.7 14 350   M    M   6 1      17 350
16  80  53  67  -2   0   2    T  0.0    0  5.3 14 200   M    M   3 12     18 200
17  83  61  72   3   0   7 0.19  0.0    0  9.9 21 290   M    M   4 13     29 280
18  83  60  72   3   0   7 0.00  0.0    0  6.4 14 310   M    M   0        20 310
19  85  60  73   4   0   8 0.00  0.0    0  5.6 10 190   M    M   1 1      14 220
20  87  66  77   8   0  12 0.19  0.0    0  8.4 22 180   M    M   3 123    26 170
21  88  68  78   9   0  13 0.96  0.0    0  7.1 30 360   M    M   5 13     39 360
22  91  65  78   9   0  13 0.00  0.0    0  3.8 10 310   M    M   0 1      14 310
23  85  66  76   7   0  11 0.21  0.0    0  5.8 16 230   M    M   2 13     21 220
24  86  66  76   7   0  11    T  0.0    0  7.5 17 280   M    M   6 12     23 290
25  83  63  73   4   0   8 0.00  0.0    0  8.1 17 310   M    M   0        23 300
26  87  63  75   6   0  10 0.00  0.0    0  6.7 15 230   M    M   0        19 230
27  83  66  75   6   0  10 0.41  0.0    0  6.5 24 240   M    M   5 138    30 240
28  67  62  65  -4   0   0 0.53  0.0    0  8.5 17  50   M    M  10 1      24  50
29  76  59  68  -1   0   3 0.00  0.0    0  6.9 13  60   M    M   6        17  50
================================================================================
SM 2370 1759         2 189  2.84     0.0 211.1          M       95
================================================================================
AV 81.7 60.7                               7.3 FASTST   M    M   3    MAX(MPH)
                                 MISC ---->  # 35 320               # 44  310
================================================================================
NOTES:
# LAST OF SEVERAL OCCURRENCES

COLUMN 17 PEAK WIND IN M.P.H.

PRELIMINARY LOCAL CLIMATOLOGICAL DATA (WS FORM: F-6) , PAGE 2

                                          STATION:  MARSHFIELD WI
                                          MONTH:    JULY
                                          YEAR:     2016
                                          LATITUDE:   44 37 N
                                          LONGITUDE:  90 11 W

[TEMPERATURE DATA]      [PRECIPITATION DATA]       SYMBOLS USED IN COLUMN 16

AVERAGE MONTHLY: 71.2   TOTAL FOR MONTH:   2.84    1 = FOG OR MIST
DPTR FM NORMAL:   2.3   DPTR FM NORMAL:   -0.59    2 = FOG REDUCING VISIBILITY
HIGHEST:    91 ON 22    GRTST 24HR  0.96 ON 21-21      TO 1/4 MILE OR LESS
LOWEST:     51 ON  3, 2                            3 = THUNDER
                        SNOW, ICE PELLETS, HAIL    4 = ICE PELLETS
                        TOTAL MONTH:   0.0 INCH    5 = HAIL
                        GRTST 24HR     0.0         6 = FREEZING RAIN OR DRIZZLE
                        GRTST DEPTH:   0           7 = DUSTSTORM OR SANDSTORM:
                                                       VSBY 1/2 MILE OR LESS
                                                   8 = SMOKE OR HAZE
[NO. OF DAYS WITH]      [WEATHER - DAYS WITH]      9 = BLOWING SNOW
                                                   X = TORNADO
MAX 32 OR BELOW:   0    0.01 INCH OR MORE:  11
MAX 90 OR ABOVE:   2    0.10 INCH OR MORE:   7
MIN 32 OR BELOW:   0    0.50 INCH OR MORE:   2
MIN  0 OR BELOW:   0    1.00 INCH OR MORE:   0

[HDD (BASE 65) ]
TOTAL THIS MO.     2    CLEAR  (SCALE 0-3)  14
DPTR FM NORMAL   -27    PTCLDY (SCALE 4-7)  14
TOTAL FM JUL 1     2    CLOUDY (SCALE 8-10)  1
DPTR FM NORMAL   -27

[CDD (BASE 65) ]
TOTAL THIS MO.   189
DPTR FM NORMAL    49    [PRESSURE DATA]
TOTAL FM JAN 1   327    HIGHEST SLP M ON M
DPTR FM NORMAL    97    LOWEST  SLP 29.62 ON 12

[REMARKS]
