000
CXUS53 KGRB 280628
CF6MFI
PRELIMINARY LOCAL CLIMATOLOGICAL DATA (WS FORM: F-6)

                                          STATION:   MARSHFIELD WI
                                          MONTH:     SEPTEMBER
                                          YEAR:      2016
                                          LATITUDE:   44 37 N
                                          LONGITUDE:  90 11 W

  TEMPERATURE IN F:       :PCPN:    SNOW:  WIND      :SUNSHINE: SKY     :PK WND
================================================================================
1   2   3   4   5  6A  6B    7    8   9   10  11  12  13   14  15   16   17  18
                                     12Z  AVG MX 2MIN
DY MAX MIN AVG DEP HDD CDD  WTR  SNW DPTH SPD SPD DIR MIN PSBL S-S WX    SPD DR
================================================================================

 1  73  55  64   0   1   0 0.00  0.0    0  6.9 15  40   M    M   4        24  60
 2  75  49  62  -2   3   0 0.00  0.0    0  5.5 12 160   M    M   0        15 140
 3  76  49  63   0   2   0 0.00  0.0    0  5.8 16 170   M    M   1 1      20 170
 4  78  54  66   3   0   1 0.00  0.0    0  8.6 21 170   M    M   2 1      26 170
 5  79  62  71   8   0   6    T  0.0    0  8.6 18 180   M    M   3        24 190
 6  84  69  77  15   0  12 0.61  0.0    0  7.0 21 310   M    M   7 138    26 240
 7  75  64  70   8   0   5 0.54  0.0    0  4.6 16 150   M    M   9 123    19 150
 8  77  55  66   4   0   1 0.00  0.0    0  7.0 20 310   M    M   5 12     26 270
 9  70  53  62   1   3   0 0.34  0.0    0  4.3 18 310   M    M   3 1238   22 300
10  69  50  60  -1   5   0 0.37  0.0    0  9.2 23 310   M    M   6 1      30 310
11  75  46  61   1   4   0 0.00  0.0    0  8.6 21 220   M    M   0 1      27 230
12  79  51  65   5   0   0 0.00  0.0    0  8.8 22 180   M    M   2        30 190
13  69  55  62   2   3   0 0.28  0.0    0  8.0 17 330   M    M   6 138    21 330
14  70  50  60   1   5   0 0.00  0.0    0  2.6  9  60   M    M   1        13  60
15  76  50  63   4   2   0 0.04  0.0    0  7.8 16 150   M    M   3 12     22 140
16  75  61  68  10   0   3 0.10  0.0    0  6.9 20 140   M    M   6 1      25 150
17  71  54  63   5   2   0 0.00  0.0    0  7.9 20 300   M    M   6 12     24 300
18  78  48  63   5   2   0 0.00  0.0    0  7.0 16 200   M    M   1 12     22 200
19  75  53  64   7   1   0    T  0.0    0  7.1 20 330   M    M   2 12     26 320
20  81  50  66   9   0   1    T  0.0    0  4.4 12 260   M    M   6 123    16 250
21  70  58  64   8   1   0 2.31  0.0    0  8.1 25 280   M    M   7 13     34 280
22  75  62  69  13   0   4 0.28  0.0    0  6.9 17 210   M    M   8 13     22 180
23  71  58  65   9   0   0 0.00  0.0    0  9.7 16  90   M    M   7        23  50
24  69  58  64   9   1   0    T  0.0    0  9.0 16 130   M    M   9        23 130
25  74  53  64   9   1   0 0.14  0.0    0 11.1 23 280   M    M   8 138    31 280
26  62  50  56   2   9   0 0.00  0.0    0 14.6 29 280   M    M   5        41 280
27  55  48  52  -2  13   0 0.02  0.0    0 12.1 20 290   M    M  10 1      27 280
================================================================================
SM 1981 1465        58  33  5.03     0.0 208.1          M      127
================================================================================
AV 73.4 54.3                               7.7 FASTST   M    M   5    MAX(MPH)
                                 MISC ---->  # 29 280               # 41  280
================================================================================
NOTES:
# LAST OF SEVERAL OCCURRENCES

COLUMN 17 PEAK WIND IN M.P.H.

PRELIMINARY LOCAL CLIMATOLOGICAL DATA (WS FORM: F-6) , PAGE 2

                                          STATION:  MARSHFIELD WI
                                          MONTH:    SEPTEMBER
                                          YEAR:     2016
                                          LATITUDE:   44 37 N
                                          LONGITUDE:  90 11 W

[TEMPERATURE DATA]      [PRECIPITATION DATA]       SYMBOLS USED IN COLUMN 16

AVERAGE MONTHLY: 63.8   TOTAL FOR MONTH:   5.03    1 = FOG OR MIST
DPTR FM NORMAL:   4.7   DPTR FM NORMAL:    2.10    2 = FOG REDUCING VISIBILITY
HIGHEST:    84 ON  6    GRTST 24HR  2.31 ON 21-21      TO 1/4 MILE OR LESS
LOWEST:     46 ON 11                               3 = THUNDER
                        SNOW, ICE PELLETS, HAIL    4 = ICE PELLETS
                        TOTAL MONTH:   0.0 INCH    5 = HAIL
                        GRTST 24HR     0.0         6 = FREEZING RAIN OR DRIZZLE
                        GRTST DEPTH:   0           7 = DUSTSTORM OR SANDSTORM:
                                                       VSBY 1/2 MILE OR LESS
                                                   8 = SMOKE OR HAZE
[NO. OF DAYS WITH]      [WEATHER - DAYS WITH]      9 = BLOWING SNOW
                                                   X = TORNADO
MAX 32 OR BELOW:   0    0.01 INCH OR MORE:  11
MAX 90 OR ABOVE:   0    0.10 INCH OR MORE:   9
MIN 32 OR BELOW:   0    0.50 INCH OR MORE:   3
MIN  0 OR BELOW:   0    1.00 INCH OR MORE:   1

[HDD (BASE 65) ]
TOTAL THIS MO.    58    CLEAR  (SCALE 0-3)  10
DPTR FM NORMAL  -126    PTCLDY (SCALE 4-7)  13
TOTAL FM JUL 1    72    CLOUDY (SCALE 8-10)  4
DPTR FM NORMAL  -173

[CDD (BASE 65) ]
TOTAL THIS MO.    33
DPTR FM NORMAL     9    [PRESSURE DATA]
TOTAL FM JAN 1   549    HIGHEST SLP M ON M
DPTR FM NORMAL   184    LOWEST  SLP 29.65 ON 27

[REMARKS]
