000
CXUS56 KMFR 191000
CF6MFR
PRELIMINARY LOCAL CLIMATOLOGICAL DATA (WS FORM: F-6)

                                          STATION:   MEDFORD OR
                                          MONTH:     OCTOBER
                                          YEAR:      2017
                                          LATITUDE:   42 22 N
                                          LONGITUDE: 122 52 W

  TEMPERATURE IN F:       :PCPN:    SNOW:  WIND      :SUNSHINE: SKY     :PK WND
================================================================================
1   2   3   4   5  6A  6B    7    8   9   10  11  12  13   14  15   16   17  18
                                     12Z  AVG MX 2MIN
DY MAX MIN AVG DEP HDD CDD  WTR  SNW DPTH SPD SPD DIR MIN PSBL S-S WX    SPD DR
================================================================================

 1  65  45  55  -7  10   0    T  0.0    0  4.9 18 320   M    M   5        25 320
 2  60  41  51 -11  14   0    T    M    0  2.5 13 300   M    M   6        16 300
 3  74  36  55  -6  10   0 0.00  0.0    0  3.5 14 360   M    M   0        18  10
 4  75  37  56  -5   9   0 0.00  0.0    0  2.0 10 170   M    M   0        12 180
 5  77  37  57  -3   8   0 0.00  0.0    0  1.3  9 130   M    M   0        11 330
 6  81  39  60   0   5   0 0.00  0.0    0  1.8 12 270   M    M   0        15 260
 7  73  42  58  -2   7   0 0.00  0.0    0  5.7 22 360   M    M   3        27 360
 8  68  43  56  -3   9   0 0.00  0.0    0  3.5 14 330   M    M   2        19 320
 9  78  35  57  -2   8   0 0.00  0.0    0  4.0 25 130   M    M   0 8      35 150
10  68  37  53  -5  12   0 0.00  0.0    0  4.2 15 350   M    M   2 8      19 350
11  58  36  47 -11  18   0    T    M    0  5.5 17 280   M    M   5        23 280
12  59  32  46 -12  19   0    T    M    0  3.3 13 320   M    M   7 1      17 300
13  62  41  52  -5  13   0    T    M    0  4.6 16 320   M    M   7        21 320
14  69  32  51  -6  14   0 0.00  0.0    0  3.2 10 340   M    M   0 1      13  10
15  76  35  56   0   9   0 0.00  0.0    0  1.6  9 160   M    M   0        10 150
16  76  37  57   1   8   0 0.00  0.0    0  0.8  7 200   M    M   0         8 200
17  78  39  59   3   6   0 0.00  0.0    0  2.3 10 180   M    M   0        12 190
18  76  37  57   2   8   0 0.00  0.0    0  1.5  7 180   M    M   0         8 170
================================================================================
SM 1273  681       187   0    T      0.0  56.2          M       37
================================================================================
AV 70.7 37.8                               3.1 FASTST   M    M   2    MAX(MPH)
                                 MISC ---->  # 25 130               # 35  150
================================================================================
NOTES:
# LAST OF SEVERAL OCCURRENCES

COLUMN 17 PEAK WIND IN M.P.H.

PRELIMINARY LOCAL CLIMATOLOGICAL DATA (WS FORM: F-6) , PAGE 2

                                          STATION:  MEDFORD OR
                                          MONTH:    OCTOBER
                                          YEAR:     2017
                                          LATITUDE:   42 22 N
                                          LONGITUDE: 122 52 W

[TEMPERATURE DATA]      [PRECIPITATION DATA]       SYMBOLS USED IN COLUMN 16

AVERAGE MONTHLY: 54.3   TOTAL FOR MONTH:      T    1 = FOG OR MIST
DPTR FM NORMAL:  -4.3   DPTR FM NORMAL:   -0.48    2 = FOG REDUCING VISIBILITY
HIGHEST:    81 ON  6    GRTST 24HR    T  ON 13-13      TO 1/4 MILE OR LESS
LOWEST:     32 ON 14,12                            3 = THUNDER
                        SNOW, ICE PELLETS, HAIL    4 = ICE PELLETS
                        TOTAL MONTH:   0.0 INCH    5 = HAIL
                        GRTST 24HR     0.0         6 = FREEZING RAIN OR DRIZZLE
                        GRTST DEPTH:   0           7 = DUSTSTORM OR SANDSTORM:
                                                       VSBY 1/2 MILE OR LESS
                                                   8 = SMOKE OR HAZE
[NO. OF DAYS WITH]      [WEATHER - DAYS WITH]      9 = BLOWING SNOW
                                                   X = TORNADO
MAX 32 OR BELOW:   0    0.01 INCH OR MORE:   0
MAX 90 OR ABOVE:   0    0.10 INCH OR MORE:   0
MIN 32 OR BELOW:   2    0.50 INCH OR MORE:   0
MIN  0 OR BELOW:   0    1.00 INCH OR MORE:   0

[HDD (BASE 65) ]
TOTAL THIS MO.   187    CLEAR  (SCALE 0-3)  13
DPTR FM NORMAL    62    PTCLDY (SCALE 4-7)   5
TOTAL FM JUL 1   260    CLOUDY (SCALE 8-10)  0
DPTR FM NORMAL    66

[CDD (BASE 65) ]
TOTAL THIS MO.     0
DPTR FM NORMAL    -8    [PRESSURE DATA]
TOTAL FM JAN 1  1281    HIGHEST SLP M ON M
DPTR FM NORMAL   454    LOWEST  SLP 29.89 ON 10

[REMARKS]
