000
CXUS56 KMFR 261000
CF6MFR
PRELIMINARY LOCAL CLIMATOLOGICAL DATA (WS FORM: F-6)

                                          STATION:   MEDFORD OR
                                          MONTH:     MARCH
                                          YEAR:      2015
                                          LATITUDE:   42 22 N
                                          LONGITUDE: 122 52 W

  TEMPERATURE IN F:       :PCPN:    SNOW:  WIND      :SUNSHINE: SKY     :PK WND
================================================================================
1   2   3   4   5  6A  6B    7    8   9   10  11  12  13   14  15   16   17  18
                                     12Z  AVG MX 2MIN
DY MAX MIN AVG DEP HDD CDD  WTR  SNW DPTH SPD SPD DIR MIN PSBL S-S WX    SPD DR
================================================================================

 1  59  27  43  -3  22   0 0.00  0.0    0  2.3  9 180   M    M   0        14 300
 2  57  39  48   2  17   0 0.00  0.0    0  3.2 16 320   M    M   5        22 330
 3  60  34  47   0  18   0 0.00  0.0    0  2.6  9 330   M    M   2        14 280
 4  65  30  48   1  17   0 0.00  0.0    0  1.0  9 180   M    M   0        12 160
 5  69  31  50   3  15   0 0.00  0.0    0  1.1  8 190   M    M   0        11 190
 6  71  34  53   6  12   0 0.00  0.0    0  1.3 13 170   M    M   0        15 170
 7  72  35  54   7  11   0 0.00  0.0    0  1.4  8 190   M    M   0        10 200
 8  74  38  56   9   9   0 0.00  0.0    0  1.3  9 190   M    M   0        11 190
 9  74  36  55   8  10   0 0.00  0.0    0  2.0 12 190   M    M   0        14 190
10  59  38  49   1  16   0    T  0.0    0  0.9 13  50   M    M   2        14  60
11  62  48  55   7  10   0 0.12  0.0    0  2.1 10 300   M    M   9 1      13 300
12  70  45  58  10   7   0 0.00  0.0    0  2.5  9 360   M    M   4        11 360
13  69  45  57   9   8   0    T  0.0    0  2.1  9 120   M    M   1 18      9 120
14  63  54  59  11   6   0 0.74  0.0    0  2.9 10 290   M    M   8 1      12 290
15  60  48  54   6  11   0 0.07  0.0    0  3.4 20 300   M    M   9 1      26 300
16  63  47  55   7  10   0 0.00  0.0    0  2.7  8 170   M    M   7 1      12  20
17  65  46  56   8   9   0    T  0.0    0  3.6 15 320   M    M   6 1      20 310
18  69  38  54   5  11   0 0.00  0.0    0  2.6  9 180   M    M   1        11 170
19  73  38  56   7   9   0 0.00  0.0    0  2.3 10 190   M    M   0        14 190
20  65  41  53   4  12   0    T  0.0    0  3.3 17 250   M    M   2        21 250
21  66  44  55   6  10   0 0.04  0.0    0  3.9  9 300   M    M   4 128    13 300
22  59  42  51   2  14   0 0.18  0.0    0  3.2 17 300   M    M   9 18     23 300
23  54  40  47  -2  18   0 0.05  0.0    0  3.7 13 320   M    M   9 1      15 320
24  55  46  51   2  14   0 0.12  0.0    0  2.5  9  20   M    M  10 1      11  30
25  70  42  56   7   9   0 0.00  0.0    0  3.1  7 360   M    M   4 1      14 350
================================================================================
SM 1623 1006       305   0  1.32     0.0  61.0          M       92
================================================================================
AV 64.9 40.2                               2.4 FASTST   M    M   4    MAX(MPH)
                                 MISC ---->  # 20 300               # 26  300
================================================================================
NOTES:
# LAST OF SEVERAL OCCURRENCES

COLUMN 17 PEAK WIND IN M.P.H.

PRELIMINARY LOCAL CLIMATOLOGICAL DATA (WS FORM: F-6) , PAGE 2

                                          STATION:  MEDFORD OR
                                          MONTH:    MARCH
                                          YEAR:     2015
                                          LATITUDE:   42 22 N
                                          LONGITUDE: 122 52 W

[TEMPERATURE DATA]      [PRECIPITATION DATA]       SYMBOLS USED IN COLUMN 16

AVERAGE MONTHLY: 52.6   TOTAL FOR MONTH:   1.32    1 = FOG OR MIST
DPTR FM NORMAL:   4.7   DPTR FM NORMAL:   -0.08    2 = FOG REDUCING VISIBILITY
HIGHEST:    74 ON  9, 8 GRTST 24HR  0.74 ON 14-14      TO 1/4 MILE OR LESS
LOWEST:     27 ON  1                               3 = THUNDER
                        SNOW, ICE PELLETS, HAIL    4 = ICE PELLETS
                        TOTAL MONTH:   0.0 INCH    5 = HAIL
                        GRTST 24HR     0.0         6 = FREEZING RAIN OR DRIZZLE
                        GRTST DEPTH:   0           7 = DUSTSTORM OR SANDSTORM:
                                                       VSBY 1/2 MILE OR LESS
                                                   8 = SMOKE OR HAZE
[NO. OF DAYS WITH]      [WEATHER - DAYS WITH]      9 = BLOWING SNOW
                                                   X = TORNADO
MAX 32 OR BELOW:   0    0.01 INCH OR MORE:   7
MAX 90 OR ABOVE:   0    0.10 INCH OR MORE:   4
MIN 32 OR BELOW:   3    0.50 INCH OR MORE:   1
MIN  0 OR BELOW:   0    1.00 INCH OR MORE:   0

[HDD (BASE 65) ]
TOTAL THIS MO.   305    CLEAR  (SCALE 0-3)  13
DPTR FM NORMAL  -123    PTCLDY (SCALE 4-7)   6
TOTAL FM JUL 1  2745    CLOUDY (SCALE 8-10)  6
DPTR FM NORMAL  -797

[CDD (BASE 65) ]
TOTAL THIS MO.     0
DPTR FM NORMAL     0    [PRESSURE DATA]
TOTAL FM JAN 1     0    HIGHEST SLP M ON M
DPTR FM NORMAL     0    LOWEST  SLP 29.84 ON  2

[REMARKS]
