000
CXUS53 KTOP 020200
CF6MHK
PRELIMINARY LOCAL CLIMATOLOGICAL DATA (WS FORM: F-6)

                                          STATION:   Manhattan KS
                                          MONTH:     SEPTEMBER
                                          YEAR:      2014
                                          LATITUDE:   39  9 N
                                          LONGITUDE:  96 40 W

  TEMPERATURE IN F:       :PCPN:    SNOW:  WIND      :SUNSHINE: SKY     :PK WND
================================================================================
1   2   3   4   5  6A  6B    7    8   9   10  11  12  13   14  15   16   17  18
                                     12Z  AVG MX 2MIN
DY MAX MIN AVG DEP HDD CDD  WTR  SNW DPTH SPD SPD DIR MIN PSBL S-S WX    SPD DR
================================================================================

 1  80  64  72  -2   0   7 0.09    M    M  5.5 17 230   M    M   5 13     22 220
 2  87  62  75   2   0  10 0.00    M    M  4.0 14 180   M    M   1        19 200
 3  95  71  83  10   0  18 0.07    M    M 13.7 29 160   M    M   3 13     37 170
 4  96  78  87  14   0  22 0.00    M    M 16.1 31 210   M    M   1        36 210
 5  82  60  71  -1   0   6 0.01    M    M  8.3 21  40   M    M   6 3      27 340
 6  76  53  65  -7   0   0 0.00    M    M  5.2 14  50   M    M   0        18 360
 7  81  47  64  -8   1   0 0.00    M    M  3.1 13 180   M    M   0        18 160
 8  89  55  72   1   0   7 0.00    M    M  9.9 25 220   M    M   0        33 230
 9  97  74  86  15   0  21 0.28    M    M 14.2 26 190   M    M   2 13     40 180
10  74  59  67  -3   0   2 0.25    M    M  8.7 16  40   M    M   9 138    23  20
11  62  54  58 -12   7   0    T    M    M 10.4 16  40   M    M  10 1      21  30
12  55  39  47 -23  18   0 0.04    M    M  8.2 17  50   M    M   9 1      23  30
13  66  35  51 -18  14   0 0.00    M    M  3.8 15 160   M    M   6 12     22 170
14  75  44  60  -9   5   0 0.00    M    M  6.4 16 170   M    M   2        21 140
15  74  51  63  -5   2   0 0.00    M    M  6.8 16  30   M    M   3        23  30
16  77  44  61  -7   4   0 0.00    M    M  2.9 10 160   M    M   2 1      15 160
17  80  61  71   4   0   6 0.00    M    M  6.1 14  80   M    M   6 138    19  80
18  81  65  73   6   0   8    T    M    M  8.4 17  90   M    M   6 13     22  90
19  90  61  76  10   0  11 0.00    M    M  7.5 21 170   M    M   1 1      25 170
20  93  64  79  13   0  14    T    M    M  8.6 18 210   M    M   1 18     22 240
21  80  50  65  -1   0   0 0.00    M    M  5.2 16  40   M    M   0        25  40
22  77  42  60  -5   5   0 0.00    M    M  3.7 12 150   M    M   0        16 170
23  75  58  67   2   0   2 0.10    M    M  7.7 20 170   M    M   5        26 160
24  79  59  69   5   0   4 0.01    M    M  7.1 16 190   M    M   3        22 180
25  88  53  71   7   0   6 0.00    M    M  4.0 14 220   M    M   0        18 220
26  86  54  70   7   0   5 0.00    M    M  6.2 17 210   M    M   1        24 180
27  85  57  71   8   0   6 0.00    M    M  6.0 18 170   M    M   0        26 170
28  86  55  71   9   0   6 0.00    M    M  2.9 15 180   M    M   3        22 160
29  88  52  70   8   0   5 0.00    M    M  3.5 14 180   M    M   1 1      18 180
30  85  62  74  12   0   9 0.42    M    M 10.1 24 160   M    M   5 1      32 160
================================================================================
SM 2439 1683        56 175  1.27    M    214.2          M       91
================================================================================
AV 81.3 56.1                               7.1 FASTST   M    M   3    MAX(MPH)
                                 MISC ---->  # 31 210               # 40  180
================================================================================
NOTES:
# LAST OF SEVERAL OCCURRENCES

COLUMN 17 PEAK WIND IN M.P.H.

PRELIMINARY LOCAL CLIMATOLOGICAL DATA (WS FORM: F-6) , PAGE 2

                                          STATION:  Manhattan KS
                                          MONTH:    SEPTEMBER
                                          YEAR:     2014
                                          LATITUDE:   39  9 N
                                          LONGITUDE:  96 40 W

[TEMPERATURE DATA]      [PRECIPITATION DATA]       SYMBOLS USED IN COLUMN 16

AVERAGE MONTHLY: 68.7   TOTAL FOR MONTH:   1.27    1 = FOG OR MIST
DPTR FM NORMAL:   0.8   DPTR FM NORMAL:   -1.90    2 = FOG REDUCING VISIBILITY
HIGHEST:    97 ON  9    GRTST 24HR  1.27 ON 31- 1      TO 1/4 MILE OR LESS
LOWEST:     35 ON 13                               3 = THUNDER
                        SNOW, ICE PELLETS, HAIL    4 = ICE PELLETS
                        TOTAL MONTH:    M          5 = HAIL
                        GRTST 24HR    M  ON   M    6 = FREEZING RAIN OR DRIZZLE
                        GRTST DEPTH:  M  ON   M    7 = DUSTSTORM OR SANDSTORM:
                                                       VSBY 1/2 MILE OR LESS
                                                   8 = SMOKE OR HAZE
[NO. OF DAYS WITH]      [WEATHER - DAYS WITH]      9 = BLOWING SNOW
                                                   X = TORNADO
MAX 32 OR BELOW:   0    0.01 INCH OR MORE:   9
MAX 90 OR ABOVE:   5    0.10 INCH OR MORE:   4
MIN 32 OR BELOW:   0    0.50 INCH OR MORE:   0
MIN  0 OR BELOW:   0    1.00 INCH OR MORE:   0

[HDD (BASE 65) ]
TOTAL THIS MO.    56    CLEAR  (SCALE 0-3)  20
DPTR FM NORMAL   -11    PTCLDY (SCALE 4-7)   7
TOTAL FM JUL 1    57    CLOUDY (SCALE 8-10)  3
DPTR FM NORMAL   -13

[CDD (BASE 65) ]
TOTAL THIS MO.   175
DPTR FM NORMAL    21    [PRESSURE DATA]
TOTAL FM JAN 1  1553    HIGHEST SLP 30.46 ON 12
DPTR FM NORMAL   216    LOWEST  SLP 29.48 ON  9

[REMARKS]
#FINAL-09-14#
