000
CXUS56 KMFR 211000
CF6MHS
PRELIMINARY LOCAL CLIMATOLOGICAL DATA (WS FORM: F-6)

                                          STATION:   MT SHASTA CITY CA
                                          MONTH:     JULY
                                          YEAR:      2017
                                          LATITUDE:   41 19 N
                                          LONGITUDE: 122 19 W

  TEMPERATURE IN F:       :PCPN:    SNOW:  WIND      :SUNSHINE: SKY     :PK WND
================================================================================
1   2   3   4   5  6A  6B    7    8   9   10  11  12  13   14  15   16   17  18
                                     12Z  AVG MX 2MIN
DY MAX MIN AVG DEP HDD CDD  WTR  SNW DPTH SPD SPD DIR MIN PSBL S-S WX    SPD DR
================================================================================

 1  88  59  74   9   0   9 0.00    M    M  3.6 10 330   M    M   0        20 320
 2  93  51  72   6   0   7 0.00    M    M  1.2  8 310   M    M   0        14 320
 3  91  53  72   6   0   7 0.00    M    M  0.6  7 120   M    M   0        14 140
 4  88  51  70   4   0   5 0.00    M    M  0.5  6 130   M    M   0 8      15 150
 5  88  50  69   3   0   4 0.00    M    M  0.8  6 140   M    M   0        12 140
 6  94  49  72   6   0   7 0.00    M    M  0.5  6 130   M    M   0        14 140
 7  95  51  73   6   0   8 0.00    M    M  1.1  7  60   M    M   0        14 150
 8  97  53  75   8   0  10 0.00    M    M  2.7  6  60   M    M   0        12 130
 9  95  54  75   8   0  10 0.00    M    M  1.5  8  60   M    M   0 8      12 140
10  90  56  73   6   0   8 0.00    M    M  1.4  7 340   M    M   0        15 330
11  90  56  73   5   0   8 0.00    M    M  1.1  5  60   M    M   0        10 140
12  91  52  72   4   0   7 0.00    M    M  1.2  6 110   M    M   0        14 130
13  90  52  71   3   0   6 0.00    M    M  0.3  6 110   M    M   0        15 130
14  93  50  72   4   0   7 0.00    M    M  0.6  8 130   M    M   0        14 130
15  92  54  73   5   0   8 0.00    M    M  3.0  9 330   M    M   1        18 360
16  88  56  72   4   0   7 0.00    M    M  3.5  9  20   M    M   0        19  20
17  89  54  72   4   0   7 0.00    M    M  2.0  8  90   M    M   0        13 290
18  85  49  67  -2   0   2 0.00    M    M  1.4  8  90   M    M   0        16  80
19  87  46  67  -2   0   2 0.00    M    M  0.8  6  60   M    M   0        13 140
20  87  50  69   0   0   4 0.00    M    M  1.2  6  60   M    M   0         9 300
================================================================================
SM 1811 1046         0 133  0.00    M     29.0          M        1
================================================================================
AV 90.6 52.3                               1.5 FASTST   M    M   0    MAX(MPH)
                                 MISC ---->  # 10 330               # 20  320
================================================================================
NOTES:
# LAST OF SEVERAL OCCURRENCES

COLUMN 17 PEAK WIND IN M.P.H.

PRELIMINARY LOCAL CLIMATOLOGICAL DATA (WS FORM: F-6) , PAGE 2

                                          STATION:  MT SHASTA CITY CA
                                          MONTH:    JULY
                                          YEAR:     2017
                                          LATITUDE:   41 19 N
                                          LONGITUDE: 122 19 W

[TEMPERATURE DATA]      [PRECIPITATION DATA]       SYMBOLS USED IN COLUMN 16

AVERAGE MONTHLY: 71.4   TOTAL FOR MONTH:   0.00    1 = FOG OR MIST
DPTR FM NORMAL:   4.1   DPTR FM NORMAL:   -0.28    2 = FOG REDUCING VISIBILITY
HIGHEST:    97 ON  8    GRTST 24HR  0.00 ON 20-20      TO 1/4 MILE OR LESS
LOWEST:     46 ON 19                               3 = THUNDER
                        SNOW, ICE PELLETS, HAIL    4 = ICE PELLETS
                        TOTAL MONTH:    M          5 = HAIL
                        GRTST 24HR    M  ON   M    6 = FREEZING RAIN OR DRIZZLE
                        GRTST DEPTH:  M  ON   M    7 = DUSTSTORM OR SANDSTORM:
                                                       VSBY 1/2 MILE OR LESS
                                                   8 = SMOKE OR HAZE
[NO. OF DAYS WITH]      [WEATHER - DAYS WITH]      9 = BLOWING SNOW
                                                   X = TORNADO
MAX 32 OR BELOW:   0    0.01 INCH OR MORE:   0
MAX 90 OR ABOVE:  12    0.10 INCH OR MORE:   0
MIN 32 OR BELOW:   0    0.50 INCH OR MORE:   0
MIN  0 OR BELOW:   0    1.00 INCH OR MORE:   0

[HDD (BASE 65) ]
TOTAL THIS MO.     0    CLEAR  (SCALE 0-3)  20
DPTR FM NORMAL   -26    PTCLDY (SCALE 4-7)   0
TOTAL FM JUL 1     0    CLOUDY (SCALE 8-10)  0
DPTR FM NORMAL   -26

[CDD (BASE 65) ]
TOTAL THIS MO.   133
DPTR FM NORMAL    61    [PRESSURE DATA]
TOTAL FM JAN 1   253    HIGHEST SLP  0.00 ON M
DPTR FM NORMAL   136    LOWEST  SLP  0.00 ON 11

[REMARKS]
