000
CXUS52 KMFL 271000
CF6MIA
PRELIMINARY LOCAL CLIMATOLOGICAL DATA (WS FORM: F-6)

                                          STATION:   MIAMI
                                          MONTH:     NOVEMBER
                                          YEAR:      2014
                                          LATITUDE:   25 49 N
                                          LONGITUDE:  80 17 W

  TEMPERATURE IN F:       :PCPN:    SNOW:  WIND      :SUNSHINE: SKY     :PK WND
================================================================================
1   2   3   4   5  6A  6B    7    8   9   10  11  12  13   14  15   16   17  18
                                     12Z  AVG MX 2MIN
DY MAX MIN AVG DEP HDD CDD  WTR  SNW DPTH SPD SPD DIR MIN PSBL S-S WX    SPD DR
================================================================================

 1  78  57  68  -9   0   3 0.00  0.0    0  9.2 20 280 594   89   1        27 270
 2  71  52  62 -15   3   0 0.00  0.0    0  8.2 15 340 632   94   2        20 340
 3  78  60  69  -8   0   4 0.00  0.0    0 10.5 20  50 402   60   7        26  50
 4  81  70  76  -1   0  11    T  0.0    0 11.8 22  80 210   31   5        29  90
 5  82  73  78   2   0  13 0.15  0.0    0  9.9 21  80 134   20   7 8      28  30
 6  84  68  76   0   0  11 0.00  0.0    0  4.5 12  70 418   63   5        17  70
 7  84  67  76   0   0  11 0.00  0.0    0  4.5 10 320 545   82   4        14 290
 8  83  66  75  -1   0  10 0.00  0.0    0  4.1 14 140 405   61   6 1      20 150
 9  76  67  72  -4   0   7 1.44  0.0    0  3.6 13 320  16    2   8 1      17 310
10  77  66  72  -4   0   7 0.36  0.0    0  5.3 13 340 277   42   6 1      17 350
11  80  63  72  -4   0   7 0.00  0.0    0  6.2 14 280 619   94   1        21 270
12  84  63  74  -1   0   9 0.00  0.0    0  6.2 13 310 618   94   3        18 310
13  84  68  76   1   0  11 0.00  0.0    0  5.2 14  80 471   72   3        17  90
14  83  66  75   0   0  10 0.00  0.0    0  4.6 10 340 605   93   2        16 340
15  82  65  74  -1   0   9 0.00  0.0    0  6.4 14  80 504   77   3 1      18  80
16  83  74  79   4   0  14 0.00  0.0    0 10.2 18 100 431   66   6        22 110
17  87  75  81   6   0  16 0.04  0.0    0  8.8 17 190 294   45   7 1      29 170
18  81  57  69  -5   0   4    T  0.0    0  7.9 16 330  73   11   7        23 320
19  65  55  60 -14   5   0 0.32  0.0    0  7.9 15 340   0    0   9 1      23 350
20  78  62  70  -4   0   5    T  0.0    0  9.9 18  40 102   16   9        26  70
21  75  70  73  -1   0   8 0.33  0.0    0 10.5 17  70   0    0  10 1      24  60
22  81  75  78   4   0  13    T  0.0    0 17.9 28  90   2    0  10        35 100
23  83  76  80   6   0  15    T  0.0    0 12.4 22 140 222   34   6        31 150
24  88  76  82   8   0  17    T  0.0    0  7.9 16 160 336   52   7 1      25 160
25  85  78  82   8   0  17    T  0.0    0 10.5 22 160 289   45   7 1      34 160
26  83  59  71  -2   0   6 0.02  0.0    0  9.5 20 310   M    M   8 1      26 340
================================================================================
SM 2096 1728         8 238  2.66     0.0 213.6         8199    149
================================================================================
AV 80.6 66.5                               8.2 FASTST  328  50   6    MAX(MPH)
                                 MISC ---->  # 28  90               # 35  100
================================================================================
NOTES:
# LAST OF SEVERAL OCCURRENCES

COLUMN 17 PEAK WIND IN M.P.H.

PRELIMINARY LOCAL CLIMATOLOGICAL DATA (WS FORM: F-6) , PAGE 2

                                          STATION:  MIAMI
                                          MONTH:    NOVEMBER
                                          YEAR:     2014
                                          LATITUDE:   25 49 N
                                          LONGITUDE:  80 17 W

[TEMPERATURE DATA]      [PRECIPITATION DATA]       SYMBOLS USED IN COLUMN 16

AVERAGE MONTHLY: 73.5   TOTAL FOR MONTH:   2.66    1 = FOG OR MIST
DPTR FM NORMAL:  -1.7   DPTR FM NORMAL:   -0.26    2 = FOG REDUCING VISIBILITY
HIGHEST:    88 ON 24    GRTST 24HR  1.80 ON  9-10      TO 1/4 MILE OR LESS
LOWEST:     52 ON  2                               3 = THUNDER
                        SNOW, ICE PELLETS, HAIL    4 = ICE PELLETS
                        TOTAL MONTH:   0.0 INCH    5 = HAIL
                        GRTST 24HR     0.0         6 = FREEZING RAIN OR DRIZZLE
                        GRTST DEPTH:   0           7 = DUSTSTORM OR SANDSTORM:
                                                       VSBY 1/2 MILE OR LESS
                                                   8 = SMOKE OR HAZE
[NO. OF DAYS WITH]      [WEATHER - DAYS WITH]      9 = BLOWING SNOW
                                                   X = TORNADO
MAX 32 OR BELOW:   0    0.01 INCH OR MORE:   7
MAX 90 OR ABOVE:   0    0.10 INCH OR MORE:   5
MIN 32 OR BELOW:   0    0.50 INCH OR MORE:   1
MIN  0 OR BELOW:   0    1.00 INCH OR MORE:   1

[HDD (BASE 65) ]
TOTAL THIS MO.     8    CLEAR  (SCALE 0-3)   6
DPTR FM NORMAL     8    PTCLDY (SCALE 4-7)  14
TOTAL FM JUL 1     8    CLOUDY (SCALE 8-10)  6
DPTR FM NORMAL     8

[CDD (BASE 65) ]
TOTAL THIS MO.   238
DPTR FM NORMAL   -30    [PRESSURE DATA]
TOTAL FM JAN 1  4534    HIGHEST SLP M ON M
DPTR FM NORMAL   194    LOWEST  SLP 29.82 ON  9

[REMARKS]
