000
CXUS53 KMPX 271000
CF6MIC
PRELIMINARY LOCAL CLIMATOLOGICAL DATA (WS FORM: F-6)

                                          STATION:   MINNEAPOLIS CRYSTAL MN
                                          MONTH:     AUGUST
                                          YEAR:      2014
                                          LATITUDE:   45  4 N
                                          LONGITUDE:  93 21 W

  TEMPERATURE IN F:       :PCPN:    SNOW:  WIND      :SUNSHINE: SKY     :PK WND
================================================================================
1   2   3   4   5  6A  6B    7    8   9   10  11  12  13   14  15   16   17  18
                                     12Z  AVG MX 2MIN
DY MAX MIN AVG DEP HDD CDD  WTR  SNW DPTH SPD SPD DIR MIN PSBL S-S WX    SPD DR
================================================================================

 1  87  60  74   1   0   9 0.00    M    M  3.2 10 290   M    M   1 138    15 310
 2  88  61  75   2   0  10 0.02    M    M  5.1 23 260   M    M   3 138    30 330
 3  87  62  75   2   0  10 0.00    M    M  3.5 13 240   M    M   1 138    17 240
 4  82  65  74   1   0   9 0.00    M    M  5.7 14  10   M    M   3 1      17 330
 5  82  60  71  -2   0   6 0.00    M    M  4.9 13  50   M    M   1        19 120
 6  86  57  72  -1   0   7 0.00    M    M  3.1 10  90   M    M   2        16  20
 7  86  59  73   0   0   8 0.00    M    M  4.2 14 130   M    M   1 18     18 160
 8  86  64  75   2   0  10 0.00    M    M  4.6 14  90   M    M   3        23 350
 9  82  65  74   1   0   9    T    M    M  5.7 15 150   M    M   4        19 160
10  84  68  76   4   0  11 0.18    M    M  6.7 17 220   M    M   7 138    22 220
11  80  62  71  -1   0   6 0.07    M    M  9.9 21 330   M    M   8 18     28 330
12  81  57  69  -3   0   4 0.00    M    M  8.0 20 310   M    M   0 1      26 310
13  84  61  73   1   0   8 0.00    M    M  5.1 12  30   M    M   2        19  20
14  82  59  71  -1   0   6 0.00    M    M  7.1 13 160   M    M   2        17  50
15  86  64  75   3   0  10 0.00    M    M  7.2 15 160   M    M   1        20 230
16  86  68  77   5   0  12 0.00    M    M  5.1 10 280   M    M   5 18     14 290
17  78  70  74   2   0   9 0.08    M    M  6.3 16 120   M    M   9 138    21 130
18  88  66  77   5   0  12 0.55    M    M  4.8 25 270   M    M   5 138    43 270
19  83  64  74   3   0   9 0.00    M    M  6.1 16 320   M    M   5        21 300
20  84  63  74   3   0   9 0.00    M    M  4.7 10 100   M    M   1 1      15 140
21  82  70  76   5   0  11 0.98    M    M  6.6 13  70   M    M   6 13     17  60
22  78  68  73   2   0   8 0.00    M    M  4.2 12 330   M    M   8 18     14 350
23  78  69  74   4   0   9 0.00    M    M  6.6 15 130   M    M   8 18     21 140
24  89  71  80  10   0  15 0.26    M    M 10.4 21 130   M    M   6 38     26 130
25  78  63  71   1   0   6 0.00    M    M  7.6 17 260   M    M   0 1      22 260
26  76  56  66  -4   0   1 0.02    M    M  5.8 14 300   M    M   1        17 340
================================================================================
SM 2163 1652         0 224  2.16    M    152.2          M       93
================================================================================
AV 83.2 63.5                               5.9 FASTST   M    M   4    MAX(MPH)
                                 MISC ---->  # 25 270               # 43  270
================================================================================
NOTES:
# LAST OF SEVERAL OCCURRENCES

COLUMN 17 PEAK WIND IN M.P.H.

PRELIMINARY LOCAL CLIMATOLOGICAL DATA (WS FORM: F-6) , PAGE 2

                                          STATION:  MINNEAPOLIS CRYSTAL MN
                                          MONTH:    AUGUST
                                          YEAR:     2014
                                          LATITUDE:   45  4 N
                                          LONGITUDE:  93 21 W

[TEMPERATURE DATA]      [PRECIPITATION DATA]       SYMBOLS USED IN COLUMN 16

AVERAGE MONTHLY: 73.4   TOTAL FOR MONTH:   2.16    1 = FOG OR MIST
DPTR FM NORMAL:   1.5   DPTR FM NORMAL:   -1.05    2 = FOG REDUCING VISIBILITY
HIGHEST:    89 ON 24    GRTST 24HR  0.98 ON 21-21      TO 1/4 MILE OR LESS
LOWEST:     56 ON 26                               3 = THUNDER
                        SNOW, ICE PELLETS, HAIL    4 = ICE PELLETS
                        TOTAL MONTH:    M          5 = HAIL
                        GRTST 24HR    M  ON   M    6 = FREEZING RAIN OR DRIZZLE
                        GRTST DEPTH:  M  ON   M    7 = DUSTSTORM OR SANDSTORM:
                                                       VSBY 1/2 MILE OR LESS
                                                   8 = SMOKE OR HAZE
[NO. OF DAYS WITH]      [WEATHER - DAYS WITH]      9 = BLOWING SNOW
                                                   X = TORNADO
MAX 32 OR BELOW:   0    0.01 INCH OR MORE:   8
MAX 90 OR ABOVE:   0    0.10 INCH OR MORE:   4
MIN 32 OR BELOW:   0    0.50 INCH OR MORE:   2
MIN  0 OR BELOW:   0    1.00 INCH OR MORE:   0

[HDD (BASE 65) ]
TOTAL THIS MO.     0    CLEAR  (SCALE 0-3)  15
DPTR FM NORMAL    -2    PTCLDY (SCALE 4-7)  10
TOTAL FM JUL 1     4    CLOUDY (SCALE 8-10)  1
DPTR FM NORMAL    -4

[CDD (BASE 65) ]
TOTAL THIS MO.   224
DPTR FM NORMAL    39    [PRESSURE DATA]
TOTAL FM JAN 1   651    HIGHEST SLP M ON M
DPTR FM NORMAL    43    LOWEST  SLP 29.65 ON 18

[REMARKS]
