000
CXUS55 KEAX 230736
CF6MKC
PRELIMINARY LOCAL CLIMATOLOGICAL DATA (WS FORM: F-6)

                                          STATION:   Downtown Kansas City MO
                                          MONTH:     MAY
                                          YEAR:      2017
                                          LATITUDE:   39  7 N
                                          LONGITUDE:  94 36 W

  TEMPERATURE IN F:       :PCPN:    SNOW:  WIND      :SUNSHINE: SKY     :PK WND
================================================================================
1   2   3   4   5  6A  6B    7    8   9   10  11  12  13   14  15   16   17  18
                                     12Z  AVG MX 2MIN
DY MAX MIN AVG DEP HDD CDD  WTR  SNW DPTH SPD SPD DIR MIN PSBL S-S WX    SPD DR
================================================================================

 1  62   M   M   M   M   M    T    M    M 10.6 20 290   0    0   0        32 310
 2  68  49  59  -3   6   0    T    M    M  5.8 15 330   M    M   5        24 350
 3  56  46  51 -11  14   0 0.07    M    M  8.8 18  40   M    M   8 1      25  50
 4  70  40  55  -8  10   0 0.00    M    M  9.0 23 360   M    M   2        30 360
 5  76  44  60  -3   5   0 0.00    M    M  3.9 16 360   M    M   0        23 360
 6  79  52  66   3   0   1 0.00    M    M  5.5 16 320   M    M   0        23 300
 7  82  51  67   3   0   2 0.00    M    M  6.1 15 180   M    M   0        21 180
 8  85  63  74  10   0   9 0.00    M    M  9.5 21 220   M    M   0        29 210
 9  86  66  76  12   0  11 0.00    M    M 10.0 16 210   M    M   1        21 250
10  82  67  75  10   0  10 0.20    M    M  9.6 40 200   M    M   4 13     55 210
11  70  61  66   1   0   1 0.01    M    M  9.2 18  20   M    M  10 1      22  60
12  76  57  67   2   0   2 0.00    M    M  7.9 17  30   M    M   0        22  20
13  81  51  66   0   0   1 0.00    M    M  6.3 20 200   M    M   0        24 190
14  84  59  72   6   0   7 0.00    M    M 13.4 26 180   M    M   0        33 180
15  90  66  78  12   0  13 0.00    M    M 13.8 23 210   M    M   0        28 200
16  86  69  78  12   0  13 0.00    M    M 16.9 28 190   M    M   2        38 200
17  82  67  75   8   0  10 0.01    M    M 18.3 40 210   M    M   5 3      53 210
18  82  58  70   3   0   5 0.78    M    M  7.2 30 280   M    M   4 13     42 290
19  72  61  67   0   0   2 0.36    M    M 10.2 22  90   M    M   9 13     29  90
20  65  53  59  -9   6   0 0.03    M    M 10.5 22 140   M    M   9 1      32 130
21  72  47  60  -8   5   0 0.00    M    M  8.2 18 300   M    M   0        26 310
22  74  54  64  -4   1   0 0.21    M    M  6.3 18 240   M    M   3 13     26 240
================================================================================
SM 1680 1181        47  87  1.67    M    207.0            0     62
================================================================================
AV 76.4 56.2                               9.4 FASTST    0   0   3    MAX(MPH)
                                 MISC ---->  # 40 200               # 55  210
================================================================================
NOTES:
# LAST OF SEVERAL OCCURRENCES

COLUMN 17 PEAK WIND IN M.P.H.

PRELIMINARY LOCAL CLIMATOLOGICAL DATA (WS FORM: F-6) , PAGE 2

                                          STATION:  Downtown Kansas City MO
                                          MONTH:    MAY
                                          YEAR:     2017
                                          LATITUDE:   39  7 N
                                          LONGITUDE:  94 36 W

[TEMPERATURE DATA]      [PRECIPITATION DATA]       SYMBOLS USED IN COLUMN 16

AVERAGE MONTHLY: 66.3   TOTAL FOR MONTH:   1.67    1 = FOG OR MIST
DPTR FM NORMAL:   1.3   DPTR FM NORMAL:   -1.96    2 = FOG REDUCING VISIBILITY
HIGHEST:    90 ON 15    GRTST 24HR  0.78 ON 18-18      TO 1/4 MILE OR LESS
LOWEST:     40 ON  4                               3 = THUNDER
                        SNOW, ICE PELLETS, HAIL    4 = ICE PELLETS
                        TOTAL MONTH:    M          5 = HAIL
                        GRTST 24HR    M  ON   M    6 = FREEZING RAIN OR DRIZZLE
                        GRTST DEPTH:  M  ON   M    7 = DUSTSTORM OR SANDSTORM:
                                                       VSBY 1/2 MILE OR LESS
                                                   8 = SMOKE OR HAZE
[NO. OF DAYS WITH]      [WEATHER - DAYS WITH]      9 = BLOWING SNOW
                                                   X = TORNADO
MAX 32 OR BELOW:   0    0.01 INCH OR MORE:   8
MAX 90 OR ABOVE:   1    0.10 INCH OR MORE:   4
MIN 32 OR BELOW:   0    0.50 INCH OR MORE:   1
MIN  0 OR BELOW:   0    1.00 INCH OR MORE:   0

[HDD (BASE 65) ]
TOTAL THIS MO.    47    CLEAR  (SCALE 0-3)  14
DPTR FM NORMAL   -19    PTCLDY (SCALE 4-7)   5
TOTAL FM JUL 1  3539    CLOUDY (SCALE 8-10)  3
DPTR FM NORMAL -1134

[CDD (BASE 65) ]
TOTAL THIS MO.    87
DPTR FM NORMAL    19    [PRESSURE DATA]
TOTAL FM JAN 1   138    HIGHEST SLP  0.00 ON M
DPTR FM NORMAL    32    LOWEST  SLP  0.00 ON M

[REMARKS]
