000
CXUS55 KEAX 250736
CF6MKC
PRELIMINARY LOCAL CLIMATOLOGICAL DATA (WS FORM: F-6)

                                          STATION:   Downtown Kansas City MO
                                          MONTH:     OCTOBER
                                          YEAR:      2014
                                          LATITUDE:   39  7 N
                                          LONGITUDE:  94 36 W

  TEMPERATURE IN F:       :PCPN:    SNOW:  WIND      :SUNSHINE: SKY     :PK WND
================================================================================
1   2   3   4   5  6A  6B    7    8   9   10  11  12  13   14  15   16   17  18
                                     12Z  AVG MX 2MIN
DY MAX MIN AVG DEP HDD CDD  WTR  SNW DPTH SPD SPD DIR MIN PSBL S-S WX    SPD DR
================================================================================

 1  81  67  74  10   0   9 2.71    M    M  8.0 18 270   M    M   7 138    28 270
 2  73  57  65   2   0   0 1.61    M    M  8.4 21 310   M    M   8 13     30 320
 3  57  46  52 -11  13   0 0.03    M    M 11.5 22 290   M    M   3        36 310
 4  61  41  51 -12  14   0 0.00    M    M  9.0 22 320   M    M   0        31 320
 5  76  48  62   0   3   0 0.02    M    M  6.7 20 270   M    M   4 3      26 270
 6  74  53  64   2   1   0 0.08    M    M  5.6 14 200   M    M   0 3      20 260
 7  79  56  68   6   0   3 0.00    M    M  4.8 16 350   M    M   1        21 340
 8  75  51  63   2   2   0    T    M    M  5.3 12  80   M    M   2 13     14  80
 9  63  54  59  -2   6   0 2.20    M    M 10.5 20  60   M    M  10 13     25  80
10  56  51  54  -6  11   0 0.05    M    M  9.0 17  60   M    M  10        21  60
11  64  43  54  -6  11   0 0.00    M    M  5.5 12 140   M    M   3        15 140
12  61  53  57  -3   8   0 0.00    M    M  5.5 12 190   M    M  10        15 190
13  60  54  57  -2   8   0 0.99    M    M 11.8 22 310   M    M   9 1      33 320
14  68  53  61   2   4   0    T    M    M 14.9 26 320   M    M   4        41 310
15  70  47  59   0   6   0 0.00    M    M  6.3 15 290   M    M   0        20 360
16  79  46  63   5   2   0 0.00    M    M  4.4 16 190   M    M   0        20 170
17  69  49  59   1   6   0 0.00    M    M  6.0 17 330   M    M   0        25 330
18  64  43  54  -4  11   0 0.00    M    M  3.4 12  20   M    M   0        16 360
19  70  43  57   0   8   0 0.00    M    M  6.1 16 200   M    M   0        22 210
20  76  50  63   6   2   0 0.00    M    M  2.8  9 360   M    M   0 1      13 360
21  76  45  61   4   4   0 0.00    M    M  3.4 14 110   M    M   0 18     19 110
22  75  55  65   9   0   0 0.00    M    M  7.9 14 130   M    M   4        19 130
23  67  56  62   6   3   0 0.10    M    M  5.7 13 220   M    M   7 18     16 210
24  77  55  66  10   0   1 0.00    M    M  7.0 15 210   M    M   1 18     19 220
================================================================================
SM 1671 1216       123  13  7.79    M    169.5          M       83
================================================================================
AV 69.6 50.7                               7.1 FASTST   M    M   3    MAX(MPH)
                                 MISC ---->  # 26 320               # 41  310
================================================================================
NOTES:
# LAST OF SEVERAL OCCURRENCES

COLUMN 17 PEAK WIND IN M.P.H.

PRELIMINARY LOCAL CLIMATOLOGICAL DATA (WS FORM: F-6) , PAGE 2

                                          STATION:  Downtown Kansas City MO
                                          MONTH:    OCTOBER
                                          YEAR:     2014
                                          LATITUDE:   39  7 N
                                          LONGITUDE:  94 36 W

[TEMPERATURE DATA]      [PRECIPITATION DATA]       SYMBOLS USED IN COLUMN 16

AVERAGE MONTHLY: 60.1   TOTAL FOR MONTH:   7.79    1 = FOG OR MIST
DPTR FM NORMAL:   0.5   DPTR FM NORMAL:    4.95    2 = FOG REDUCING VISIBILITY
HIGHEST:    81 ON  1    GRTST 24HR  3.85 ON  1- 2      TO 1/4 MILE OR LESS
LOWEST:     41 ON  4                               3 = THUNDER
                        SNOW, ICE PELLETS, HAIL    4 = ICE PELLETS
                        TOTAL MONTH:    M          5 = HAIL
                        GRTST 24HR    M  ON   M    6 = FREEZING RAIN OR DRIZZLE
                        GRTST DEPTH:  M  ON   M    7 = DUSTSTORM OR SANDSTORM:
                                                       VSBY 1/2 MILE OR LESS
                                                   8 = SMOKE OR HAZE
[NO. OF DAYS WITH]      [WEATHER - DAYS WITH]      9 = BLOWING SNOW
                                                   X = TORNADO
MAX 32 OR BELOW:   0    0.01 INCH OR MORE:   9
MAX 90 OR ABOVE:   0    0.10 INCH OR MORE:   5
MIN 32 OR BELOW:   0    0.50 INCH OR MORE:   4
MIN  0 OR BELOW:   0    1.00 INCH OR MORE:   3

[HDD (BASE 65) ]
TOTAL THIS MO.   123    CLEAR  (SCALE 0-3)  13
DPTR FM NORMAL   -40    PTCLDY (SCALE 4-7)   6
TOTAL FM JUL 1   162    CLOUDY (SCALE 8-10)  5
DPTR FM NORMAL   -44

[CDD (BASE 65) ]
TOTAL THIS MO.    13
DPTR FM NORMAL   -23    [PRESSURE DATA]
TOTAL FM JAN 1  1642    HIGHEST SLP  0.00 ON M
DPTR FM NORMAL   -26    LOWEST  SLP  0.00 ON M

[REMARKS]
