000
CXUS53 KMKX 260900
CF6MKE
PRELIMINARY LOCAL CLIMATOLOGICAL DATA (WS FORM: F-6)

                                          STATION:   MILWAUKEE WI
                                          MONTH:     MAY
                                          YEAR:      2015
                                          LATITUDE:   42 57 N
                                          LONGITUDE:  87 54 W

  TEMPERATURE IN F:       :PCPN:    SNOW:  WIND      :SUNSHINE: SKY     :PK WND
================================================================================
1   2   3   4   5  6A  6B    7    8   9   10  11  12  13   14  15   16   17  18
                                     12Z  AVG MX 2MIN
DY MAX MIN AVG DEP HDD CDD  WTR  SNW DPTH SPD SPD DIR MIN PSBL S-S WX    SPD DR
================================================================================

 1  61  39  50  -1  15   0 0.00  0.0    0  6.4 13 130   M    M   4        15 140
 2  76  51  64  13   1   0 0.00  0.0    0  8.1 18 140   M    M   6        20 140
 3  80  58  69  17   0   4    T  0.0    0 12.3 24 210   M    M   7        30 230
 4  68  50  59   7   6   0 0.00  0.0    0  7.9 21 300   M    M   8        27 300
 5  53  44  49  -3  16   0 0.44  0.0    0  8.3 15  50   M    M  10 1      21  50
 6  60  45  53   1  12   0 0.00  0.0    0  4.6 10  90   M    M   9 128    13  70
 7  81  45  63  10   2   0 0.00  0.0    0  9.7 24 200   M    M   5 18     30 210
 8  80  63  72  19   0   7 0.24  0.0    0  9.8 17 240   M    M   8 1      24 220
 9  63  45  54   0  11   0    T  0.0    0 15.8 26  20   M    M  10 1      36  10
10  47  41  44 -10  21   0 0.06  0.0    0 14.4 28  10   M    M  10 128    35  10
11  70  45  58   4   7   0 0.11  0.0    0 13.1 28 250   M    M   9 128    39 240
12  54  43  49  -5  16   0    T  0.0    0 13.5 24 300   M    M   8        33 300
13  49  37  43 -12  22   0 0.00  0.0    0  7.0 18  30   M    M   4        24  30
14  57  40  49  -6  16   0 0.05  0.0    0 11.1 18 140   M    M   8 18     22 140
15  75  47  61   6   4   0 0.01  0.0    0  6.1 15 250   M    M   8 18     22 240
16  66  47  57   1   8   0    T  0.0    0  4.0 10 110   M    M   8 128    16  90
17  78  47  63   7   2   0 0.21  0.0    0 10.9 26 160   M    M   8 18     33 160
18  75  49  62   6   3   0 0.00  0.0    0 16.2 28 240   M    M   4 8      37 240
19  51  37  44 -13  21   0 0.00  0.0    0  9.9 20 290   M    M   8        28 300
20  50  37  44 -13  21   0 0.00  0.0    0  4.5 10 270   M    M   9        13  90
21  72  44  58   1   7   0    T  0.0    0 10.3 20  20   M    M   5        25  20
22  57  43  50  -8  15   0 0.00  0.0    0  7.4 13  40   M    M   3        15  40
23  74  45  60   2   5   0 0.00  0.0    0  8.7 21 140   M    M   4        24 140
24  67  51  59   1   6   0 0.29  0.0    0  5.5 14  80   M    M   8 18     17  80
25  79  54  67   8   0   2 0.04  0.0    0 12.2 26 230   M    M   8 1      34 230
================================================================================
SM 1643 1147       237  13  1.45     0.0 237.7          M      179
================================================================================
AV 65.7 45.9                               9.5 FASTST   M    M   7    MAX(MPH)
                                 MISC ---->  # 28  10               # 39  240
================================================================================
NOTES:
# LAST OF SEVERAL OCCURRENCES

COLUMN 17 PEAK WIND IN M.P.H.

PRELIMINARY LOCAL CLIMATOLOGICAL DATA (WS FORM: F-6) , PAGE 2

                                          STATION:  MILWAUKEE WI
                                          MONTH:    MAY
                                          YEAR:     2015
                                          LATITUDE:   42 57 N
                                          LONGITUDE:  87 54 W

[TEMPERATURE DATA]      [PRECIPITATION DATA]       SYMBOLS USED IN COLUMN 16

AVERAGE MONTHLY: 55.8   TOTAL FOR MONTH:   1.45    1 = FOG OR MIST
DPTR FM NORMAL:   1.0   DPTR FM NORMAL:   -1.26    2 = FOG REDUCING VISIBILITY
HIGHEST:    81 ON  7    GRTST 24HR  0.44 ON  5- 5      TO 1/4 MILE OR LESS
LOWEST:     37 ON 20,19                            3 = THUNDER
                        SNOW, ICE PELLETS, HAIL    4 = ICE PELLETS
                        TOTAL MONTH:   0.0 INCH    5 = HAIL
                        GRTST 24HR     0.0         6 = FREEZING RAIN OR DRIZZLE
                        GRTST DEPTH:   0           7 = DUSTSTORM OR SANDSTORM:
                                                       VSBY 1/2 MILE OR LESS
                                                   8 = SMOKE OR HAZE
[NO. OF DAYS WITH]      [WEATHER - DAYS WITH]      9 = BLOWING SNOW
                                                   X = TORNADO
MAX 32 OR BELOW:   0    0.01 INCH OR MORE:   9
MAX 90 OR ABOVE:   0    0.10 INCH OR MORE:   5
MIN 32 OR BELOW:   0    0.50 INCH OR MORE:   0
MIN  0 OR BELOW:   0    1.00 INCH OR MORE:   0

[HDD (BASE 65) ]
TOTAL THIS MO.   237    CLEAR  (SCALE 0-3)   1
DPTR FM NORMAL   -37    PTCLDY (SCALE 4-7)  14
TOTAL FM JUL 1  7068    CLOUDY (SCALE 8-10) 10
DPTR FM NORMAL   297

[CDD (BASE 65) ]
TOTAL THIS MO.    13
DPTR FM NORMAL    -2    [PRESSURE DATA]
TOTAL FM JAN 1    13    HIGHEST SLP M ON M
DPTR FM NORMAL    -7    LOWEST  SLP 29.68 ON 17

[REMARKS]
