000
CXHW52 PHFO 191250
CF6MKK
PRELIMINARY LOCAL CLIMATOLOGICAL DATA (WS FORM: F-6)

                                          STATION:   MOLOKAI HI
                                          MONTH:     SEPTEMBER
                                          YEAR:      2017
                                          LATITUDE:   21  8 N
                                          LONGITUDE: 157  6 W

  TEMPERATURE IN F:       :PCPN:    SNOW:  WIND      :SUNSHINE: SKY     :PK WND
================================================================================
1   2   3   4   5  6A  6B    7    8   9   10  11  12  13   14  15   16   17  18
                                     12Z  AVG MX 2MIN
DY MAX MIN AVG DEP HDD CDD  WTR  SNW DPTH SPD SPD DIR MIN PSBL S-S WX    SPD DR
================================================================================

 1  88  70  79   0   0  14 0.00  0.0    M  7.5 17  10   M    M   M        22 360
 2  86  71  79   1   0  14 0.00  0.0    M  8.4 18  30   M    M   M        27  10
 3  87  67  77  -1   0  12 0.00  0.0    M  5.2 18 200   M    M   M        23 200
 4  89  66  78   0   0  13 0.00  0.0    M  3.9 13  20   M    M   M        18  40
 5  87  68  78   0   0  13 0.00  0.0    M  6.7 15 360   M    M   M        20 360
 6  86  67  77  -1   0  12 0.00  0.0    M  9.6 21  50   M    M   M        29  50
 7  91  70  81   3   0  16 0.00  0.0    M 10.4 20  50   M    M   M        30  50
 8  90  71  81   3   0  16 0.00  0.0    M 10.1 23  50   M    M   M        30  50
 9  89  76  83   5   0  18 0.00  0.0    M 10.0 20  50   M    M   M        24  50
10  87  70  79   1   0  14    T  0.0    M  4.0 14 350   M    M   M        19 170
11  86  67  77  -1   0  12 0.04  0.0    M  3.5 13 190   M    M   M        16 190
12  86  70  78   0   0  13 0.05  0.0    M  2.9 13 360   M    M   M 1      16 320
13  87  72  80   2   0  15 0.00  0.0    M  4.6 14 150   M    M   M        18 160
14  89  70  80   2   0  15    T  0.0    M  3.7 13 160   M    M   M        16 150
15  91  67  79   1   0  14 0.00  0.0    M  7.5 20  60   M    M   M        26  40
16  89  75  82   4   0  17 0.00  0.0    M 14.4 29  60   M    M   M        40  50
17  88  74  81   3   0  16 0.03  0.0    M 15.9 28  60   M    M   M        36  60
18  86  74  80   2   0  15    T  0.0    M 13.3 28  60   M    M   M 1      36  70
================================================================================
SM 1582 1265         0 259  0.12     0.0 141.6          M        M
================================================================================
AV 87.9 70.3                               7.9 FASTST   M    M -nan   MAX(MPH)
                                 MISC ---->  # 29  60               # 40   50
================================================================================
NOTES:
# LAST OF SEVERAL OCCURRENCES

COLUMN 17 PEAK WIND IN M.P.H.

PRELIMINARY LOCAL CLIMATOLOGICAL DATA (WS FORM: F-6) , PAGE 2

                                          STATION:  MOLOKAI HI
                                          MONTH:    SEPTEMBER
                                          YEAR:     2017
                                          LATITUDE:   21  8 N
                                          LONGITUDE: 157  6 W

[TEMPERATURE DATA]      [PRECIPITATION DATA]       SYMBOLS USED IN COLUMN 16

AVERAGE MONTHLY: 79.1   TOTAL FOR MONTH:   0.12    1 = FOG OR MIST
DPTR FM NORMAL:   1.0   DPTR FM NORMAL:   -0.26    2 = FOG REDUCING VISIBILITY
HIGHEST:    91 ON 15, 7 GRTST 24HR  0.05 ON 12-12      TO 1/4 MILE OR LESS
LOWEST:     66 ON  4                               3 = THUNDER
                        SNOW, ICE PELLETS, HAIL    4 = ICE PELLETS
                        TOTAL MONTH:   0.0 INCH    5 = HAIL
                        GRTST 24HR     0.0         6 = FREEZING RAIN OR DRIZZLE
                        GRTST DEPTH:  M  ON   M    7 = DUSTSTORM OR SANDSTORM:
                                                       VSBY 1/2 MILE OR LESS
                                                   8 = SMOKE OR HAZE
[NO. OF DAYS WITH]      [WEATHER - DAYS WITH]      9 = BLOWING SNOW
                                                   X = TORNADO
MAX 32 OR BELOW:   0    0.01 INCH OR MORE:   3
MAX 90 OR ABOVE:   3    0.10 INCH OR MORE:   0
MIN 32 OR BELOW:   0    0.50 INCH OR MORE:   0
MIN  0 OR BELOW:   0    1.00 INCH OR MORE:   0

[HDD (BASE 65) ]
TOTAL THIS MO.     0    CLEAR  (SCALE 0-3)   0
DPTR FM NORMAL     0    PTCLDY (SCALE 4-7)   0
TOTAL FM JUL 1     0    CLOUDY (SCALE 8-10)  0
DPTR FM NORMAL     0

[CDD (BASE 65) ]
TOTAL THIS MO.   259
DPTR FM NORMAL    18    [PRESSURE DATA]
TOTAL FM JAN 1  2793    HIGHEST SLP M ON M
DPTR FM NORMAL   375    LOWEST  SLP 29.89 ON M

[REMARKS]
