000
CXUS54 KTSA 250840
CF6MKO
PRELIMINARY LOCAL CLIMATOLOGICAL DATA (WS FORM: F-6)

                                          STATION:   MUSKOGEE OKLAHOMA
                                          MONTH:     MAY
                                          YEAR:      2017
                                          LATITUDE:   35 40 N
                                          LONGITUDE:  95 22 W

  TEMPERATURE IN F:       :PCPN:    SNOW:  WIND      :SUNSHINE: SKY     :PK WND
================================================================================
1   2   3   4   5  6A  6B    7    8   9   10  11  12  13   14  15   16   17  18
                                     12Z  AVG MX 2MIN
DY MAX MIN AVG DEP HDD CDD  WTR  SNW DPTH SPD SPD DIR MIN PSBL S-S WX    SPD DR
================================================================================

 1  72  45  59  -5   6   0    T  0.0    0 13.8 26 280   M    M   3        35 290
 2  80  46  63  -1   2   0 0.00  0.0    0  5.6 13 350   M    M   0        15 360
 3  66  51  59  -6   6   0 0.05  0.0    0 13.5 25 360   M    M   8 13     34 360
 4  71  46  59  -6   6   0 0.00  0.0    0 15.8 28 360   M    M   3        39 360
 5  75  43  59  -6   6   0 0.00  0.0    0  8.9 21  10   M    M   0        29 330
 6  83  46  65  -1   0   0 0.00  0.0    0  5.3 13 270   M    M   0        24 270
 7  84  54  69   3   0   4 0.00  0.0    0  6.5 13 120   M    M   0        20 120
 8  83  58  71   5   0   6 0.00  0.0    0  7.6 15 140   M    M   0        20 210
 9  83  57  70   4   0   5 0.00  0.0    0  7.0 14 190   M    M   2        18 190
10  81  66  74   7   0   9 0.00  0.0    0  9.3 17 160   M    M   5        27 160
11  78  58  68   1   0   3 1.23  0.0    0  8.2 25 320   M    M   3 13     33 320
12  75  56  66  -1   0   1 0.05  0.0    0  9.6 24  10   M    M   7 12     31  30
13  79  50  65  -2   0   0 0.00  0.0    0  3.2 10 170   M    M   1 12     13 190
14  82  55  69   1   0   4 0.00  0.0    0  7.6 14 140   M    M   0        19 130
15  86  60  73   5   0   8 0.00  0.0    0  8.5 17 190   M    M   1        22 180
16  83  63  73   5   0   8 0.00  0.0    0 12.6 23 170   M    M   3        31 170
17  84  64  74   6   0   9 0.15  0.0    0 14.6 32 190   M    M   4 1      44 190
18  88  62  75   6   0  10 0.41  0.0    0 10.9 25 110   M    M   3 13     38 240
19  76  63  70   1   0   5 2.75  0.0    0 10.0 26 230   M    M   8 138    36 240
20  73  53  63  -6   2   0 0.31  0.0    0  8.8 18  90   M    M   6 13     24  90
21  75  49  62  -8   3   0 0.00  0.0    0  6.0 16  10   M    M   0        21  10
22  78  54  66  -4   0   1 0.06  0.0    0  4.9 14 150   M    M   2        19 140
23  72  55  64  -6   1   0    T  0.0    0  9.1 24 330   M    M   5        30 330
24  69  49  59 -11   6   0 0.00  0.0    0  9.1 18 290   M    M   3        24 320
================================================================================
SM 1876 1303        38  73  5.01     0.0 216.4          M       67
================================================================================
AV 78.2 54.3                               9.0 FASTST   M    M   3    MAX(MPH)
                                 MISC ---->  # 32 190               # 44  190
================================================================================
NOTES:
# LAST OF SEVERAL OCCURRENCES

COLUMN 17 PEAK WIND IN M.P.H.

PRELIMINARY LOCAL CLIMATOLOGICAL DATA (WS FORM: F-6) , PAGE 2

                                          STATION:  MUSKOGEE OKLAHOMA
                                          MONTH:    MAY
                                          YEAR:     2017
                                          LATITUDE:   35 40 N
                                          LONGITUDE:  95 22 W

[TEMPERATURE DATA]      [PRECIPITATION DATA]       SYMBOLS USED IN COLUMN 16

AVERAGE MONTHLY: 66.2   TOTAL FOR MONTH:   5.01    1 = FOG OR MIST
DPTR FM NORMAL:  -1.0   DPTR FM NORMAL:    0.34    2 = FOG REDUCING VISIBILITY
HIGHEST:    88 ON 18    GRTST 24HR  2.75 ON 19-19      TO 1/4 MILE OR LESS
LOWEST:     43 ON  5                               3 = THUNDER
                        SNOW, ICE PELLETS, HAIL    4 = ICE PELLETS
                        TOTAL MONTH:   0.0 INCH    5 = HAIL
                        GRTST 24HR     0.0         6 = FREEZING RAIN OR DRIZZLE
                        GRTST DEPTH:   0           7 = DUSTSTORM OR SANDSTORM:
                                                       VSBY 1/2 MILE OR LESS
                                                   8 = SMOKE OR HAZE
[NO. OF DAYS WITH]      [WEATHER - DAYS WITH]      9 = BLOWING SNOW
                                                   X = TORNADO
MAX 32 OR BELOW:   0    0.01 INCH OR MORE:   8
MAX 90 OR ABOVE:   0    0.10 INCH OR MORE:   5
MIN 32 OR BELOW:   0    0.50 INCH OR MORE:   2
MIN  0 OR BELOW:   0    1.00 INCH OR MORE:   2

[HDD (BASE 65) ]
TOTAL THIS MO.    38    CLEAR  (SCALE 0-3)  16
DPTR FM NORMAL     1    PTCLDY (SCALE 4-7)   7
TOTAL FM JUL 1  2600    CLOUDY (SCALE 8-10)  1
DPTR FM NORMAL  -900

[CDD (BASE 65) ]
TOTAL THIS MO.    73
DPTR FM NORMAL   -19    [PRESSURE DATA]
TOTAL FM JAN 1   170    HIGHEST SLP M ON M
DPTR FM NORMAL    28    LOWEST  SLP 29.58 ON 17

[REMARKS]
