000
CXUS53 KMPX 291000
CF6MKT
PRELIMINARY LOCAL CLIMATOLOGICAL DATA (WS FORM: F-6)

                                          STATION:   MANKATO MN
                                          MONTH:     SEPTEMBER
                                          YEAR:      2014
                                          LATITUDE:   44 13 N
                                          LONGITUDE:  93 55 W

  TEMPERATURE IN F:       :PCPN:    SNOW:  WIND      :SUNSHINE: SKY     :PK WND
================================================================================
1   2   3   4   5  6A  6B    7    8   9   10  11  12  13   14  15   16   17  18
                                     12Z  AVG MX 2MIN
DY MAX MIN AVG DEP HDD CDD  WTR  SNW DPTH SPD SPD DIR MIN PSBL S-S WX    SPD DR
================================================================================

 1  75  61  68   1   0   3    M    M    M  7.7 14 270   M    M   5        20 270
 2  77  59  68   2   0   3    M    M    M  6.6 14 240   M    M   3         M  M
 3  82  59  71   5   0   6    M    M    M  9.4 17 180   M    M   6        27 180
 4  84  63  74   8   0   9    M    M    M 11.6 20 190   M    M   4 3      25 190
 5  63  52  58  -7   7   0    M    M    M  9.5 15 340   M    M   3        18 340
 6  75  48  62  -3   3   0    M    M    M  7.4 14 260   M    M   0        16 270
 7  73  52  63  -2   2   0    M    M    M  9.1 15 180   M    M   0        22 220
 8  72  55  64   0   1   0    M    M    M 11.2 17 180   M    M   5        24 180
 9  72  61  67   3   0   2    M    M    M  8.1 14 130   M    M   8         M  M
10  64  48  56  -7   9   0    M    M    M 15.2 24 360   M    M  10        31 360
11  55  45  50 -13  15   0    M    M    M  9.4 14 360   M    M   6        17  10
12  55  39  47 -16  18   0    M    M    M  5.3 15 330   M    M   7         M  M
13  61  34  48 -14  17   0    M    M    M  7.7 18 190   M    M   3        23 190
14  64  46  55  -7  10   0    M    M    M  7.0 14 290   M    M   5        16 320
15  61  45  53  -8  12   0    M    M    M  5.2 14 350   M    M   6        18 330
16  66  37  52  -9  13   0    M    M    M  6.3 14 200   M    M   2        16 250
17  73  52  63   2   2   0    M    M    M  5.0  7 190   M    M   3         M  M
18  75  50  63   3   2   0    M    M    M  8.4 14 170   M    M   1        18 170
19  84  55  70  10   0   5    M    M    M 13.6 27 190   M    M   5 3      36 190
20  79  55  67   8   0   2    M    M    M 12.4 31 330   M    M   2 3      51 330
21  64  50  57  -2   8   0    M    M    M 11.8 20 350   M    M   3        27 360
22  72  45  59   1   6   0    M    M    M  5.2  8 190   M    M   1         M  M
23  73  50  62   4   3   0    M    M    M  9.7 15 160   M    M   3        21 170
24  68  57  63   5   2   0    M    M    M 11.7 17 160   M    M  10        25 160
25  77  57  67  10   0   2    M    M    M  8.3 13 140   M    M   3         M  M
26  81  57  69  12   0   4    M    M    M 10.6 18 140   M    M   3        22 140
27  82  61  72  16   0   7    M    M    M  9.3 13 190   M    M   2 3      18 190
28  81  57  69  13   0   4    M    M    M  6.2  9 190   M    M   2         M  M
================================================================================
SM 2008 1450       130  47    M     M    248.9          M      111
================================================================================
AV 71.7 51.8                               8.9 FASTST   M    M   4    MAX(MPH)
                                 MISC ---->    31   M                 51    M
================================================================================
NOTES:
# LAST OF SEVERAL OCCURRENCES

COLUMN 17 PEAK WIND IN M.P.H.

PRELIMINARY LOCAL CLIMATOLOGICAL DATA (WS FORM: F-6) , PAGE 2

                                          STATION:  MANKATO MN
                                          MONTH:    SEPTEMBER
                                          YEAR:     2014
                                          LATITUDE:   44 13 N
                                          LONGITUDE:  93 55 W

[TEMPERATURE DATA]      [PRECIPITATION DATA]       SYMBOLS USED IN COLUMN 16

AVERAGE MONTHLY: 61.8   TOTAL FOR MONTH:      M    1 = FOG OR MIST
DPTR FM NORMAL:   0.2   DPTR FM NORMAL:       M    2 = FOG REDUCING VISIBILITY
HIGHEST:    84 ON 19, 4 GRTST 24HR    M  ON   M        TO 1/4 MILE OR LESS
LOWEST:     34 ON 13                               3 = THUNDER
                        SNOW, ICE PELLETS, HAIL    4 = ICE PELLETS
                        TOTAL MONTH:    M          5 = HAIL
                        GRTST 24HR    M  ON   M    6 = FREEZING RAIN OR DRIZZLE
                        GRTST DEPTH:  M  ON   M    7 = DUSTSTORM OR SANDSTORM:
                                                       VSBY 1/2 MILE OR LESS
                                                   8 = SMOKE OR HAZE
[NO. OF DAYS WITH]      [WEATHER - DAYS WITH]      9 = BLOWING SNOW
                                                   X = TORNADO
MAX 32 OR BELOW:   0    0.01 INCH OR MORE:   0
MAX 90 OR ABOVE:   0    0.10 INCH OR MORE:   0
MIN 32 OR BELOW:   0    0.50 INCH OR MORE:   0
MIN  0 OR BELOW:   0    1.00 INCH OR MORE:   0

[HDD (BASE 65) ]
TOTAL THIS MO.   130    CLEAR  (SCALE 0-3)  13
DPTR FM NORMAL   -22    PTCLDY (SCALE 4-7)  13
TOTAL FM JUL 1   145    CLOUDY (SCALE 8-10)  2
DPTR FM NORMAL   -39

[CDD (BASE 65) ]
TOTAL THIS MO.    47
DPTR FM NORMAL    -8    [PRESSURE DATA]
TOTAL FM JAN 1   599    HIGHEST SLP M ON M
DPTR FM NORMAL   -48    LOWEST  SLP M ON M

[REMARKS]
