000
CXUS55 KDVN 300912
CF6MLI
PRELIMINARY LOCAL CLIMATOLOGICAL DATA (WS FORM: F-6)

                                          STATION:   MOLINE IL
                                          MONTH:     JULY
                                          YEAR:      2015
                                          LATITUDE:   41 27 N
                                          LONGITUDE:  90 31 W

  TEMPERATURE IN F:       :PCPN:    SNOW:  WIND      :SUNSHINE: SKY     :PK WND
================================================================================
1   2   3   4   5  6A  6B    7    8   9   10  11  12  13   14  15   16   17  18
                                     12Z  AVG MX 2MIN
DY MAX MIN AVG DEP HDD CDD  WTR  SNW DPTH SPD SPD DIR MIN PSBL S-S WX    SPD DR
================================================================================

 1  74  63  69  -6   0   4 0.00  0.0    0  8.1 15  90   M    M   5 18     20  80
 2  73  56  65 -10   0   0 0.00  0.0    0  9.2 25 190   M    M   1        28 200
 3  79  59  69  -6   0   4 0.00  0.0    0  2.7 10  80   M    M   1 1      12 100
 4  82  56  69  -6   0   4 0.00  0.0    0  1.7  9 240   M    M   0 18     11 200
 5  83  61  72  -4   0   7 0.00  0.0    0  5.7 14 160   M    M   1 18     19 200
 6  83  66  75  -1   0  10 3.17  0.0    0  8.0 31 270   M    M   6 138    43 270
 7  74  60  67  -9   0   2 0.03  0.0    0  7.1 16  30   M    M   6 18     21  30
 8  65  56  61 -15   4   0    T  0.0    0  7.1 13 100   M    M   7 1      15 140
 9  79  60  70  -6   0   5    T  0.0    0  4.5 12 320   M    M   3 1      14 320
10  80  59  70  -6   0   5 0.00  0.0    0  2.3  9 140   M    M   1        13 210
11  80  65  73  -3   0   8 0.79  0.0    0  6.1 18 130   M    M   5 12     25 140
12  88  70  79   3   0  14 0.00  0.0    0  5.4 10 150   M    M   7 128    18 100
13  93  74  84   8   0  19 0.00  0.0    0  7.4 18 240   M    M   4 3      24 240
14  88  69  79   3   0  14 0.00  0.0    0  8.1 16 310   M    M   1        22 360
15  79  61  70  -6   0   5 0.02  0.0    0  6.6 13 100   M    M   1        16  90
16  80  64  72  -4   0   7 0.42  0.0    0  7.5 23 130   M    M   8 138    35 210
17  93  71  82   6   0  17 0.00  0.0    0  6.1 14 250   M    M   1 3      17 240
18  91  77  84   8   0  19 0.00  0.0    0  8.5 23 260   M    M   0        29 260
19  87  67  77   1   0  12 0.00  0.0    0  4.5 20 240   M    M   1 1      26 220
20  86  65  76   0   0  11 0.00  0.0    0  6.0 15 250   M    M   4 1      20 250
21  83  60  72  -3   0   7 0.00  0.0    0  4.7 13 350   M    M   1        14 360
22  83  58  71  -4   0   6 0.00  0.0    0  1.6 10 200   M    M   1        13 200
23  84  60  72  -3   0   7 0.00  0.0    0  3.2  9 150   M    M   1 1      15  70
24  84  63  74  -1   0   9    T  0.0    0  4.2 25 200   M    M   1 1      35 190
25  94  72  83   8   0  18 0.00  0.0    0  4.2 16 280   M    M   2 138    21 180
26  84  71  78   3   0  13 0.01  0.0    0  5.8 15  80   M    M   3 1      19 190
27  87  67  77   2   0  12 0.00  0.0    0  5.8 14  90   M    M   1 18     23 110
28  86  70  78   3   0  13 0.35  0.0    0  5.6 17 320   M    M   2 138    24 340
29  86  65  76   1   0  11    T  0.0    0  8.1 17 280   M    M   1        23 280
================================================================================
SM 2408 1865         4 263  4.79     0.0 165.8          M       76
================================================================================
AV 83.0 64.3                               5.7 FASTST   M    M   3    MAX(MPH)
                                 MISC ---->  # 31 270               # 43  270
================================================================================
NOTES:
# LAST OF SEVERAL OCCURRENCES

COLUMN 17 PEAK WIND IN M.P.H.

PRELIMINARY LOCAL CLIMATOLOGICAL DATA (WS FORM: F-6) , PAGE 2

                                          STATION:  MOLINE IL
                                          MONTH:    JULY
                                          YEAR:     2015
                                          LATITUDE:   41 27 N
                                          LONGITUDE:  90 31 W

[TEMPERATURE DATA]      [PRECIPITATION DATA]       SYMBOLS USED IN COLUMN 16

AVERAGE MONTHLY: 73.7   TOTAL FOR MONTH:   4.79    1 = FOG OR MIST
DPTR FM NORMAL:  -1.9   DPTR FM NORMAL:    0.75    2 = FOG REDUCING VISIBILITY
HIGHEST:    94 ON 25    GRTST 24HR  3.20 ON  6- 7      TO 1/4 MILE OR LESS
LOWEST:     56 ON  8, 4                            3 = THUNDER
                        SNOW, ICE PELLETS, HAIL    4 = ICE PELLETS
                        TOTAL MONTH:   0.0 INCH    5 = HAIL
                        GRTST 24HR     0.0         6 = FREEZING RAIN OR DRIZZLE
                        GRTST DEPTH:   0           7 = DUSTSTORM OR SANDSTORM:
                                                       VSBY 1/2 MILE OR LESS
                                                   8 = SMOKE OR HAZE
[NO. OF DAYS WITH]      [WEATHER - DAYS WITH]      9 = BLOWING SNOW
                                                   X = TORNADO
MAX 32 OR BELOW:   0    0.01 INCH OR MORE:   7
MAX 90 OR ABOVE:   4    0.10 INCH OR MORE:   4
MIN 32 OR BELOW:   0    0.50 INCH OR MORE:   2
MIN  0 OR BELOW:   0    1.00 INCH OR MORE:   1

[HDD (BASE 65) ]
TOTAL THIS MO.     4    CLEAR  (SCALE 0-3)  18
DPTR FM NORMAL     4    PTCLDY (SCALE 4-7)  11
TOTAL FM JUL 1     4    CLOUDY (SCALE 8-10)  0
DPTR FM NORMAL     4

[CDD (BASE 65) ]
TOTAL THIS MO.   263
DPTR FM NORMAL   -43    [PRESSURE DATA]
TOTAL FM JAN 1   551    HIGHEST SLP M ON M
DPTR FM NORMAL   -45    LOWEST  SLP 29.57 ON 13

[REMARKS]
