000
CXUS55 KDVN 211100
CF6MLI
PRELIMINARY LOCAL CLIMATOLOGICAL DATA (WS FORM: F-6)

                                          STATION:   MOLINE IL
                                          MONTH:     JANUARY
                                          YEAR:      2018
                                          LATITUDE:   41 27 N
                                          LONGITUDE:  90 31 W

  TEMPERATURE IN F:       :PCPN:    SNOW:  WIND      :SUNSHINE: SKY     :PK WND
================================================================================
1   2   3   4   5  6A  6B    7    8   9   10  11  12  13   14  15   16   17  18
                                     12Z  AVG MX 2MIN
DY MAX MIN AVG DEP HDD CDD  WTR  SNW DPTH SPD SPD DIR MIN PSBL S-S WX    SPD DR
================================================================================

 1  -2 -19 -10 -33  75   0 0.00  0.0    5  9.6 15 280   M    M   0        18 280
 2  15 -19  -2 -25  67   0    T    T    5  8.1 18 210   M    M   0        25 200
 3  19  -3   8 -15  57   0 0.01  0.2    5 14.2 24 300   M    M   3 8      29 300
 4   9 -10   0 -23  65   0 0.00  0.0    5  6.3 10 270   M    M   5 8      12 330
 5  11 -12   0 -23  65   0 0.00  0.0    5  5.3 12 300   M    M   3        15 300
 6  12 -18  -3 -26  68   0 0.00  0.0    5  4.8 13 150   M    M   0        17 140
 7  34  12  23   0  42   0 0.07  0.0    5  8.9 16 200   M    M   8 168    23 200
 8  39  29  34  11  31   0 0.00  0.0    4  8.1 21 300   M    M   4 1      26 300
 9  35  25  30   7  35   0 0.00  0.0    2  6.9 16 150   M    M   3 18     22 140
10  53  34  44  21  21   0 0.00  0.0    2 11.5 23 190   M    M   7 1      36 190
11  53  11  32  10  33   0 0.11  0.2    0 14.3 30 310   M    M   9 16     39 300
12  19   9  14  -8  51   0    T    T    T 13.9 25 310   M    M   5        31 320
13  16   2   9 -13  56   0 0.00  0.0    T  7.0 15 310   M    M   1        20 310
14  23  -1  11 -11  54   0 0.04  0.7    0  8.1 18 150   M    M   8 18     24 180
15  25   0  13  -9  52   0 0.05  0.9    2 16.0 25 280   M    M   8 189    32 280
16  17   0   9 -13  56   0    T  0.2    1 11.7 20 270   M    M   6 18     26 270
17  23  -2  11 -11  54   0 0.00  0.0    1 10.3 18 240   M    M   0        27 230
18  35  18  27   5  38   0 0.00  0.0    1 11.0 20 220   M    M   0        26 240
19  45  29  37  15  28   0 0.00  0.0    T 11.0 18 230   M    M   0        26 220
20  48  25  37  15  28   0 0.00  0.0    0  5.6 16 220   M    M   4 18     18 220
================================================================================
SM  529  110       976   0  0.28     2.2 192.6          M       74
================================================================================
AV 26.5  5.5                               9.6 FASTST   M    M   4    MAX(MPH)
                                 MISC ---->  # 30 310               # 39  300
================================================================================
NOTES:
# LAST OF SEVERAL OCCURRENCES

COLUMN 17 PEAK WIND IN M.P.H.

PRELIMINARY LOCAL CLIMATOLOGICAL DATA (WS FORM: F-6) , PAGE 2

                                          STATION:  MOLINE IL
                                          MONTH:    JANUARY
                                          YEAR:     2018
                                          LATITUDE:   41 27 N
                                          LONGITUDE:  90 31 W

[TEMPERATURE DATA]      [PRECIPITATION DATA]       SYMBOLS USED IN COLUMN 16

AVERAGE MONTHLY: 16.0   TOTAL FOR MONTH:   0.28    1 = FOG OR MIST
DPTR FM NORMAL:  -6.5   DPTR FM NORMAL:   -0.71    2 = FOG REDUCING VISIBILITY
HIGHEST:    53 ON 11,10 GRTST 24HR  0.11 ON 11-11      TO 1/4 MILE OR LESS
LOWEST:    -19 ON  2, 1                            3 = THUNDER
                        SNOW, ICE PELLETS, HAIL    4 = ICE PELLETS
                        TOTAL MONTH:   2.2 INCHES  5 = HAIL
                        GRTST 24HR   0.9 ON 15-15  6 = FREEZING RAIN OR DRIZZLE
                        GRTST DEPTH:   5 ON  7, 6  7 = DUSTSTORM OR SANDSTORM:
                                                       VSBY 1/2 MILE OR LESS
                                                   8 = SMOKE OR HAZE
[NO. OF DAYS WITH]      [WEATHER - DAYS WITH]      9 = BLOWING SNOW
                                                   X = TORNADO
MAX 32 OR BELOW:  12    0.01 INCH OR MORE:   5
MAX 90 OR ABOVE:   0    0.10 INCH OR MORE:   1
MIN 32 OR BELOW:  19    0.50 INCH OR MORE:   0
MIN  0 OR BELOW:  10    1.00 INCH OR MORE:   0

[HDD (BASE 65) ]
TOTAL THIS MO.   976    CLEAR  (SCALE 0-3)   8
DPTR FM NORMAL   127    PTCLDY (SCALE 4-7)  10
TOTAL FM JUL 1  3215    CLOUDY (SCALE 8-10)  2
DPTR FM NORMAL   -55

[CDD (BASE 65) ]
TOTAL THIS MO.     0
DPTR FM NORMAL     0    [PRESSURE DATA]
TOTAL FM JAN 1     0    HIGHEST SLP M ON M
DPTR FM NORMAL     0    LOWEST  SLP 29.59 ON 10

[REMARKS]
