000
CXUS55 KDVN 281238
CF6MLI
PRELIMINARY LOCAL CLIMATOLOGICAL DATA (WS FORM: F-6)

                                          STATION:   MOLINE IL
                                          MONTH:     FEBRUARY
                                          YEAR:      2015
                                          LATITUDE:   41 27 N
                                          LONGITUDE:  90 31 W

  TEMPERATURE IN F:       :PCPN:    SNOW:  WIND      :SUNSHINE: SKY     :PK WND
================================================================================
1   2   3   4   5  6A  6B    7    8   9   10  11  12  13   14  15   16   17  18
                                     12Z  AVG MX 2MIN
DY MAX MIN AVG DEP HDD CDD  WTR  SNW DPTH SPD SPD DIR MIN PSBL S-S WX    SPD DR
================================================================================

 1  33  12  23   0  42   0 1.04 13.8    6 13.9 26  40   M    M  10 12     35  50
 2  15  -4   6 -18  59   0    T    T   11  6.8 15 320   M    M   3        22 340
 3  26   3  15  -9  50   0 0.00  0.0   10  2.8 13 210   M    M   6 18     16 170
 4  24   3  14 -10  51   0 0.05  0.7    9  9.9 20 300   M    M   5 18     28 340
 5  14 -12   1 -23  64   0 0.00  0.0    9  5.7 16 230   M    M   1        18 230
 6  34  11  23  -1  42   0 0.00  0.0    9  4.1 13 150   M    M   0 18     17 180
 7  44  15  30   6  35   0 0.00  0.0    9  5.2 15 200   M    M   0 18     21 180
 8  42  26  34   9  31   0 0.00  0.0    6  7.8 17  30   M    M   4 18     21  30
 9  28  14  21  -4  44   0 0.00  0.0    3  5.9 14  30   M    M   7 1      17  30
10  31  11  21  -4  44   0    T    T    3  6.0 15 140   M    M   4 18     19 140
11  35  14  25  -1  40   0    T    T    3 17.9 31 300   M    M   6 168    40 300
12  15   7  11 -15  54   0    T  0.1    3 11.7 31 310   M    M   2 8      38 310
13  31   5  18  -8  47   0 0.00  0.0    3  7.9 22 300   M    M   5        27 280
14  28   3  16 -10  49   0 0.00  0.0    3 16.7 36 320   M    M   3        45 330
15  12   2   7 -20  58   0 0.00  0.0    3  8.6 14 120   M    M   7        17  60
16  22   7  15 -12  50   0 0.00  0.0    3  5.1 13 280   M    M   4        15 280
17  22  12  17 -11  48   0    T    T    3 13.8 23 290   M    M   5 8      35 280
18  12   1   7 -21  58   0    T    T    3 17.6 31 300   M    M   3 8      37 320
19  10  -3   4 -24  61   0 0.00  0.0    3  6.4 15 310   M    M   0        19 310
20  28   2  15 -14  50   0    T    T    3 11.3 22 180   M    M   7 8      27 180
21  32  20  26  -3  39   0    T  0.1    3  7.7 22 310   M    M  10 18     30 300
22  20   0  10 -19  55   0 0.00  0.0    3 15.0 25 300   M    M   0        30 330
23  15  -5   5 -25  60   0 0.00  0.0    3  6.0 16 220   M    M   0        21 220
24  37   8  23  -7  42   0 0.00  0.0    3 15.3 28 270   M    M   3        34 300
25  24  11  18 -13  47   0 0.26  3.9    2 10.2 18  90   M    M   7 18     22 100
26  15  -1   7 -24  58   0 0.03  0.6    6  9.8 17 300   M    M   6 8      23 340
27  14 -15   0 -32  65   0 0.00  0.0    5  4.0 10 300   M    M   0        13 300
================================================================================
SM  663  147      1343   0  1.38    19.2 253.1          M      108
================================================================================
AV 24.6  5.4                               9.4 FASTST   M    M   4    MAX(MPH)
                                 MISC ---->  # 36 320               # 45  330
================================================================================
NOTES:
# LAST OF SEVERAL OCCURRENCES

COLUMN 17 PEAK WIND IN M.P.H.

PRELIMINARY LOCAL CLIMATOLOGICAL DATA (WS FORM: F-6) , PAGE 2

                                          STATION:  MOLINE IL
                                          MONTH:    FEBRUARY
                                          YEAR:     2015
                                          LATITUDE:   41 27 N
                                          LONGITUDE:  90 31 W

[TEMPERATURE DATA]      [PRECIPITATION DATA]       SYMBOLS USED IN COLUMN 16

AVERAGE MONTHLY: 15.0   TOTAL FOR MONTH:   1.38    1 = FOG OR MIST
DPTR FM NORMAL: -11.9   DPTR FM NORMAL:   -0.14    2 = FOG REDUCING VISIBILITY
HIGHEST:    44 ON  7    GRTST 24HR  4.01 ON  1- 2      TO 1/4 MILE OR LESS
LOWEST:    -15 ON 27                               3 = THUNDER
                        SNOW, ICE PELLETS, HAIL    4 = ICE PELLETS
                        TOTAL MONTH:  19.2 INCHES  5 = HAIL
                        GRTST 24HR  13.8 ON   M    6 = FREEZING RAIN OR DRIZZLE
                        GRTST DEPTH:  11 ON  2     7 = DUSTSTORM OR SANDSTORM:
                                                       VSBY 1/2 MILE OR LESS
                                                   8 = SMOKE OR HAZE
[NO. OF DAYS WITH]      [WEATHER - DAYS WITH]      9 = BLOWING SNOW
                                                   X = TORNADO
MAX 32 OR BELOW:  21    0.01 INCH OR MORE:   4
MAX 90 OR ABOVE:   0    0.10 INCH OR MORE:   2
MIN 32 OR BELOW:  27    0.50 INCH OR MORE:   1
MIN  0 OR BELOW:   7    1.00 INCH OR MORE:   1

[HDD (BASE 65) ]
TOTAL THIS MO.  1343    CLEAR  (SCALE 0-3)  12
DPTR FM NORMAL   312    PTCLDY (SCALE 4-7)  13
TOTAL FM JUL 1  5194    CLOUDY (SCALE 8-10)  2
DPTR FM NORMAL   429

[CDD (BASE 65) ]
TOTAL THIS MO.     0
DPTR FM NORMAL     0    [PRESSURE DATA]
TOTAL FM JAN 1     0    HIGHEST SLP M ON M
DPTR FM NORMAL     0    LOWEST  SLP 29.59 ON  8

[REMARKS]
