000
CXUS55 KBYZ 011056
CF6MLS
PRELIMINARY LOCAL CLIMATOLOGICAL DATA (WS FORM: F-6)

                                          STATION:   MILES CITY MT
                                          MONTH:     JANUARY
                                          YEAR:      2015
                                          LATITUDE:   46 25 N
                                          LONGITUDE: 105 53 W

  TEMPERATURE IN F:       :PCPN:    SNOW:  WIND      :SUNSHINE: SKY     :PK WND
================================================================================
1   2   3   4   5  6A  6B    7    8   9   10  11  12  13   14  15   16   17  18
                                     12Z  AVG MX 2MIN
DY MAX MIN AVG DEP HDD CDD  WTR  SNW DPTH SPD SPD DIR MIN PSBL S-S WX    SPD DR
================================================================================

 1  32  11  22   4  43   0 0.00    M    M  7.3 15 230   M    M   8        18 290
 2  38  12  25   7  40   0    T    M    M  9.5 37 340   M    M   4        42 340
 3  19   1  10  -8  55   0    T    M    M 11.2 30 330   M    M   9 18     36 330
 4   4  -8  -2 -21  67   0    T    M    M  7.3 15 320   M    M   8 18     17  20
 5  16  -5   6 -13  59   0 0.15    M    M 10.3 29 320   M    M  10 129    36 330
 6   9   3   6 -13  59   0 0.06    M    M  7.9 18 340   M    M  10 12     22 340
 7  20 -11   5 -14  60   0 0.00    M    M  7.6 15 170   M    M   2 18     17 170
 8  31  -9  11  -8  54   0    T    M    M 18.4 32 310   M    M   6 189    40 320
 9   5 -19  -7 -26  72   0 0.00    M    M  6.1 13 160   M    M   0 1      15 160
10  18  -6   6 -13  59   0 0.00    M    M  5.8 16  30   M    M   5        18  20
11  14 -10   2 -17  63   0    T    M    M  7.4 20  30   M    M   4        22  30
12   9 -14  -2 -21  67   0 0.00    M    M  6.3 12 140   M    M   3 128    14 160
13  23  -2  11  -8  54   0 0.00    M    M  7.1 14 270   M    M   1        15 270
14  29   6  18  -1  47   0 0.00    M    M  6.8 15 260   M    M   1        17 260
15  33  16  25   6  40   0 0.00    M    M  7.0 14 250   M    M   0        15 250
16  41  15  28   9  37   0 0.00    M    M 12.6 32 310   M    M   3        40 310
17  39  26  33  14  32   0 0.00    M    M 13.9 29 300   M    M   1        35 300
18  43  20  32  12  33   0    T    M    M  8.1 20 220   M    M   3        26 230
19  40  32  36  16  29   0 0.00    M    M 14.6 24 280   M    M   4        30 300
20  37  28  33  13  32   0    T    M    M 13.2 22 290   M    M   6        26 290
21  33  18  26   6  39   0 0.00    M    M  9.1 22 310   M    M   5        26 310
22  42  16  29   9  36   0 0.00    M    M  7.8 14 280   M    M   0        18 280
23  43  25  34  14  31   0 0.00    M    M 11.1 18 260   M    M   1        22 260
24  46  31  39  19  26   0    T    M    M 16.6 45 320   M    M   4        54 320
25  53  29  41  21  24   0 0.00    M    M  7.7 14 250   M    M   4        19 230
26  58  32  45  25  20   0 0.00    M    M  6.2 12 150   M    M   0        14 270
27  61  33  47  27  18   0 0.00    M    M  5.5 12 150   M    M   0        14 160
28  46  26  36  15  29   0 0.00    M    M 12.3 31 330   M    M   3        37 320
29  44  19  32  11  33   0 0.00    M    M  7.8 13 170   M    M   0 1      16 160
30  47  22  35  14  30   0 0.00    M    M  4.6 12 170   M    M   0        14 170
31  30   2  16  -5  49   0 0.01    M    M 13.8 26  40   M    M   6 1      32  30
================================================================================
SM 1003  339      1337   0  0.22    M    290.9          M      111
================================================================================
AV 32.4 10.9                               9.4 FASTST   M    M   4    MAX(MPH)
                                 MISC ---->  # 45 320               # 54  320
================================================================================
NOTES:
# LAST OF SEVERAL OCCURRENCES

COLUMN 17 PEAK WIND IN M.P.H.

PRELIMINARY LOCAL CLIMATOLOGICAL DATA (WS FORM: F-6) , PAGE 2

                                          STATION:  MILES CITY MT
                                          MONTH:    JANUARY
                                          YEAR:     2015
                                          LATITUDE:   46 25 N
                                          LONGITUDE: 105 53 W

[TEMPERATURE DATA]      [PRECIPITATION DATA]       SYMBOLS USED IN COLUMN 16

AVERAGE MONTHLY: 21.6   TOTAL FOR MONTH:   0.22    1 = FOG OR MIST
DPTR FM NORMAL:   2.1   DPTR FM NORMAL:   -0.10    2 = FOG REDUCING VISIBILITY
HIGHEST:    61 ON 27    GRTST 24HR  0.15 ON  5- 5      TO 1/4 MILE OR LESS
LOWEST:    -19 ON  9                               3 = THUNDER
                        SNOW, ICE PELLETS, HAIL    4 = ICE PELLETS
                        TOTAL MONTH:    M          5 = HAIL
                        GRTST 24HR    M  ON   M    6 = FREEZING RAIN OR DRIZZLE
                        GRTST DEPTH:  M  ON   M    7 = DUSTSTORM OR SANDSTORM:
                                                       VSBY 1/2 MILE OR LESS
                                                   8 = SMOKE OR HAZE
[NO. OF DAYS WITH]      [WEATHER - DAYS WITH]      9 = BLOWING SNOW
                                                   X = TORNADO
MAX 32 OR BELOW:  14    0.01 INCH OR MORE:   3
MAX 90 OR ABOVE:   0    0.10 INCH OR MORE:   1
MIN 32 OR BELOW:  30    0.50 INCH OR MORE:   0
MIN  0 OR BELOW:   9    1.00 INCH OR MORE:   0

[HDD (BASE 65) ]
TOTAL THIS MO.  1337    CLEAR  (SCALE 0-3)  16
DPTR FM NORMAL   -75    PTCLDY (SCALE 4-7)  11
TOTAL FM JUL 1  4368    CLOUDY (SCALE 8-10)  4
DPTR FM NORMAL  -228

[CDD (BASE 65) ]
TOTAL THIS MO.     0
DPTR FM NORMAL     0    [PRESSURE DATA]
TOTAL FM JAN 1     0    HIGHEST SLP 31.18 ON  7
DPTR FM NORMAL     0    LOWEST  SLP 29.71 ON 16

[REMARKS]
#FINAL-01-15#
THIS IS AN AUTOMATED...UNATTENDED WEATHER STATION AND MAY
UNDERESTIMATE WINTER PRECIPITATION.
