000
CXUS54 KSHV 251300
CF6MLU
PRELIMINARY LOCAL CLIMATOLOGICAL DATA (WS FORM: F-6)

                                          STATION:   MONROE
                                          MONTH:     OCTOBER
                                          YEAR:      2014
                                          LATITUDE:   32 30 N
                                          LONGITUDE:  92  2 W

  TEMPERATURE IN F:       :PCPN:    SNOW:  WIND      :SUNSHINE: SKY     :PK WND
================================================================================
1   2   3   4   5  6A  6B    7    8   9   10  11  12  13   14  15   16   17  18
                                     12Z  AVG MX 2MIN
DY MAX MIN AVG DEP HDD CDD  WTR  SNW DPTH SPD SPD DIR MIN PSBL S-S WX    SPD DR
================================================================================

 1  88  72  80   9   0  15 0.00  0.0    0  5.6 13 190   M    M   3        20 170
 2  88  68  78   7   0  13 1.26  0.0    0  6.7 28 320   M    M   6 138    38 330
 3  81  61  71   1   0   6 0.06  0.0    0  8.7 21 330   M    M   5        25 340
 4  73  47  60 -10   5   0 0.00  0.0    0  3.7 15 350   M    M   0        20 350
 5  80  49  65  -5   0   0 0.00  0.0    0  6.9 18 220   M    M   1        24 230
 6  78  58  68  -1   0   3 0.00  0.0    0  4.1 18 350   M    M   2 1      22 350
 7  87  58  73   4   0   8 0.00  0.0    0  5.4 15 220   M    M   2 1      20 220
 8  88  69  79  10   0  14 0.00  0.0    0  3.2 10 210   M    M   3 18     14 200
 9  87  66  77   9   0  12 0.16  0.0    0  3.7 12 230   M    M   4 1      16 230
10  89  72  81  13   0  16 0.01  0.0    0  6.4 18 190   M    M   5 18     25 190
11  82  67  75   7   0  10 0.01  0.0    0  6.2 16 280   M    M   5        20 290
12  86  67  77  10   0  12 0.06  0.0    0  3.6 14 220   M    M   7 13     17 150
13  80  60  70   3   0   5 1.63  0.0    0 10.1 41 280   M    M   9 123    55 290
14  73  51  62  -5   3   0 0.00  0.0    0 10.3 22 270   M    M   2        30 280
15  76  48  62  -4   3   0 0.00  0.0    0  5.4 20 290   M    M   0 1      24 280
16  81  44  63  -3   2   0 0.00  0.0    0  2.8  9 180   M    M   0 12     12 170
17  84  56  70   4   0   5 0.00  0.0    0  4.7 16 250   M    M   0 1      21 250
18  78  56  67   2   0   2 0.00  0.0    0  6.0 16  50   M    M   1 1      20  50
19  73  47  60  -5   5   0 0.00  0.0    0  4.9 13  10   M    M   0 1      18  30
20  76  45  61  -4   4   0 0.00    M    0  1.4  9 350   M    M   0 1      12 360
21  80  52  66   2   0   1 0.00  0.0    0  2.2 10 340   M    M   3 12     15 350
22  77  51  64   0   1   0 0.00  0.0    0  5.6 16  50   M    M   0        21  40
23  67  47  57  -7   8   0 0.00  0.0    0  3.6 13 320   M    M   1 12     16 320
24  75  44  60  -4   5   0 0.00  0.0    0  2.1 10  10   M    M   1 128    14 310
================================================================================
SM 1927 1355        36 122  3.19     0.0 123.3          M       60
================================================================================
AV 80.3 56.5                               5.1 FASTST   M    M   3    MAX(MPH)
                                 MISC ---->  # 41 280               # 55  290
================================================================================
NOTES:
# LAST OF SEVERAL OCCURRENCES

COLUMN 17 PEAK WIND IN M.P.H.

PRELIMINARY LOCAL CLIMATOLOGICAL DATA (WS FORM: F-6) , PAGE 2

                                          STATION:  MONROE
                                          MONTH:    OCTOBER
                                          YEAR:     2014
                                          LATITUDE:   32 30 N
                                          LONGITUDE:  92  2 W

[TEMPERATURE DATA]      [PRECIPITATION DATA]       SYMBOLS USED IN COLUMN 16

AVERAGE MONTHLY: 68.4   TOTAL FOR MONTH:   3.19    1 = FOG OR MIST
DPTR FM NORMAL:   1.2   DPTR FM NORMAL:   -0.53    2 = FOG REDUCING VISIBILITY
HIGHEST:    89 ON 10    GRTST 24HR  1.68 ON 12-13      TO 1/4 MILE OR LESS
LOWEST:     44 ON 24,16                            3 = THUNDER
                        SNOW, ICE PELLETS, HAIL    4 = ICE PELLETS
                        TOTAL MONTH:   0.0 INCH    5 = HAIL
                        GRTST 24HR     0.0         6 = FREEZING RAIN OR DRIZZLE
                        GRTST DEPTH:   0           7 = DUSTSTORM OR SANDSTORM:
                                                       VSBY 1/2 MILE OR LESS
                                                   8 = SMOKE OR HAZE
[NO. OF DAYS WITH]      [WEATHER - DAYS WITH]      9 = BLOWING SNOW
                                                   X = TORNADO
MAX 32 OR BELOW:   0    0.01 INCH OR MORE:   7
MAX 90 OR ABOVE:   0    0.10 INCH OR MORE:   3
MIN 32 OR BELOW:   0    0.50 INCH OR MORE:   2
MIN  0 OR BELOW:   0    1.00 INCH OR MORE:   2

[HDD (BASE 65) ]
TOTAL THIS MO.    36    CLEAR  (SCALE 0-3)  16
DPTR FM NORMAL   -16    PTCLDY (SCALE 4-7)   7
TOTAL FM JUL 1    36    CLOUDY (SCALE 8-10)  1
DPTR FM NORMAL   -22

[CDD (BASE 65) ]
TOTAL THIS MO.   122
DPTR FM NORMAL    16    [PRESSURE DATA]
TOTAL FM JAN 1  2265    HIGHEST SLP M ON M
DPTR FM NORMAL  -205    LOWEST  SLP 29.65 ON 13

[REMARKS]
