853
CXUS54 KSHV 221300
CF6MLU
PRELIMINARY LOCAL CLIMATOLOGICAL DATA (WS FORM: F-6)

                                          STATION:   MONROE
                                          MONTH:     MAY
                                          YEAR:      2015
                                          LATITUDE:   32 30 N
                                          LONGITUDE:  92  2 W

  TEMPERATURE IN F:       :PCPN:    SNOW:  WIND      :SUNSHINE: SKY     :PK WND
================================================================================
1   2   3   4   5  6A  6B    7    8   9   10  11  12  13   14  15   16   17  18
                                     12Z  AVG MX 2MIN
DY MAX MIN AVG DEP HDD CDD  WTR  SNW DPTH SPD SPD DIR MIN PSBL S-S WX    SPD DR
================================================================================

 1  80  54  67  -3   0   2 0.00  0.0    0  6.1 14  70   M    M   0        21 110
 2  82  50  66  -4   0   1 0.00  0.0    0  2.2 10 290   M    M   0        20 270
 3  84  54  69  -2   0   4 0.00  0.0    0  3.9 13 180   M    M   2        17 180
 4  85  58  72   1   0   7 0.00  0.0    0  3.0 15 230   M    M   2 13     20 220
 5  85  64  75   4   0  10 0.00  0.0    0  5.8 17 170   M    M   3        24 180
 6  85  58  72   0   0   7 0.00  0.0    0  3.9 13 180   M    M   2        20 200
 7  86  64  75   3   0  10    T  0.0    0  5.1 21 190   M    M   4 3      26 170
 8  84  71  78   6   0  13 0.37  0.0    0  4.8 17 270   M    M   7 138    21 270
 9  87  69  78   6   0  13 0.02  0.0    0  4.8 17 180   M    M   4 18     22 190
10  87  72  80   7   0  15    T  0.0    0  6.7 15 170   M    M   3 8      21 180
11  77  65  71  -2   0   6 0.34  0.0    0  5.2 28 300   M    M   2 13     33 310
12  74  63  69  -4   0   4 0.00  0.0    0  6.8 18  50   M    M   3 1      22  50
13  78  61  70  -3   0   5 0.01  0.0    0  5.5 12  70   M    M   5        16 100
14  89  66  78   4   0  13    T  0.0    0  4.3 14 190   M    M   1        18 200
15  87  70  79   5   0  14 0.35  0.0    0  4.9 18 170   M    M   3 138    27 180
16  85  71  78   4   0  13 0.15  0.0    0  6.2 26 210   M    M   6 138    35 210
17  89  70  80   6   0  15 0.64  0.0    0  7.2 32 230   M    M   5 138    42 240
18  73  63  68  -7   0   3 1.89  0.0    0  5.9 20 180   M    M   7 123    28 180
19  85  61  73  -2   0   8 0.01  0.0    0  1.6  8  90   M    M   4 12     11  90
20  89  68  79   4   0  14 0.00  0.0    0  5.7 16 250   M    M   3 138    21 240
21  72  54  63 -12   2   0 1.60  0.0    0  8.8 18  30   M    M   8 13     24  40
================================================================================
SM 1743 1326         2 177  5.38     0.0 108.4          M       74
================================================================================
AV 83.0 63.1                               5.2 FASTST   M    M   4    MAX(MPH)
                                 MISC ---->  # 32 230               # 42  240
================================================================================
NOTES:
# LAST OF SEVERAL OCCURRENCES

COLUMN 17 PEAK WIND IN M.P.H.

PRELIMINARY LOCAL CLIMATOLOGICAL DATA (WS FORM: F-6) , PAGE 2

                                          STATION:  MONROE
                                          MONTH:    MAY
                                          YEAR:     2015
                                          LATITUDE:   32 30 N
                                          LONGITUDE:  92  2 W

[TEMPERATURE DATA]      [PRECIPITATION DATA]       SYMBOLS USED IN COLUMN 16

AVERAGE MONTHLY: 73.1   TOTAL FOR MONTH:   5.38    1 = FOG OR MIST
DPTR FM NORMAL:   0.3   DPTR FM NORMAL:    1.82    2 = FOG REDUCING VISIBILITY
HIGHEST:    89 ON 20,17 GRTST 24HR  2.53 ON 17-18      TO 1/4 MILE OR LESS
LOWEST:     50 ON  2                               3 = THUNDER
                        SNOW, ICE PELLETS, HAIL    4 = ICE PELLETS
                        TOTAL MONTH:   0.0 INCH    5 = HAIL
                        GRTST 24HR     0.0         6 = FREEZING RAIN OR DRIZZLE
                        GRTST DEPTH:   0           7 = DUSTSTORM OR SANDSTORM:
                                                       VSBY 1/2 MILE OR LESS
                                                   8 = SMOKE OR HAZE
[NO. OF DAYS WITH]      [WEATHER - DAYS WITH]      9 = BLOWING SNOW
                                                   X = TORNADO
MAX 32 OR BELOW:   0    0.01 INCH OR MORE:  10
MAX 90 OR ABOVE:   0    0.10 INCH OR MORE:   7
MIN 32 OR BELOW:   0    0.50 INCH OR MORE:   3
MIN  0 OR BELOW:   0    1.00 INCH OR MORE:   2

[HDD (BASE 65) ]
TOTAL THIS MO.     2    CLEAR  (SCALE 0-3)  11
DPTR FM NORMAL    -1    PTCLDY (SCALE 4-7)  10
TOTAL FM JUL 1  2514    CLOUDY (SCALE 8-10)  0
DPTR FM NORMAL   287

[CDD (BASE 65) ]
TOTAL THIS MO.   177
DPTR FM NORMAL     6    [PRESSURE DATA]
TOTAL FM JAN 1   321    HIGHEST SLP M ON M
DPTR FM NORMAL     3    LOWEST  SLP 29.83 ON  9

[REMARKS]
