000
CXUS54 KSHV 301300
CF6MLU
PRELIMINARY LOCAL CLIMATOLOGICAL DATA (WS FORM: F-6)

                                          STATION:   MONROE
                                          MONTH:     MARCH
                                          YEAR:      2015
                                          LATITUDE:   32 30 N
                                          LONGITUDE:  92  2 W

  TEMPERATURE IN F:       :PCPN:    SNOW:  WIND      :SUNSHINE: SKY     :PK WND
================================================================================
1   2   3   4   5  6A  6B    7    8   9   10  11  12  13   14  15   16   17  18
                                     12Z  AVG MX 2MIN
DY MAX MIN AVG DEP HDD CDD  WTR  SNW DPTH SPD SPD DIR MIN PSBL S-S WX    SPD DR
================================================================================

 1  47  42  45  -9  20   0 0.36  0.0    0  6.0 10 360   M    M  10 1      14  60
 2  45  40  43 -11  22   0 0.02  0.0    0  9.2 20  50   M    M  10 1      25  50
 3  74  40  57   2   8   0 0.00  0.0    0  3.2 15 210   M    M   7 128    22 190
 4  80  35  58   3   7   0 0.01  0.0    0 12.7 26 360   M    M   8 18     33 200
 5  40  26  33 -22  32   0 0.23  0.4    T 15.2 29 350   M    M   5 146    36  10
 6  46  22  34 -21  31   0 0.00  0.0    0  5.8 16  50   M    M   0        23  70
 7  63  24  44 -12  21   0 0.00  0.0    0  1.3  7 160   M    M   1 1      11  30
 8  54  42  48  -8  17   0 0.28  0.0    0  3.2  9 100   M    M  10 1      14 110
 9  56  47  52  -4  13   0 0.66  0.0    0  5.0 12  60   M    M  10 18     15  60
10  64  54  59   3   6   0 0.21  0.0    0  6.1 14 290   M    M  10 1      16 290
11  60  52  56  -1   9   0 0.00  0.0    0  7.6 17  30   M    M  10 18     24  30
12  65  53  59   2   6   0 0.94  0.0    0  6.0 14  50   M    M  10 13     17  40
13  72  60  66   9   0   1 0.47  0.0    0  6.1 15 220   M    M   9 1      18 210
14  69  57  63   5   2   0    T  0.0    0  6.7 13 240   M    M   9 1      15 220
15  74  54  64   6   1   0 0.00  0.0    0  5.8 14  50   M    M   6 12     16  50
16  80  53  67   9   0   2 0.00  0.0    0  4.2 15 240   M    M   3 12     19 240
17  77  58  68  10   0   3 0.01  0.0    0  6.0 16  50   M    M   4        20 260
18  64  53  59   1   6   0 0.12  0.0    0  8.1 17  40   M    M   8 18     21  60
19  67  52  60   1   5   0 0.00  0.0    0  4.6  8  50   M    M   9 18     10  60
20  64  57  61   2   4   0 0.04  0.0    0  5.3 15 350   M    M   9 18     18 350
21  59  53  56  -3   9   0 0.40  0.0    0  7.2 14  20   M    M  10 1      18  20
22  61  55  58  -2   7   0 0.14  0.0    0  6.8 15 360   M    M  10 1      19 300
23  72  53  63   3   2   0 0.00  0.0    0  7.3 20  50   M    M   4        26  50
24  75  49  62   2   3   0 0.00  0.0    0  5.6 14 170   M    M   0 18     20 180
25  77  52  65   5   0   0 0.00  0.0    0  7.0 15 170   M    M   0 1      21 170
26  68  44  56  -4   9   0 0.08  0.0    0  7.6 31 350   M    M   7 18     40 350
27  68  37  53  -8  12   0 0.00  0.0    0  5.9 21  60   M    M   1 12     27 320
28  66  39  53  -8  12   0 0.00  0.0    0  6.1 14  60   M    M   1        20  60
29  81  48  65   4   0   0 0.00  0.0    0  9.7 21 210   M    M   3        28 220
================================================================================
SM 1888 1351       264   6  3.97     0.4 191.3          M      184
================================================================================
AV 65.1 46.6                               6.6 FASTST   M    M   6    MAX(MPH)
                                 MISC ---->  # 31 350               # 40  350
================================================================================
NOTES:
# LAST OF SEVERAL OCCURRENCES

COLUMN 17 PEAK WIND IN M.P.H.

PRELIMINARY LOCAL CLIMATOLOGICAL DATA (WS FORM: F-6) , PAGE 2

                                          STATION:  MONROE
                                          MONTH:    MARCH
                                          YEAR:     2015
                                          LATITUDE:   32 30 N
                                          LONGITUDE:  92  2 W

[TEMPERATURE DATA]      [PRECIPITATION DATA]       SYMBOLS USED IN COLUMN 16

AVERAGE MONTHLY: 55.8   TOTAL FOR MONTH:   3.97    1 = FOG OR MIST
DPTR FM NORMAL:  -1.8   DPTR FM NORMAL:   -0.45    2 = FOG REDUCING VISIBILITY
HIGHEST:    81 ON 29    GRTST 24HR  0.94 ON 12-12      TO 1/4 MILE OR LESS
LOWEST:     22 ON  6                               3 = THUNDER
                        SNOW, ICE PELLETS, HAIL    4 = ICE PELLETS
                        TOTAL MONTH:   0.4 INCH    5 = HAIL
                        GRTST 24HR   0.4 ON   M    6 = FREEZING RAIN OR DRIZZLE
                        GRTST DEPTH:   T           7 = DUSTSTORM OR SANDSTORM:
                                                       VSBY 1/2 MILE OR LESS
                                                   8 = SMOKE OR HAZE
[NO. OF DAYS WITH]      [WEATHER - DAYS WITH]      9 = BLOWING SNOW
                                                   X = TORNADO
MAX 32 OR BELOW:   0    0.01 INCH OR MORE:  15
MAX 90 OR ABOVE:   0    0.10 INCH OR MORE:  10
MIN 32 OR BELOW:   3    0.50 INCH OR MORE:   2
MIN  0 OR BELOW:   0    1.00 INCH OR MORE:   0

[HDD (BASE 65) ]
TOTAL THIS MO.   264    CLEAR  (SCALE 0-3)   7
DPTR FM NORMAL    23    PTCLDY (SCALE 4-7)   7
TOTAL FM JUL 1  2468    CLOUDY (SCALE 8-10) 15
DPTR FM NORMAL   333

[CDD (BASE 65) ]
TOTAL THIS MO.     6
DPTR FM NORMAL   -23    [PRESSURE DATA]
TOTAL FM JAN 1     6    HIGHEST SLP M ON M
DPTR FM NORMAL   -34    LOWEST  SLP 29.81 ON  4

[REMARKS]
