000
CXUS55 KPQR 221230
CF6MMV
PRELIMINARY LOCAL CLIMATOLOGICAL DATA (WS FORM: F-6)

                                          STATION:   MCMINNVILLE OR
                                          MONTH:     APRIL
                                          YEAR:      2014
                                          LATITUDE:   45 11 N
                                          LONGITUDE: 123  8 W

  TEMPERATURE IN F:       :PCPN:    SNOW:  WIND      :SUNSHINE: SKY     :PK WND
================================================================================
1   2   3   4   5  6A  6B    7    8   9   10  11  12  13   14  15   16   17  18
                                     12Z  AVG MX 2MIN
DY MAX MIN AVG DEP HDD CDD  WTR  SNW DPTH SPD SPD DIR MIN PSBL S-S WX    SPD DR
================================================================================

 1  55  42  49   1  16   0 0.12    M    0  3.6 13 240   M    M   9 1      17 230
 2  61  35  48   0  17   0 0.00  0.0    0  3.7 12 230   M    M   3 12     14 220
 3  56  41  49   0  16   0 0.10    M    0  5.4 21 170   M    M   6 1      25 170
 4  58  41  50   1  15   0 0.02    M    0  5.4 13 260   M    M   8 1      17 200
 5  56  47  52   3  13   0 0.12    M    0  8.1 20 190   M    M  10 1      24 180
 6  65  47  56   7   9   0    T    M    0  6.2 13 200   M    M   7        17 210
 7  72  39  56   7   9   0 0.00    M    M  4.0 14 230   M    M   1 128    18 240
 8  69  43  56   7   9   0    T    M    M  4.8 15 250   M    M   6 1      20 250
 9  65  45  55   6  10   0 0.11    M    0  5.7 15  10   M    M   1 1      18 360
10  67  36  52   3  13   0 0.00  0.0    0  3.2 10  10   M    M   0 8      15  10
11  69  38  54   5  11   0 0.00  0.0    0  5.3 17  10   M    M   0 1      23  20
12  67  36  52   2  13   0 0.00  0.0    0  4.5 15  20   M    M   0        17  30
13  72  41  57   7   8   0 0.00  0.0    0  9.7 18  40   M    M   0        24  40
14  70  38  54   4  11   0 0.00  0.0    0  7.3 17 250   M    M   0        21 230
15  59  42  51   1  14   0 0.03    M    0  5.1 13 240   M    M   7        17 250
16  58  48  53   3  12   0 0.11    M    0  5.0 10 190   M    M  10 1      13 200
17  57  42  50   0  15   0 0.61    M    0  7.2 23 190   M    M   8 1      28 190
18  61  34  48  -2  17   0 0.00  0.0    0  3.9 12  50   M    M   2 1      17  40
19  60  37  49  -1  16   0 0.06    M    0  7.9 23 250   M    M   6 1       M  M
20  64  36  50  -1  15   0 0.00  0.0    0  3.0  9 230   M    M   3 1      12 230
21  64  44  54   3  11   0 0.20    M    0  4.4 16 220   M    M   5 18     21 220
================================================================================
SM 1325  852       270   0  1.48     0.0 113.4          M       92
================================================================================
AV 63.1 40.6                               5.4 FASTST   M    M   4    MAX(MPH)
                                 MISC ---->  # 23 190               # 28  190
================================================================================
NOTES:
# LAST OF SEVERAL OCCURRENCES

COLUMN 17 PEAK WIND IN M.P.H.

PRELIMINARY LOCAL CLIMATOLOGICAL DATA (WS FORM: F-6) , PAGE 2

                                          STATION:  MCMINNVILLE OR
                                          MONTH:    APRIL
                                          YEAR:     2014
                                          LATITUDE:   45 11 N
                                          LONGITUDE: 123  8 W

[TEMPERATURE DATA]      [PRECIPITATION DATA]       SYMBOLS USED IN COLUMN 16

AVERAGE MONTHLY: 51.8   TOTAL FOR MONTH:   1.48    1 = FOG OR MIST
DPTR FM NORMAL:   2.4   DPTR FM NORMAL:   -0.73    2 = FOG REDUCING VISIBILITY
HIGHEST:    72 ON 13, 7 GRTST 24HR  0.71 ON 16-17      TO 1/4 MILE OR LESS
LOWEST:     34 ON 18                               3 = THUNDER
                        SNOW, ICE PELLETS, HAIL    4 = ICE PELLETS
                        TOTAL MONTH:   0.0 INCH    5 = HAIL
                        GRTST 24HR     0.0         6 = FREEZING RAIN OR DRIZZLE
                        GRTST DEPTH:   0           7 = DUSTSTORM OR SANDSTORM:
                                                       VSBY 1/2 MILE OR LESS
                                                   8 = SMOKE OR HAZE
[NO. OF DAYS WITH]      [WEATHER - DAYS WITH]      9 = BLOWING SNOW
                                                   X = TORNADO
MAX 32 OR BELOW:   0    0.01 INCH OR MORE:  10
MAX 90 OR ABOVE:   0    0.10 INCH OR MORE:   7
MIN 32 OR BELOW:   0    0.50 INCH OR MORE:   1
MIN  0 OR BELOW:   0    1.00 INCH OR MORE:   0

[HDD (BASE 65) ]
TOTAL THIS MO.   270    CLEAR  (SCALE 0-3)   8
DPTR FM NORMAL   -57    PTCLDY (SCALE 4-7)   9
TOTAL FM JUL 1  4201    CLOUDY (SCALE 8-10)  4
DPTR FM NORMAL   -77

[CDD (BASE 65) ]
TOTAL THIS MO.     0
DPTR FM NORMAL     0    [PRESSURE DATA]
TOTAL FM JAN 1     0    HIGHEST SLP M ON M
DPTR FM NORMAL     0    LOWEST  SLP 29.74 ON  1

[REMARKS]
