000
CXUS55 KBOU 280759
CF6MNH
PRELIMINARY LOCAL CLIMATOLOGICAL DATA (WS FORM: F-6)

                                          STATION:   ELBERT 6W CO
                                          MONTH:     APRIL
                                          YEAR:      2016
                                          LATITUDE:   39 13 N
                                          LONGITUDE: 104 38 W

  TEMPERATURE IN F:       :PCPN:    SNOW:  WIND      :SUNSHINE: SKY     :PK WND
================================================================================
1   2   3   4   5  6A  6B    7    8   9   10  11  12  13   14  15   16   17  18
                                     12Z  AVG MX 2MIN
DY MAX MIN AVG DEP HDD CDD  WTR  SNW DPTH SPD SPD DIR MIN PSBL S-S WX    SPD DR
================================================================================

 1  37  19  28   M  37   0    M    M    M  8.7 16 330   M    M   1        28 330
 2  54  28  41   M  24   0    M    M    M  9.2 18 170   M    M   1        22 180
 3  59  30  45   M  20   0    M    M    M  6.2  9  30   M    M   2         M  M
 4  63  32  48   M  17   0    M    M    M  8.3 14 210   M    M   2        21 210
 5  63  28  46   M  19   0    M    M    M 14.2 31 350   M    M   2        38 350
 6  30  27  29   M  36   0    M    M    M  8.2 10 270   M    M   0         M  M
 7  55  32  44   M  21   0    M    M    M  6.5 10  90   M    M   1         M  M
 8  55  32  44   M  21   0    M    M    M  8.4 14 170   M    M   0         M  M
 9  63  36  50   M  15   0    M    M    M  9.7 18 190   M    M   2        20  10
10  59  32  46   M  19   0    M    M    M  9.1 20 150   M    M   6 12     24 150
11  46  32  39   M  26   0    M    M    M 10.5 20 200   M    M   7 1      22 210
12  61  32  47   M  18   0    M    M    M  8.9 16 210   M    M   4 1      21 210
13  61  34  48   M  17   0    M    M    M  7.8 20 200   M    M   2        24 200
14  66  36  51   M  14   0    M    M    M 10.5 21 190   M    M   1        27 170
15  52  30  41   M  24   0    M    M    M 11.9 22 350   M    M   6        28 350
16  30  28  29   M  36   0    M    M    M 19.9 31  10   M    M  10        37  10
17  30  25  28   M  37   0    M    M    M 11.0 20 340   M    M  10 1      25 340
18  32  27  30   M  35   0    M    M    M  4.9  9 330   M    M  10 1       M  M
19  37  27  32   M  33   0    M    M    M  3.2  8 200   M    M   6         M  M
20  41  28  35   M  30   0    M    M    M  6.5 12  20   M    M   2 1       M  M
21  52  32  42   M  23   0    M    M    M  5.2 10 250   M    M   0         M  M
22  68  34  51   M  14   0    M    M    M 11.1 16 170   M    M   1        28 180
23  66  37  52   M  13   0    M    M    M 15.2 36 240   M    M   0        44 240
24  61  36  49   M  16   0    M    M    M 10.6 21 280   M    M   1        28 260
25  61  36  49   M  16   0    M    M    M 17.6 28 160   M    M   1 3      37 180
26  46  30  38   M  27   0    M    M    M 12.6 27 250   M    M   5 13     36 250
27  45  25  35   M  30   0    M    M    M  7.0 12 150   M    M   6 2       M  M
================================================================================
SM 1393  825       638   0    M     M    262.9          M       89
================================================================================
AV 51.6 30.6                               9.7 FASTST   M    M   3    MAX(MPH)
                                 MISC ---->    36   M                 44    M
================================================================================
NOTES:
# LAST OF SEVERAL OCCURRENCES

COLUMN 17 PEAK WIND IN M.P.H.

PRELIMINARY LOCAL CLIMATOLOGICAL DATA (WS FORM: F-6) , PAGE 2

                                          STATION:  ELBERT 6W CO
                                          MONTH:    APRIL
                                          YEAR:     2016
                                          LATITUDE:   39 13 N
                                          LONGITUDE: 104 38 W

[TEMPERATURE DATA]      [PRECIPITATION DATA]       SYMBOLS USED IN COLUMN 16

AVERAGE MONTHLY: 41.1   TOTAL FOR MONTH:      M    1 = FOG OR MIST
DPTR FM NORMAL:     M   DPTR FM NORMAL:       M    2 = FOG REDUCING VISIBILITY
HIGHEST:    68 ON 22    GRTST 24HR    M  ON   M        TO 1/4 MILE OR LESS
LOWEST:     19 ON  1                               3 = THUNDER
                        SNOW, ICE PELLETS, HAIL    4 = ICE PELLETS
                        TOTAL MONTH:    M          5 = HAIL
                        GRTST 24HR    M  ON   M    6 = FREEZING RAIN OR DRIZZLE
                        GRTST DEPTH:  M  ON   M    7 = DUSTSTORM OR SANDSTORM:
                                                       VSBY 1/2 MILE OR LESS
                                                   8 = SMOKE OR HAZE
[NO. OF DAYS WITH]      [WEATHER - DAYS WITH]      9 = BLOWING SNOW
                                                   X = TORNADO
MAX 32 OR BELOW:   4    0.01 INCH OR MORE:   0
MAX 90 OR ABOVE:   0    0.10 INCH OR MORE:   0
MIN 32 OR BELOW:  20    0.50 INCH OR MORE:   0
MIN  0 OR BELOW:   0    1.00 INCH OR MORE:   0

[HDD (BASE 65) ]
TOTAL THIS MO.   638    CLEAR  (SCALE 0-3)  17
DPTR FM NORMAL     M    PTCLDY (SCALE 4-7)   7
TOTAL FM JUL 1  6288    CLOUDY (SCALE 8-10)  3
DPTR FM NORMAL     M

[CDD (BASE 65) ]
TOTAL THIS MO.     0
DPTR FM NORMAL     M    [PRESSURE DATA]
TOTAL FM JAN 1     0    HIGHEST SLP M ON M
DPTR FM NORMAL     M    LOWEST  SLP M ON M

[REMARKS]
