000
CXUS53 KBIS 270732
CF6MOT
PRELIMINARY LOCAL CLIMATOLOGICAL DATA (WS FORM: F-6)

                                          STATION:   MINOT ND
                                          MONTH:     MARCH
                                          YEAR:      2015
                                          LATITUDE:   48 15 N
                                          LONGITUDE: 101 16 W

  TEMPERATURE IN F:       :PCPN:    SNOW:  WIND      :SUNSHINE: SKY     :PK WND
================================================================================
1   2   3   4   5  6A  6B    7    8   9   10  11  12  13   14  15   16   17  18
                                     12Z  AVG MX 2MIN
DY MAX MIN AVG DEP HDD CDD  WTR  SNW DPTH SPD SPD DIR MIN PSBL S-S WX    SPD DR
================================================================================

 1  22   4  13  -9  52   0    T    M    M 13.3 21 290   M    M   3 8      24 280
 2  34   5  20  -2  45   0    T    M    M 15.4 33 300   M    M   0        39 300
 3  15  -2   7 -15  58   0    T    M    M 23.2 38 280   M    M   5 89     45 280
 4   0 -12  -6 -29  71   0 0.00    M    M 12.3 22 300   M    M   0 8      27 300
 5  30  -9  11 -12  54   0 0.00    M    M 12.5 20 230   M    M   0        25 220
 6  42  16  29   5  36   0    T    M    M 16.1 30 280   M    M   2        38 290
 7  42  25  34  10  31   0 0.00    M    M 14.2 25 300   M    M   3        32 300
 8  45  25  35  11  30   0 0.00    M    M 10.4 18 280   M    M   3        22 280
 9  55  29  42  17  23   0 0.00    M    M 12.8 24 250   M    M   1        32 250
10  51  36  44  19  21   0 0.00    M    M 12.4 23 270   M    M   3        27 290
11  56  29  43  17  22   0 0.00    M    M  7.6 14 130   M    M   1        17 130
12  62  32  47  21  18   0 0.00    M    M  7.5 22 270   M    M   1 12     27 270
13  60  31  46  19  19   0 0.00    M    M 11.0 20 290   M    M   5 128    24 290
14  67  30  49  22  16   0 0.00    M    M 12.5 24 160   M    M   0 8      33 190
15  63  41  52  24  13   0    T    M    M 12.9 25 270   M    M   4        30 260
16  42  28  35   7  30   0 0.02    M    M 13.8 26 350   M    M   6 1      31 350
17  44  19  32   4  33   0 0.00    M    M  8.2 17 200   M    M   0        21 190
18  40  30  35   6  30   0 0.03    M    M  6.8 16 160   M    M   8 1      20 160
19  49  31  40  10  25   0    T    M    M  9.3 21 270   M    M   6 18     26 270
20  39  21  30   0  35   0 0.05    M    M  6.8 14  30   M    M   8 1      18 230
21  30  19  25  -5  40   0    T    M    M 12.5 22  90   M    M   7 18     28  90
22  38  20  29  -2  36   0 0.00    M    M 15.3 23 130   M    M   6        29 160
23  38  23  31  -1  34   0 0.00    M    M  6.6 16 180   M    M   4 1      20 170
24  38  24  31  -1  34   0 0.19    M    M 12.8 32 300   M    M   9 126    42 300
25  39  25  32  -1  33   0    T    M    M 18.1 31 310   M    M   7        40 310
26  39  21  30  -3  35   0 0.00    M    M  4.8 13 130   M    M   5 1      15 120
================================================================================
SM 1080  541       874   0  0.29    M    309.1          M       97
================================================================================
AV 41.5 20.8                              11.9 FASTST   M    M   4    MAX(MPH)
                                 MISC ---->  # 38 280               # 45  280
================================================================================
NOTES:
# LAST OF SEVERAL OCCURRENCES

COLUMN 17 PEAK WIND IN M.P.H.

PRELIMINARY LOCAL CLIMATOLOGICAL DATA (WS FORM: F-6) , PAGE 2

                                          STATION:  MINOT ND
                                          MONTH:    MARCH
                                          YEAR:     2015
                                          LATITUDE:   48 15 N
                                          LONGITUDE: 101 16 W

[TEMPERATURE DATA]      [PRECIPITATION DATA]       SYMBOLS USED IN COLUMN 16

AVERAGE MONTHLY: 31.2   TOTAL FOR MONTH:   0.29    1 = FOG OR MIST
DPTR FM NORMAL:   4.1   DPTR FM NORMAL:   -0.37    2 = FOG REDUCING VISIBILITY
HIGHEST:    67 ON 14    GRTST 24HR  0.19 ON 24-24      TO 1/4 MILE OR LESS
LOWEST:    -12 ON  4                               3 = THUNDER
                        SNOW, ICE PELLETS, HAIL    4 = ICE PELLETS
                        TOTAL MONTH:    M          5 = HAIL
                        GRTST 24HR    M  ON   M    6 = FREEZING RAIN OR DRIZZLE
                        GRTST DEPTH:  M  ON   M    7 = DUSTSTORM OR SANDSTORM:
                                                       VSBY 1/2 MILE OR LESS
                                                   8 = SMOKE OR HAZE
[NO. OF DAYS WITH]      [WEATHER - DAYS WITH]      9 = BLOWING SNOW
                                                   X = TORNADO
MAX 32 OR BELOW:   5    0.01 INCH OR MORE:   4
MAX 90 OR ABOVE:   0    0.10 INCH OR MORE:   1
MIN 32 OR BELOW:  24    0.50 INCH OR MORE:   0
MIN  0 OR BELOW:   3    1.00 INCH OR MORE:   0

[HDD (BASE 65) ]
TOTAL THIS MO.   874    CLEAR  (SCALE 0-3)  12
DPTR FM NORMAL  -110    PTCLDY (SCALE 4-7)  12
TOTAL FM JUL 1  7562    CLOUDY (SCALE 8-10)  2
DPTR FM NORMAL     2

[CDD (BASE 65) ]
TOTAL THIS MO.     0
DPTR FM NORMAL     0    [PRESSURE DATA]
TOTAL FM JAN 1     0    HIGHEST SLP  0.00 ON 21
DPTR FM NORMAL     0    LOWEST  SLP 29.57 ON 24

[REMARKS]
