000
CXUS53 KBIS 270811
CF6MOT
PRELIMINARY LOCAL CLIMATOLOGICAL DATA (WS FORM: F-6)

                                          STATION:   MINOT ND
                                          MONTH:     JULY
                                          YEAR:      2016
                                          LATITUDE:   48 15 N
                                          LONGITUDE: 101 16 W

  TEMPERATURE IN F:       :PCPN:    SNOW:  WIND      :SUNSHINE: SKY     :PK WND
================================================================================
1   2   3   4   5  6A  6B    7    8   9   10  11  12  13   14  15   16   17  18
                                     12Z  AVG MX 2MIN
DY MAX MIN AVG DEP HDD CDD  WTR  SNW DPTH SPD SPD DIR MIN PSBL S-S WX    SPD DR
================================================================================

 1  75  44  60  -8   5   0 0.01    M    M  9.6 17 120   M    M   1        23 130
 2  84  57  71   3   0   6 0.32    M    M  9.8 18 130   M    M   5 13     23 130
 3  79  64  72   4   0   7 0.01    M    M  9.2 17 150   M    M   6        25 150
 4  90  59  75   7   0  10 0.00    M    M 11.3 23 300   M    M   0 38     28 300
 5  82  59  71   3   0   6 0.23    M    M  7.8 26 270   M    M   4 13     33 270
 6  83  57  70   1   0   5 0.02    M    M  6.7 23 180   M    M   2        29 200
 7  79  56  68  -1   0   3 0.00    M    M  8.9 28 260   M    M   3        35 280
 8  82  53  68  -1   0   3 0.00    M    M  6.0 14 120   M    M   0        17 120
 9  91  60  76   7   0  11 0.00    M    M  9.3 21 170   M    M   2        28 150
10  90  64  77   8   0  12 0.13    M    M  8.2 28  40   M    M   2 13     34  30
11  85  65  75   6   0  10    T    M    M 11.5 24 200   M    M   2        33 220
12  77  62  70   0   0   5 0.27    M    M 21.5 36 240   M    M   6 3      52 220
13  77  62  70   0   0   5 0.07    M    M 19.1 30 280   M    M   8        37 280
14  77  59  68  -2   0   3 0.00    M    M  7.2 15 330   M    M   5        20  10
15  81  55  68  -2   0   3 0.00    M    M  5.4 16 210   M    M   5        19 180
16  70  56  63  -7   2   0 0.83    M    M  6.7 22  40   M    M   6 13     27  40
17  83  61  72   2   0   7 0.01    M    M 11.9 21 270   M    M   4        28 260
18  87  60  74   4   0   9 0.00    M    M  7.2 17 100   M    M   1        20 100
19  94  66  80  10   0  15 0.00    M    M  8.1 30 120   M    M   1 3      34 120
20  99  71  85  15   0  20    T    M    M  6.4 30 270   M    M   0 3      41 280
21  94  66  80  10   0  15 0.00    M    M  6.9 15 220   M    M   1        22 220
22  90  61  76   6   0  11 0.00    M    M  8.1 18 110   M    M   0        24  70
23  86  66  76   6   0  11 0.82    M    M 12.7 25 270   M    M   3 13     32 260
24  84  65  75   4   0  10 0.00    M    M 12.1 25 270   M    M   0        34 270
25  91  59  75   4   0  10 0.00    M    M  4.6 13  10   M    M   0        15  20
26  84  61  73   2   0   8 0.00    M    M  6.4 17 350   M    M   2        22 340
================================================================================
SM 2194 1568         7 205  2.72    M    242.6          M       69
================================================================================
AV 84.4 60.3                               9.3 FASTST   M    M   3    MAX(MPH)
                                 MISC ---->  # 36 240               # 52  220
================================================================================
NOTES:
# LAST OF SEVERAL OCCURRENCES

COLUMN 17 PEAK WIND IN M.P.H.

PRELIMINARY LOCAL CLIMATOLOGICAL DATA (WS FORM: F-6) , PAGE 2

                                          STATION:  MINOT ND
                                          MONTH:    JULY
                                          YEAR:     2016
                                          LATITUDE:   48 15 N
                                          LONGITUDE: 101 16 W

[TEMPERATURE DATA]      [PRECIPITATION DATA]       SYMBOLS USED IN COLUMN 16

AVERAGE MONTHLY: 72.3   TOTAL FOR MONTH:   2.72    1 = FOG OR MIST
DPTR FM NORMAL:   2.8   DPTR FM NORMAL:    0.59    2 = FOG REDUCING VISIBILITY
HIGHEST:    99 ON 20    GRTST 24HR  0.84 ON 16-17      TO 1/4 MILE OR LESS
LOWEST:     44 ON  1                               3 = THUNDER
                        SNOW, ICE PELLETS, HAIL    4 = ICE PELLETS
                        TOTAL MONTH:    M          5 = HAIL
                        GRTST 24HR    M  ON   M    6 = FREEZING RAIN OR DRIZZLE
                        GRTST DEPTH:  M  ON   M    7 = DUSTSTORM OR SANDSTORM:
                                                       VSBY 1/2 MILE OR LESS
                                                   8 = SMOKE OR HAZE
[NO. OF DAYS WITH]      [WEATHER - DAYS WITH]      9 = BLOWING SNOW
                                                   X = TORNADO
MAX 32 OR BELOW:   0    0.01 INCH OR MORE:  11
MAX 90 OR ABOVE:   8    0.10 INCH OR MORE:   6
MIN 32 OR BELOW:   0    0.50 INCH OR MORE:   2
MIN  0 OR BELOW:   0    1.00 INCH OR MORE:   0

[HDD (BASE 65) ]
TOTAL THIS MO.     7    CLEAR  (SCALE 0-3)  16
DPTR FM NORMAL   -15    PTCLDY (SCALE 4-7)  10
TOTAL FM JUL 1     7    CLOUDY (SCALE 8-10)  0
DPTR FM NORMAL   -15

[CDD (BASE 65) ]
TOTAL THIS MO.   205
DPTR FM NORMAL    67    [PRESSURE DATA]
TOTAL FM JAN 1   376    HIGHEST SLP M ON M
DPTR FM NORMAL   149    LOWEST  SLP 29.46 ON M

[REMARKS]
