000
CXUS51 KBTV 180700
CF6MPV
PRELIMINARY LOCAL CLIMATOLOGICAL DATA (WS FORM: F-6)

                                          STATION:   MONTPELIER VT
                                          MONTH:     DECEMBER
                                          YEAR:      2017
                                          LATITUDE:   44 12 N
                                          LONGITUDE:  72 34 W

  TEMPERATURE IN F:       :PCPN:    SNOW:  WIND      :SUNSHINE: SKY     :PK WND
================================================================================
1   2   3   4   5  6A  6B    7    8   9   10  11  12  13   14  15   16   17  18
                                     12Z  AVG MX 2MIN
DY MAX MIN AVG DEP HDD CDD  WTR  SNW DPTH SPD SPD DIR MIN PSBL S-S WX    SPD DR
================================================================================

 1  40  29  35   6  30   0    T    M    0  3.2 14 290   M    M   9 1      17 300
 2  35  26  31   2  34   0 0.00  0.0    0  1.0  7 160   M    M   9         9 150
 3  34  21  28   0  37   0 0.00  0.0    0  0.4  3 180   M    M   8 12      5 230
 4  42  20  31   3  34   0 0.00  0.0    0  3.1 17 160   M    M   4 12     22 170
 5  44  34  39  12  26   0 0.26    M    0 14.5 22 160   M    M  10 1      35 180
 6  48  31  40  13  25   0 0.03    M    0  8.9 17 260   M    M   8        28 280
 7  34  29  32   6  33   0    T    M    0  7.5 17 230   M    M  10 1      25 240
 8  31  21  26   0  39   0 0.01    M    0  6.0 15 210   M    M   5 18     24 200
 9  30  20  25  -1  40   0 0.07    M    0  0.8  9 180   M    M   5 1      11 180
10  30  20  25   0  40   0 0.01    M    0  5.5 17 280   M    M   9 1      30 310
11  28  15  22  -3  43   0    T    M    0  5.0 18 200   M    M   9 1      31 200
12  28  15  22  -2  43   0 0.47    M    0  5.0 21 310   M    M  10 12     29 310
13  22   8  15  -9  50   0    T    M    0 10.7 22 300   M    M   9 189    30 310
14  13  -4   5 -19  60   0 0.00  0.0    0  4.8 14 350   M    M   1 8      20 340
15  21 -11   5 -18  60   0 0.00  0.0    0  2.6 13 160   M    M   3 1      15 160
16  24   4  14  -9  51   0    T    M    0  3.3 26 290   M    M   8 1      34 290
17  14  -7   4 -18  61   0 0.00  0.0    0  1.8 12 340   M    M   0        15 320
================================================================================
SM  518  271       706   0  0.85     0.0  84.1          M      117
================================================================================
AV 30.5 15.9                               4.9 FASTST   M    M   7    MAX(MPH)
                                 MISC ---->  # 26 290               # 35  180
================================================================================
NOTES:
# LAST OF SEVERAL OCCURRENCES

COLUMN 17 PEAK WIND IN M.P.H.

PRELIMINARY LOCAL CLIMATOLOGICAL DATA (WS FORM: F-6) , PAGE 2

                                          STATION:  MONTPELIER VT
                                          MONTH:    DECEMBER
                                          YEAR:     2017
                                          LATITUDE:   44 12 N
                                          LONGITUDE:  72 34 W

[TEMPERATURE DATA]      [PRECIPITATION DATA]       SYMBOLS USED IN COLUMN 16

AVERAGE MONTHLY: 23.2   TOTAL FOR MONTH:   0.85    1 = FOG OR MIST
DPTR FM NORMAL:  -2.4   DPTR FM NORMAL:   -0.79    2 = FOG REDUCING VISIBILITY
HIGHEST:    48 ON  6    GRTST 24HR  0.47 ON 12-12      TO 1/4 MILE OR LESS
LOWEST:    -11 ON 15                               3 = THUNDER
                        SNOW, ICE PELLETS, HAIL    4 = ICE PELLETS
                        TOTAL MONTH:   0.0 INCH    5 = HAIL
                        GRTST 24HR     0.0         6 = FREEZING RAIN OR DRIZZLE
                        GRTST DEPTH:   0           7 = DUSTSTORM OR SANDSTORM:
                                                       VSBY 1/2 MILE OR LESS
                                                   8 = SMOKE OR HAZE
[NO. OF DAYS WITH]      [WEATHER - DAYS WITH]      9 = BLOWING SNOW
                                                   X = TORNADO
MAX 32 OR BELOW:  10    0.01 INCH OR MORE:   6
MAX 90 OR ABOVE:   0    0.10 INCH OR MORE:   2
MIN 32 OR BELOW:  16    0.50 INCH OR MORE:   0
MIN  0 OR BELOW:   3    1.00 INCH OR MORE:   0

[HDD (BASE 65) ]
TOTAL THIS MO.   706    CLEAR  (SCALE 0-3)   2
DPTR FM NORMAL    36    PTCLDY (SCALE 4-7)   5
TOTAL FM JUL 1  2340    CLOUDY (SCALE 8-10) 10
DPTR FM NORMAL  -176

[CDD (BASE 65) ]
TOTAL THIS MO.     0
DPTR FM NORMAL     0    [PRESSURE DATA]
TOTAL FM JAN 1   243    HIGHEST SLP M ON M
DPTR FM NORMAL   -21    LOWEST  SLP 29.30 ON 13

[REMARKS]
