000
CXUS51 KLWX 180815
CF6MRB
PRELIMINARY LOCAL CLIMATOLOGICAL DATA (WS FORM: F-6)
STATION: MARTINSBURG WV
MONTH: APRIL
YEAR: 2024
LATITUDE: 39 24 N
LONGITUDE: 77 58 W
TEMPERATURE IN F: :PCPN: SNOW: WIND :SUNSHINE: SKY :PK WND
================================================================================
1 2 3 4 5 6A 6B 7 8 9 10 11 12 13 14 15 16 17 18
12Z AVG MX 2MIN
DY MAX MIN AVG DEP HDD CDD WTR SNW DPTH SPD SPD DIR MIN PSBL S-S WX SPD DR
================================================================================
1 57 48 53 5 12 0 0.92 M M 5.0 15 10 M M 10 13 22 20
2 51 45 48 -1 17 0 0.43 M M 5.8 16 120 M M 10 13 28 110
3 50 35 43 -6 22 0 0.73 M M 6.2 25 290 M M 9 1 33 300
4 50 33 42 -8 23 0 0.01 M M 6.6 31 280 M M 6 51 270
5 49 37 43 -7 22 0 0.01 M M 13.2 28 260 M M 7 1 37 270
6 52 38 45 -5 20 0 0.00 M M 13.1 24 320 M M 6 38 320
7 63 38 51 0 14 0 0.00 M M 6.1 17 320 M M 0 26 350
8 70 34 52 1 13 0 0.00 M M 3.2 14 140 M M 1 8 20 160
9 77 44 61 10 4 0 0.00 M M 3.5 13 160 M M 3 18 18 140
10 75 58 67 15 0 2 T M M 3.0 12 180 M M 7 19 190
11 67 60 64 12 1 0 0.15 M M 11.1 23 140 M M 8 1 35 130
12 64 49 57 5 8 0 0.38 M M 18.4 32 260 M M 9 1 47 240
13 63 46 55 2 10 0 T M M 19.3 36 290 M M 4 53 270
14 84 42 63 10 2 0 0.00 M M 9.6 26 260 M M 0 38 240
15 82 55 69 15 0 4 0.10 M M 6.7 21 270 M M 5 13 28 230
16 74 42 58 4 7 0 0.00 M M 3.5 14 360 M M 0 22 350
17 69 50 60 6 5 0 0.03 M M 3.6 22 330 M M 3 13 32 340
================================================================================
SM 1097 754 180 6 2.76 M 137.9 M 88
================================================================================
AV 64.5 44.4 8.1 FASTST M M 5 MAX(MPH)
MISC ----> 36 290 53 270
================================================================================
NOTES:
# LAST OF SEVERAL OCCURRENCES
COLUMN 17 PEAK WIND IN M.P.H.
PRELIMINARY LOCAL CLIMATOLOGICAL DATA (WS FORM: F-6) , PAGE 2
STATION: MARTINSBURG WV
MONTH: APRIL
YEAR: 2024
LATITUDE: 39 24 N
LONGITUDE: 77 58 W
[TEMPERATURE DATA] [PRECIPITATION DATA] SYMBOLS USED IN COLUMN 16
AVERAGE MONTHLY: 54.4 TOTAL FOR MONTH: 2.76 1 = FOG OR MIST
DPTR FM NORMAL: 3.1 DPTR FM NORMAL: 0.99 2 = FOG REDUCING VISIBILITY
HIGHEST: 84 ON 14 GRTST 24HR 1.10 ON 2- 3 TO 1/4 MILE OR LESS
LOWEST: 33 ON 4 3 = THUNDER
SNOW, ICE PELLETS, HAIL 4 = ICE PELLETS
TOTAL MONTH: M 5 = HAIL
GRTST 24HR M ON M 6 = FREEZING RAIN OR DRIZZLE
GRTST DEPTH: M ON M 7 = DUSTSTORM OR SANDSTORM:
VSBY 1/2 MILE OR LESS
8 = SMOKE OR HAZE
[NO. OF DAYS WITH] [WEATHER - DAYS WITH] 9 = BLOWING SNOW
X = TORNADO
MAX 32 OR BELOW: 0 0.01 INCH OR MORE: 9
MAX 90 OR ABOVE: 0 0.10 INCH OR MORE: 6
MIN 32 OR BELOW: 0 0.50 INCH OR MORE: 2
MIN 0 OR BELOW: 0 1.00 INCH OR MORE: 0
[HDD (BASE 65) ]
TOTAL THIS MO. 180 CLEAR (SCALE 0-3) 6
DPTR FM NORMAL -57 PTCLDY (SCALE 4-7) 7
TOTAL FM JUL 1 4347 CLOUDY (SCALE 8-10) 4
DPTR FM NORMAL -324
[CDD (BASE 65) ]
TOTAL THIS MO. 6
DPTR FM NORMAL 6 [PRESSURE DATA]
TOTAL FM JAN 1 6 HIGHEST SLP M ON M
DPTR FM NORMAL 5 LOWEST SLP 29.21 ON 12
[REMARKS]