000
CXUS54 KMAF 291100
CF6MRF
PRELIMINARY LOCAL CLIMATOLOGICAL DATA (WS FORM: F-6)

                                          STATION:   Marfa
                                          MONTH:     MARCH
                                          YEAR:      2015
                                          LATITUDE:   30 22 N
                                          LONGITUDE: 104  1 W

  TEMPERATURE IN F:       :PCPN:    SNOW:  WIND      :SUNSHINE: SKY     :PK WND
================================================================================
1   2   3   4   5  6A  6B    7    8   9   10  11  12  13   14  15   16   17  18
                                     12Z  AVG MX 2MIN
DY MAX MIN AVG DEP HDD CDD  WTR  SNW DPTH SPD SPD DIR MIN PSBL S-S WX    SPD DR
================================================================================

 1  73  30  52   M  13   0 0.00  0.0    0  6.9 14 180   M    M   0        20 180
 2  70  37  54   M  11   0 0.00  0.0    0  7.3 12 180   M    M   2         M  M
 3  72  39  56   M   9   0 0.00  0.0    0  9.0 25 230   M    M   4        32 230
 4  61  27  44   M  21   0 0.11    M    0 10.7 24  30   M    M   7        30  30
 5  45  21  33   M  32   0 0.00  0.0    0 11.7 25  20   M    M   5        23  20
 6  63  19  41   M  24   0 0.00  0.0    0  5.8 13 100   M    M   0        23 100
 7  66  32  49   M  16   0 0.00  0.0    0  5.4 14 180   M    M   1         M  M
 8  61  43  52   M  13   0 0.28    M    0  4.1 14 170   M    M   5 3      16 270
 9  61  39  50   M  15   0 0.00  0.0    0  6.8 14  30   M    M   5 3      17 210
10  61  34  48   M  17   0 0.00  0.0    0  5.8 16  20   M    M   3         M  M
11  64  34  49   M  16   0 0.00  0.0    0  8.4 15  90   M    M   1        22  40
12  64  30  47   M  18   0 0.00  0.0    0  5.2  9  50   M    M   1         M  M
13  64  36  50   M  15   0 0.00  0.0    0  9.5 21  50   M    M   1        29  50
14  61  37  49   M  16   0 0.00  0.0    0 11.9 21  60   M    M   3        28  60
15  63  34  49   M  16   0 0.00  0.0    0  9.0 15  70   M    M   4        21  90
16  66  37  52   M  13   0 0.00  0.0    0  6.6 15 160   M    M   4        27 280
17  61  45  53   M  12   0 0.24    M    0  5.1 18  50   M    M   9        21  20
18  66  43  55   M  10   0 0.00  0.0    0  6.6 13 230   M    M   7         M  M
19  66  45  56   M   9   0 0.04    M    0  3.9  9 360   M    M   5         M  M
20  55  46  51   M  14   0 0.37    M    0 11.6 21  20   M    M   9 3      25  20
21  57  45  51   M  14   0 0.33    M    0  9.4 17 280   M    M   7        23 280
22  72  36  54   M  11   0 0.00  0.0    0  9.2 20 280   M    M   0        25 270
23  77  36  57   M   8   0 0.00  0.0    0  6.1 12 250   M    M   0        18 240
24  77  41  59   M   6   0 0.00  0.0    0  8.0 16 260   M    M   0        22 270
25  75  39  57   M   8   0 0.00  0.0    0 10.3 20 250   M    M   1        27 270
26  61  36  49   M  16   0 0.00  0.0    0 15.2 28  20   M    M   1        33  20
27  73  28  51   M  14   0 0.00  0.0    0  6.1 13 240   M    M   0        21 160
28  81  36  59   M   6   0 0.00  0.0    0  8.6 16 250   M    M   0        24 290
================================================================================
SM 1836 1005       393   0  1.37     0.0 224.2          M       85
================================================================================
AV 65.6 35.9                               8.0 FASTST   M    M   3    MAX(MPH)
                                 MISC ---->    28   M                 33    M
================================================================================
NOTES:
# LAST OF SEVERAL OCCURRENCES

COLUMN 17 PEAK WIND IN M.P.H.

PRELIMINARY LOCAL CLIMATOLOGICAL DATA (WS FORM: F-6) , PAGE 2

                                          STATION:  Marfa
                                          MONTH:    MARCH
                                          YEAR:     2015
                                          LATITUDE:   30 22 N
                                          LONGITUDE: 104  1 W

[TEMPERATURE DATA]      [PRECIPITATION DATA]       SYMBOLS USED IN COLUMN 16

AVERAGE MONTHLY: 50.7   TOTAL FOR MONTH:   1.37    1 = FOG OR MIST
DPTR FM NORMAL:     M   DPTR FM NORMAL:       M    2 = FOG REDUCING VISIBILITY
HIGHEST:    81 ON 28    GRTST 24HR  0.37 ON 20-20      TO 1/4 MILE OR LESS
LOWEST:     19 ON  6                               3 = THUNDER
                        SNOW, ICE PELLETS, HAIL    4 = ICE PELLETS
                        TOTAL MONTH:   0.0 INCH    5 = HAIL
                        GRTST 24HR     0.0         6 = FREEZING RAIN OR DRIZZLE
                        GRTST DEPTH:   0           7 = DUSTSTORM OR SANDSTORM:
                                                       VSBY 1/2 MILE OR LESS
                                                   8 = SMOKE OR HAZE
[NO. OF DAYS WITH]      [WEATHER - DAYS WITH]      9 = BLOWING SNOW
                                                   X = TORNADO
MAX 32 OR BELOW:   0    0.01 INCH OR MORE:   6
MAX 90 OR ABOVE:   0    0.10 INCH OR MORE:   5
MIN 32 OR BELOW:   7    0.50 INCH OR MORE:   0
MIN  0 OR BELOW:   0    1.00 INCH OR MORE:   0

[HDD (BASE 65) ]
TOTAL THIS MO.   393    CLEAR  (SCALE 0-3)  16
DPTR FM NORMAL     M    PTCLDY (SCALE 4-7)  10
TOTAL FM JUL 1  2953    CLOUDY (SCALE 8-10)  2
DPTR FM NORMAL     M

[CDD (BASE 65) ]
TOTAL THIS MO.     0
DPTR FM NORMAL     M    [PRESSURE DATA]
TOTAL FM JAN 1     0    HIGHEST SLP M ON M
DPTR FM NORMAL     M    LOWEST  SLP M ON M

[REMARKS]
