000
CXUS53 KMKX 190900
CF6MSN
PRELIMINARY LOCAL CLIMATOLOGICAL DATA (WS FORM: F-6)

                                          STATION:   MADISON WI
                                          MONTH:     DECEMBER
                                          YEAR:      2014
                                          LATITUDE:   43  7 N
                                          LONGITUDE:  89 20 W

  TEMPERATURE IN F:       :PCPN:    SNOW:  WIND      :SUNSHINE: SKY     :PK WND
================================================================================
1   2   3   4   5  6A  6B    7    8   9   10  11  12  13   14  15   16   17  18
                                     12Z  AVG MX 2MIN
DY MAX MIN AVG DEP HDD CDD  WTR  SNW DPTH SPD SPD DIR MIN PSBL S-S WX    SPD DR
================================================================================

 1  15   5  10 -18  55   0    T    T    1  8.9 18 360   M    M   4        23 320
 2  31  10  21  -7  44   0    T    T    1  7.5 17 180   M    M   8        21 170
 3  32  18  25  -2  40   0 0.00  0.0    1  6.4 17 300   M    M   1        24 320
 4  30  16  23  -4  42   0 0.00  0.0    1  5.9 14 140   M    M   7        16 160
 5  36  30  33   6  32   0 0.00  0.0    1  4.7 12 340   M    M  10 128    17 320
 6  36  19  28   2  37   0 0.00  0.0    T  7.5 18  10   M    M   3 18     22  20
 7  35  16  26   0  39   0 0.00  0.0    T  9.1 21 170   M    M   7        25 190
 8  35  31  33   8  32   0 0.23  0.1    T  8.1 17 190   M    M  10 16     21 320
 9  35  28  32   7  33   0 0.00  0.0    T  8.5 16 340   M    M   9 1      23 330
10  28  22  25   1  40   0    T    T    T  5.0 12  60   M    M  10 18     25 110
11  31  21  26   2  39   0 0.00  0.0    T  5.2 10 300   M    M   7 18     16 280
12  36  24  30   6  35   0 0.00  0.0    T  3.8 10 300   M    M  10 1      14 310
13  44  32  38  14  27   0    T  0.0    T  3.6  8 170   M    M  10 12     13 220
14  46  42  44  21  21   0    T  0.0    0  6.6 12 190   M    M  10 12     14 200
15  46  43  45  22  20   0 0.17  0.0    0  8.7 17 160   M    M  10 12     21 160
16  43  25  34  11  31   0 0.10    T    0  9.9 20 320   M    M  10 1      29 320
17  25  18  22   0  43   0    T    T    0  7.7 16 310   M    M   8        23 300
18  28  15  22   0  43   0    T    T    0  2.3  8 340   M    M   8        11  80
================================================================================
SM  612  415       653   0  0.50     0.1 119.4          M      142
================================================================================
AV 34.0 23.1                               6.6 FASTST   M    M   8    MAX(MPH)
                                 MISC ---->  # 21 170               # 29  320
================================================================================
NOTES:
# LAST OF SEVERAL OCCURRENCES

COLUMN 17 PEAK WIND IN M.P.H.

PRELIMINARY LOCAL CLIMATOLOGICAL DATA (WS FORM: F-6) , PAGE 2

                                          STATION:  MADISON WI
                                          MONTH:    DECEMBER
                                          YEAR:     2014
                                          LATITUDE:   43  7 N
                                          LONGITUDE:  89 20 W

[TEMPERATURE DATA]      [PRECIPITATION DATA]       SYMBOLS USED IN COLUMN 16

AVERAGE MONTHLY: 28.5   TOTAL FOR MONTH:   0.50    1 = FOG OR MIST
DPTR FM NORMAL:   3.6   DPTR FM NORMAL:   -0.64    2 = FOG REDUCING VISIBILITY
HIGHEST:    46 ON 15,14 GRTST 24HR  0.27 ON 15-16      TO 1/4 MILE OR LESS
LOWEST:      5 ON  1                               3 = THUNDER
                        SNOW, ICE PELLETS, HAIL    4 = ICE PELLETS
                        TOTAL MONTH:   0.1 INCH    5 = HAIL
                        GRTST 24HR   0.1 ON   M    6 = FREEZING RAIN OR DRIZZLE
                        GRTST DEPTH:   1 ON  5, 4  7 = DUSTSTORM OR SANDSTORM:
                                                       VSBY 1/2 MILE OR LESS
                                                   8 = SMOKE OR HAZE
[NO. OF DAYS WITH]      [WEATHER - DAYS WITH]      9 = BLOWING SNOW
                                                   X = TORNADO
MAX 32 OR BELOW:   8    0.01 INCH OR MORE:   3
MAX 90 OR ABOVE:   0    0.10 INCH OR MORE:   3
MIN 32 OR BELOW:  16    0.50 INCH OR MORE:   0
MIN  0 OR BELOW:   0    1.00 INCH OR MORE:   0

[HDD (BASE 65) ]
TOTAL THIS MO.   653    CLEAR  (SCALE 0-3)   1
DPTR FM NORMAL   -69    PTCLDY (SCALE 4-7)   7
TOTAL FM JUL 1  2337    CLOUDY (SCALE 8-10) 10
DPTR FM NORMAL    36

[CDD (BASE 65) ]
TOTAL THIS MO.     0
DPTR FM NORMAL     0    [PRESSURE DATA]
TOTAL FM JAN 1   620    HIGHEST SLP M ON M
DPTR FM NORMAL    52    LOWEST  SLP 29.64 ON 16

[REMARKS]
