000
CXUS51 KBTV 310700
CF6MSS
PRELIMINARY LOCAL CLIMATOLOGICAL DATA (WS FORM: F-6)

                                          STATION:   MASSENA NY
                                          MONTH:     MAY
                                          YEAR:      2016
                                          LATITUDE:   44 55 N
                                          LONGITUDE:  74 51 W

  TEMPERATURE IN F:       :PCPN:    SNOW:  WIND      :SUNSHINE: SKY     :PK WND
================================================================================
1   2   3   4   5  6A  6B    7    8   9   10  11  12  13   14  15   16   17  18
                                     12Z  AVG MX 2MIN
DY MAX MIN AVG DEP HDD CDD  WTR  SNW DPTH SPD SPD DIR MIN PSBL S-S WX    SPD DR
================================================================================

 1  48  44  46  -4  19   0 0.17    M    0  7.9 15  40   M    M   8 1      20  60
 2  49  40  45  -6  20   0 0.04    M    0  6.1 15  60   M    M  10 1      19  60
 3  59  31  45  -6  20   0 0.00  0.0    0  4.9 16  50   M    M   6 12     20  70
 4  55  43  49  -2  16   0 0.07    M    0 10.0 18  50   M    M  10 1      22  50
 5  63  42  53   1  12   0 0.00  0.0    0 11.6 21  60   M    M   3        30  60
 6  69  41  55   3  10   0 0.00  0.0    0  9.9 22  50   M    M   1        29  40
 7  73  42  58   6   7   0    T    M    0  6.8 18 270   M    M   5        23 230
 8  58  39  49  -4  16   0 0.19    M    0 11.8 24 280   M    M   9 1      33 270
 9  56  30  43 -10  22   0 0.00  0.0    0 10.8 23 280   M    M   3        33 270
10  66  31  49  -4  16   0 0.00  0.0    0  4.6 17 260   M    M   0        24 270
11  72  32  52  -2  13   0 0.00  0.0    0  1.6  9 340   M    M   0        13  60
12  80  38  59   5   6   0 0.00  0.0    0  2.5 10 330   M    M   1        15 330
13  71  53  62   8   3   0 0.21  0.0    0 11.7 23 210   M    M   5 1      29 210
14  71  46  59   4   6   0 0.11    M    0 10.6 25 220   M    M   5 1      36 230
15  52  39  46  -9  19   0    T    M    0 15.8 25 280   M    M  10        34 290
16  55  33  44 -11  21   0 0.00  0.0    0 12.5 26 280   M    M   7        37 270
17  63  29  46 -10  19   0 0.00  0.0    0  6.0 18 290   M    M   4 1      24 280
18  65  37  51  -5  14   0 0.00  0.0    0  3.2 12  50   M    M   3        15  10
19  70  40  55  -1  10   0    T    M    0  3.6 18 270   M    M   5 13     24 270
20  75  39  57   1   8   0 0.00  0.0    0  4.8  9 240   M    M   0 1       M  M
21  77  45  61   4   4   0 0.00  0.0    0  6.2 15 220   M    M   0        21 250
22  78  46  62   5   3   0 0.00  0.0    0  4.1 13  30   M    M   0        17  40
23  82  45  64   7   1   0 0.00  0.0    0  1.2  9 340   M    M   0 8      14 280
24  85  42  64   6   1   0 0.00  0.0    0  4.9 13 280   M    M   0 12     16 290
25  82  57  70  12   0   5 0.00  0.0    0  8.1 18 270   M    M   2 8      23 270
26  79  52  66   8   0   1    T  0.0    0  7.1 16  30   M    M   3        20  30
27  89  55  72  14   0   7 0.00  0.0    0  8.4 23 240   M    M   3        32 240
28  90  63  77  18   0  12 0.00  0.0    0  3.8 12 270   M    M   0 18     14 270
29  88  62  75  16   0  10    T  0.0    0  7.5 21 130   M    M   3 3      31 100
30  84  64  74  14   0   9    T  0.0    0 12.2 24 220   M    M   2        34 210
================================================================================
SM 2104 1300       286  44  0.79     0.0 220.2          M      108
================================================================================
AV 70.1 43.3                               7.3 FASTST   M    M   4    MAX(MPH)
                                 MISC ---->  # 26 280               # 37  270
================================================================================
NOTES:
# LAST OF SEVERAL OCCURRENCES

COLUMN 17 PEAK WIND IN M.P.H.

PRELIMINARY LOCAL CLIMATOLOGICAL DATA (WS FORM: F-6) , PAGE 2

                                          STATION:  MASSENA NY
                                          MONTH:    MAY
                                          YEAR:     2016
                                          LATITUDE:   44 55 N
                                          LONGITUDE:  74 51 W

[TEMPERATURE DATA]      [PRECIPITATION DATA]       SYMBOLS USED IN COLUMN 16

AVERAGE MONTHLY: 56.7   TOTAL FOR MONTH:   0.79    1 = FOG OR MIST
DPTR FM NORMAL:   1.7   DPTR FM NORMAL:   -2.18    2 = FOG REDUCING VISIBILITY
HIGHEST:    90 ON 28    GRTST 24HR  0.21 ON 12-13      TO 1/4 MILE OR LESS
LOWEST:     29 ON 17                               3 = THUNDER
                        SNOW, ICE PELLETS, HAIL    4 = ICE PELLETS
                        TOTAL MONTH:   0.0 INCH    5 = HAIL
                        GRTST 24HR     0.0         6 = FREEZING RAIN OR DRIZZLE
                        GRTST DEPTH:   0           7 = DUSTSTORM OR SANDSTORM:
                                                       VSBY 1/2 MILE OR LESS
                                                   8 = SMOKE OR HAZE
[NO. OF DAYS WITH]      [WEATHER - DAYS WITH]      9 = BLOWING SNOW
                                                   X = TORNADO
MAX 32 OR BELOW:   0    0.01 INCH OR MORE:   6
MAX 90 OR ABOVE:   1    0.10 INCH OR MORE:   4
MIN 32 OR BELOW:   5    0.50 INCH OR MORE:   0
MIN  0 OR BELOW:   0    1.00 INCH OR MORE:   0

[HDD (BASE 65) ]
TOTAL THIS MO.   286    CLEAR  (SCALE 0-3)  15
DPTR FM NORMAL   -26    PTCLDY (SCALE 4-7)  11
TOTAL FM JUL 1  7098    CLOUDY (SCALE 8-10)  4
DPTR FM NORMAL  -996

[CDD (BASE 65) ]
TOTAL THIS MO.    44
DPTR FM NORMAL    33    [PRESSURE DATA]
TOTAL FM JAN 1    44    HIGHEST SLP M ON M
DPTR FM NORMAL    32    LOWEST  SLP 29.52 ON M

[REMARKS]
