000
CXUS51 KBTV 310700
CF6MSS
PRELIMINARY LOCAL CLIMATOLOGICAL DATA (WS FORM: F-6)

                                          STATION:   MASSENA NY
                                          MONTH:     JULY
                                          YEAR:      2016
                                          LATITUDE:   44 55 N
                                          LONGITUDE:  74 51 W

  TEMPERATURE IN F:       :PCPN:    SNOW:  WIND      :SUNSHINE: SKY     :PK WND
================================================================================
1   2   3   4   5  6A  6B    7    8   9   10  11  12  13   14  15   16   17  18
                                     12Z  AVG MX 2MIN
DY MAX MIN AVG DEP HDD CDD  WTR  SNW DPTH SPD SPD DIR MIN PSBL S-S WX    SPD DR
================================================================================

 1  84  46  65  -3   0   0 0.07    M    0  5.1 28 200   M    M   3 1      38 190
 2  73  53  63  -5   2   0    T  0.0    0 11.2 25 290   M    M   7        37 290
 3  81  51  66  -2   0   1 0.00  0.0    0 10.3 21 220   M    M   1        28 230
 4  84  57  71   3   0   6 0.00  0.0    0  7.9 16 220   M    M   1        22 250
 5  87  51  69   0   0   4 0.00  0.0    0  6.9 18 220   M    M   0        26 210
 6  88  62  75   6   0  10 0.01  0.0    0  6.4 15 320   M    M   1        20 250
 7  86  66  76   7   0  11    T  0.0    0  6.0 18  60   M    M   3 13     24  60
 8  75  63  69   0   0   4 0.00  0.0    0 12.4 21  40   M    M   5        26  40
 9  73  63  68  -1   0   3 1.47  0.0    0  8.1 16  70   M    M   8 13     20  70
10  66  54  60  -9   5   0 0.07  0.0    0  5.1 14  10   M    M   9 128    18  10
11  81  52  67  -2   0   2 0.00  0.0    0  3.1 10 270   M    M   4 12     14 300
12  85  55  70   1   0   5 0.00  0.0    0  3.5 13 220   M    M   0 1      17 230
13  92  61  77   8   0  12 0.00  0.0    0  8.9 23 220   M    M   0        31 230
14  84  67  76   7   0  11    T  0.0    0 10.4 24 240   M    M   3        36 250
15  86  65  76   7   0  11 0.04  0.0    0 10.2 25 230   M    M   3        35 220
16  73  59  66  -3   0   1 0.15  0.0    0  4.4 12 280   M    M   9 1      14 270
17  80  56  68  -1   0   3 0.00  0.0    0  4.0 12 220   M    M   1 1      16 270
18  85  65  75   6   0  10 0.08  0.0    0 10.9 24 230   M    M   5 3      32 230
19  74  53  64  -5   1   0    T  0.0    0  6.1 17 280   M    M   3        22 290
20  79  49  64  -5   1   0 0.00  0.0    0  6.7 15 230   M    M   0        18 230
21  88  56  72   3   0   7 0.01  0.0    0 10.4 21 220   M    M   0        28 210
22  91  65  78   9   0  13 0.19  0.0    0 12.3 23 300   M    M   3 3      32 310
23  83  60  72   3   0   7    T  0.0    0  7.4 21 260   M    M   2 13     26 260
24  80  52  66  -3   0   1    T  0.0    0  2.2  9  10   M    M   0 1      12 340
25  81  57  69   0   0   4 0.88  0.0    0  7.8 31 300   M    M   4 13     42 310
26  83  64  74   5   0   9 0.00  0.0    0  7.9 16 280   M    M   3        21 290
27  87  61  74   5   0   9 0.00  0.0    0  7.4 16 210   M    M   1        23 220
28  82  63  73   4   0   8 0.00  0.0    0  2.4  8 320   M    M   3 1      12 230
29  79  59  69   0   0   4 0.00  0.0    0  6.1 13 300   M    M   0 12     16  30
30   M   M   M   M   M   M    M    M    M   M   M   M   M    M   M 12      M  M
================================================================================
SM 2370 1685         9 156  2.97     0.0 211.5          M       82
================================================================================
AV 81.7 58.1                               7.3 FASTST   M    M   3    MAX(MPH)
                                 MISC ---->  # 31 300               # 42  310
================================================================================
NOTES:
# LAST OF SEVERAL OCCURRENCES

COLUMN 17 PEAK WIND IN M.P.H.

PRELIMINARY LOCAL CLIMATOLOGICAL DATA (WS FORM: F-6) , PAGE 2

                                          STATION:  MASSENA NY
                                          MONTH:    JULY
                                          YEAR:     2016
                                          LATITUDE:   44 55 N
                                          LONGITUDE:  74 51 W

[TEMPERATURE DATA]      [PRECIPITATION DATA]       SYMBOLS USED IN COLUMN 16

AVERAGE MONTHLY: 69.9   TOTAL FOR MONTH:   2.97    1 = FOG OR MIST
DPTR FM NORMAL:   1.0   DPTR FM NORMAL:   -0.49    2 = FOG REDUCING VISIBILITY
HIGHEST:    92 ON 13    GRTST 24HR  1.47 ON  9- 9      TO 1/4 MILE OR LESS
LOWEST:     46 ON  1                               3 = THUNDER
                        SNOW, ICE PELLETS, HAIL    4 = ICE PELLETS
                        TOTAL MONTH:   0.0 INCH    5 = HAIL
                        GRTST 24HR     0.0         6 = FREEZING RAIN OR DRIZZLE
                        GRTST DEPTH:   0           7 = DUSTSTORM OR SANDSTORM:
                                                       VSBY 1/2 MILE OR LESS
                                                   8 = SMOKE OR HAZE
[NO. OF DAYS WITH]      [WEATHER - DAYS WITH]      9 = BLOWING SNOW
                                                   X = TORNADO
MAX 32 OR BELOW:   0    0.01 INCH OR MORE:  10
MAX 90 OR ABOVE:   2    0.10 INCH OR MORE:   4
MIN 32 OR BELOW:   0    0.50 INCH OR MORE:   2
MIN  0 OR BELOW:   0    1.00 INCH OR MORE:   1

[HDD (BASE 65) ]
TOTAL THIS MO.     9    CLEAR  (SCALE 0-3)  18
DPTR FM NORMAL   -21    PTCLDY (SCALE 4-7)   8
TOTAL FM JUL 1     9    CLOUDY (SCALE 8-10)  3
DPTR FM NORMAL   -21

[CDD (BASE 65) ]
TOTAL THIS MO.   156
DPTR FM NORMAL    10    [PRESSURE DATA]
TOTAL FM JAN 1   269    HIGHEST SLP M ON M
DPTR FM NORMAL    34    LOWEST  SLP 29.71 ON  7

[REMARKS]
