530
CXUS55 KLIX 241000
CF6MSY
PRELIMINARY LOCAL CLIMATOLOGICAL DATA (WS FORM: F-6)

                                          STATION:   NEW ORLEANS
                                          MONTH:     AUGUST
                                          YEAR:      2017
                                          LATITUDE:   29 58 N
                                          LONGITUDE:  90 15 W

  TEMPERATURE IN F:       :PCPN:    SNOW:  WIND      :SUNSHINE: SKY     :PK WND
================================================================================
1   2   3   4   5  6A  6B    7    8   9   10  11  12  13   14  15   16   17  18
                                     12Z  AVG MX 2MIN
DY MAX MIN AVG DEP HDD CDD  WTR  SNW DPTH SPD SPD DIR MIN PSBL S-S WX    SPD DR
================================================================================

 1  91  73  82  -1   0  17 0.00  0.0    0  7.3 16  50   M    M   6        21  60
 2  89  73  81  -2   0  16 0.01  0.0    0  6.9 16  50   M    M   7        20  60
 3  84  74  79  -4   0  14 2.06  0.0    0  6.5 16 250   M    M   9 123    19 250
 4  87  75  81  -2   0  16 0.98  0.0    0  5.6 16 200   M    M   7 13     23 260
 5  87  75  81  -2   0  16 0.50  0.0    0  4.7 18 140   M    M   7 13     24 120
 6  89  76  83   0   0  18 0.11  0.0    0  5.4 18 250   M    M   7 13     23 250
 7  91  77  84   1   0  19 0.24  0.0    0  6.0 15 180   M    M   7 138    19 150
 8  92  77  85   2   0  20 0.43  0.0    0  4.8 16 150   M    M   8 13     22 150
 9  89  75  82  -1   0  17 0.93  0.0    0  4.4 21  20   M    M   7 13     31  20
10  89  74  82  -1   0  17 1.58  0.0    0  2.9 17 290   M    M   8 13     22 290
11  90  78  84   1   0  19 0.05  0.0    0  4.1 15 190   M    M   7 138    20 200
12  89  76  83   0   0  18    T  0.0    0  5.8 21 240   M    M   7 13     28 230
13  94  75  85   2   0  20 0.00  0.0    0  5.1 16 210   M    M   6 13     22 200
14  93  79  86   3   0  21 0.51  0.0    0  6.4 17 230   M    M   6 138    23 240
15  90  73  82  -1   0  17 1.75  0.0    0  3.9 22 180   M    M   8 13     31 250
16  93  77  85   2   0  20 0.26  0.0    0  5.6 15 310   M    M   6 13     20 310
17  94  76  85   2   0  20    T  0.0    0  4.9 15 200   M    M   4 13     21 200
18  95  77  86   3   0  21 0.00  0.0    0  4.8  9 170   M    M   2        13 350
19  96  78  87   4   0  22    T  0.0    0  5.4 17  30   M    M   5 3      24  30
20  95  77  86   3   0  21 0.00  0.0    0  5.2 12  60   M    M   4        17  30
21  93  75  84   1   0  19 0.11  0.0    0  4.0 18 350   M    M   6 138    26 360
22  90  76  83   0   0  18 0.04  0.0    0  3.4 17 140   M    M   6 13     20 140
23  93  78  86   3   0  21 0.00  0.0    0  4.8 13 150   M    M   8        16 160
================================================================================
SM 2093 1744         0 427  9.56     0.0 117.9          M      148
================================================================================
AV 91.0 75.8                               5.1 FASTST   M    M   6    MAX(MPH)
                                 MISC ---->  # 22 180               # 31   20
================================================================================
NOTES:
# LAST OF SEVERAL OCCURRENCES

COLUMN 17 PEAK WIND IN M.P.H.

PRELIMINARY LOCAL CLIMATOLOGICAL DATA (WS FORM: F-6) , PAGE 2

                                          STATION:  NEW ORLEANS
                                          MONTH:    AUGUST
                                          YEAR:     2017
                                          LATITUDE:   29 58 N
                                          LONGITUDE:  90 15 W

[TEMPERATURE DATA]      [PRECIPITATION DATA]       SYMBOLS USED IN COLUMN 16

AVERAGE MONTHLY: 83.4   TOTAL FOR MONTH:   9.56    1 = FOG OR MIST
DPTR FM NORMAL:   0.4   DPTR FM NORMAL:    5.09    2 = FOG REDUCING VISIBILITY
HIGHEST:    96 ON 19    GRTST 24HR  2.06 ON  3- 3      TO 1/4 MILE OR LESS
LOWEST:     73 ON 15, 2                            3 = THUNDER
                        SNOW, ICE PELLETS, HAIL    4 = ICE PELLETS
                        TOTAL MONTH:   0.0 INCH    5 = HAIL
                        GRTST 24HR     0.0         6 = FREEZING RAIN OR DRIZZLE
                        GRTST DEPTH:   0           7 = DUSTSTORM OR SANDSTORM:
                                                       VSBY 1/2 MILE OR LESS
                                                   8 = SMOKE OR HAZE
[NO. OF DAYS WITH]      [WEATHER - DAYS WITH]      9 = BLOWING SNOW
                                                   X = TORNADO
MAX 32 OR BELOW:   0    0.01 INCH OR MORE:  15
MAX 90 OR ABOVE:  15    0.10 INCH OR MORE:  12
MIN 32 OR BELOW:   0    0.50 INCH OR MORE:   7
MIN  0 OR BELOW:   0    1.00 INCH OR MORE:   3

[HDD (BASE 65) ]
TOTAL THIS MO.     0    CLEAR  (SCALE 0-3)   1
DPTR FM NORMAL     0    PTCLDY (SCALE 4-7)  21
TOTAL FM JUL 1     0    CLOUDY (SCALE 8-10)  1
DPTR FM NORMAL     0

[CDD (BASE 65) ]
TOTAL THIS MO.   427
DPTR FM NORMAL    13    [PRESSURE DATA]
TOTAL FM JAN 1  2213    HIGHEST SLP M ON M
DPTR FM NORMAL   119    LOWEST  SLP 29.86 ON M

[REMARKS]
