000
CXUS55 KGJT 280910
CF6MTJ
PRELIMINARY LOCAL CLIMATOLOGICAL DATA (WS FORM: F-6)
STATION: MONTROSE CO
MONTH: MARCH
YEAR: 2024
LATITUDE: 38 30 N
LONGITUDE: 107 53 W
TEMPERATURE IN F: :PCPN: SNOW: WIND :SUNSHINE: SKY :PK WND
================================================================================
1 2 3 4 5 6A 6B 7 8 9 10 11 12 13 14 15 16 17 18
12Z AVG MX 2MIN
DY MAX MIN AVG DEP HDD CDD WTR SNW DPTH SPD SPD DIR MIN PSBL S-S WX SPD DR
================================================================================
1 58 28 43 5 22 0 0.00 M M 11.8 35 200 M M 1 53 190
2 61 43 52 14 13 0 T M M 24.7 44 210 M M 3 62 240
3 48 23 36 -2 29 0 0.35 M M 8.2 35 310 M M 8 12 51 320
4 47 25 36 -3 29 0 0.06 M M 5.0 15 330 M M 6 1 21 290
5 50 29 40 1 25 0 0.00 M M 3.8 10 130 M M 7 12 310
6 52 32 42 3 23 0 T M M 5.3 16 360 M M 6 21 10
7 47 32 40 0 25 0 0.00 M M 6.6 20 250 M M 4 28 240
8 48 29 39 -1 26 0 0.06 M M 6.3 24 350 M M 7 1 34 340
9 50 24 37 -3 28 0 0.00 M M 5.3 13 160 M M 0 15 160
10 56 25 41 0 24 0 0.00 M M 6.0 13 140 M M 0 16 140
11 60 29 45 4 20 0 0.00 M M 8.0 23 220 M M 1 34 230
12 56 30 43 2 22 0 0.00 M M 7.9 24 250 M M 5 32 230
13 44 32 38 -3 27 0 0.04 M M 6.2 23 310 M M 9 1 30 300
14 42 30 36 -6 29 0 0.04 M M 4.6 16 110 M M 8 1 22 120
15 54 33 44 2 21 0 0.00 M M 10.7 30 100 M M 7 40 120
16 48 30 39 -3 26 0 0.18 M M 5.2 15 340 M M 8 1 23 320
17 54 32 43 1 22 0 T M M 5.8 20 340 M M 6 1 33 340
18 58 30 44 1 21 0 0.00 M M 6.7 12 130 M M 0 17 340
19 60 31 46 3 19 0 0.00 M M 7.1 16 310 M M 0 19 330
20 63 30 47 4 18 0 0.00 M M 6.9 15 320 M M 1 21 340
21 64 32 48 4 17 0 0.00 M M 7.0 20 320 M M 3 26 310
22 64 33 49 5 16 0 0.00 M M 5.3 12 140 M M 1 15 10
23 63 43 53 9 12 0 T M M 12.0 30 210 M M 2 8 43 200
24 48 34 41 -3 24 0 0.09 M M 10.1 24 290 M M 8 1 35 160
25 45 28 37 -7 28 0 T M M 10.3 21 320 M M 5 1 29 320
26 43 27 35 -10 30 0 0.01 M M 6.9 22 280 M M 7 1 31 280
27 49 25 37 -8 28 0 0.02 M M 6.3 13 150 M M 3 1 17 150
================================================================================
SM 1432 819 624 0 0.85 M 210.0 M 116
================================================================================
AV 53.0 30.3 7.8 FASTST M M 4 MAX(MPH)
MISC ----> 44 210 62 240
================================================================================
NOTES:
# LAST OF SEVERAL OCCURRENCES
COLUMN 17 PEAK WIND IN M.P.H.
PRELIMINARY LOCAL CLIMATOLOGICAL DATA (WS FORM: F-6) , PAGE 2
STATION: MONTROSE CO
MONTH: MARCH
YEAR: 2024
LATITUDE: 38 30 N
LONGITUDE: 107 53 W
[TEMPERATURE DATA] [PRECIPITATION DATA] SYMBOLS USED IN COLUMN 16
AVERAGE MONTHLY: 41.7 TOTAL FOR MONTH: 0.85 1 = FOG OR MIST
DPTR FM NORMAL: 0.1 DPTR FM NORMAL: 0.31 2 = FOG REDUCING VISIBILITY
HIGHEST: 64 ON 22,21 GRTST 24HR 0.35 ON 2- 3 TO 1/4 MILE OR LESS
LOWEST: 23 ON 3 3 = THUNDER
SNOW, ICE PELLETS, HAIL 4 = ICE PELLETS
TOTAL MONTH: M 5 = HAIL
GRTST 24HR M ON M 6 = FREEZING RAIN OR DRIZZLE
GRTST DEPTH: M ON M 7 = DUSTSTORM OR SANDSTORM:
VSBY 1/2 MILE OR LESS
8 = SMOKE OR HAZE
[NO. OF DAYS WITH] [WEATHER - DAYS WITH] 9 = BLOWING SNOW
X = TORNADO
MAX 32 OR BELOW: 0 0.01 INCH OR MORE: 9
MAX 90 OR ABOVE: 0 0.10 INCH OR MORE: 2
MIN 32 OR BELOW: 22 0.50 INCH OR MORE: 0
MIN 0 OR BELOW: 0 1.00 INCH OR MORE: 0
[HDD (BASE 65) ]
TOTAL THIS MO. 624 CLEAR (SCALE 0-3) 11
DPTR FM NORMAL -8 PTCLDY (SCALE 4-7) 15
TOTAL FM JUL 1 4727 CLOUDY (SCALE 8-10) 1
DPTR FM NORMAL -477
[CDD (BASE 65) ]
TOTAL THIS MO. 0
DPTR FM NORMAL 0 [PRESSURE DATA]
TOTAL FM JAN 1 0 HIGHEST SLP M ON M
DPTR FM NORMAL 0 LOWEST SLP 29.22 ON 24
[REMARKS]