000
CXUS51 KBTV 190700
CF6MVL
PRELIMINARY LOCAL CLIMATOLOGICAL DATA (WS FORM: F-6)

                                          STATION:   MORRISVILLE VT
                                          MONTH:     NOVEMBER
                                          YEAR:      2017
                                          LATITUDE:   44 31 N
                                          LONGITUDE:  72 37 W

  TEMPERATURE IN F:       :PCPN:    SNOW:  WIND      :SUNSHINE: SKY     :PK WND
================================================================================
1   2   3   4   5  6A  6B    7    8   9   10  11  12  13   14  15   16   17  18
                                     12Z  AVG MX 2MIN
DY MAX MIN AVG DEP HDD CDD  WTR  SNW DPTH SPD SPD DIR MIN PSBL S-S WX    SPD DR
================================================================================

 1  48  32  40   0  25   0 0.11    M    0  4.0 16 190   M    M   8 1      25 170
 2  62  41  52  12  13   0 0.45    M    0  3.5 15 210   M    M   8 1      21 200
 3  64  37  51  11  14   0 0.21    M    0  8.6 18 320   M    M   9 1      27 320
 4  43  29  36  -4  29   0 0.00  0.0    0  3.2 13 340   M    M   4        19 330
 5  52  34  43   4  22   0 0.18    M    0 12.0 28 190   M    M   8 1      42 200
 6  59  34  47   8  18   0 0.17    M    0  6.0 21 320   M    M   7 1      30 320
 7  35  22  29  -9  36   0 0.00  0.0    0  4.4 12  10   M    M   5        17 340
 8  43  17  30  -8  35   0 0.00  0.0    0  0.7  9 340   M    M   0        13 330
 9  43  17  30  -8  35   0    T    M    0  5.9 20 160   M    M   3        25 190
10  44  16  30  -7  35   0 0.11    M    0 12.2 20 320   M    M   9 18     31 250
11  27  13  20 -17  45   0    T    M    0  3.2 17 340   M    M   5        25 350
12  36  18  27 -10  38   0 0.00  0.0    0  1.1  7  10   M    M   6 8       9 360
13  34  16  25 -11  40   0 0.00  0.0    0  0.8  7 160   M    M   8 1       9 160
14  35  28  32  -4  33   0 0.00  0.0    0  0.3  3 200   M    M  10         5 360
15  41  21  31  -5  34   0 0.00  0.0    0  2.9 20 180   M    M   3 1      30 180
16   M   M   M   M   M   M 0.05    M    0  7.1 16 180   M    M   9        30 180
17  33  18  26  -9  39   0    T    M    0  8.2 14 330   M    M   6 1      25 280
18  33  13  23 -11  42   0 0.02    M    0  5.1  9 200   M    M   7 1       M  M
================================================================================
SM  732  406       533   0  1.30     0.0  89.2          M      115
================================================================================
AV 43.1 23.9                               5.0 FASTST   M    M   6    MAX(MPH)
                                 MISC ---->  # 28 190               # 42  200
================================================================================
NOTES:
# LAST OF SEVERAL OCCURRENCES

COLUMN 17 PEAK WIND IN M.P.H.

PRELIMINARY LOCAL CLIMATOLOGICAL DATA (WS FORM: F-6) , PAGE 2

                                          STATION:  MORRISVILLE VT
                                          MONTH:    NOVEMBER
                                          YEAR:     2017
                                          LATITUDE:   44 31 N
                                          LONGITUDE:  72 37 W

[TEMPERATURE DATA]      [PRECIPITATION DATA]       SYMBOLS USED IN COLUMN 16

AVERAGE MONTHLY: 33.5   TOTAL FOR MONTH:   1.30    1 = FOG OR MIST
DPTR FM NORMAL:  -4.0   DPTR FM NORMAL:   -0.55    2 = FOG REDUCING VISIBILITY
HIGHEST:    64 ON  3    GRTST 24HR  0.45 ON  2- 2      TO 1/4 MILE OR LESS
LOWEST:     13 ON 18,11                            3 = THUNDER
                        SNOW, ICE PELLETS, HAIL    4 = ICE PELLETS
                        TOTAL MONTH:   0.0 INCH    5 = HAIL
                        GRTST 24HR     0.0         6 = FREEZING RAIN OR DRIZZLE
                        GRTST DEPTH:   0           7 = DUSTSTORM OR SANDSTORM:
                                                       VSBY 1/2 MILE OR LESS
                                                   8 = SMOKE OR HAZE
[NO. OF DAYS WITH]      [WEATHER - DAYS WITH]      9 = BLOWING SNOW
                                                   X = TORNADO
MAX 32 OR BELOW:   1    0.01 INCH OR MORE:   8
MAX 90 OR ABOVE:   0    0.10 INCH OR MORE:   6
MIN 32 OR BELOW:  13    0.50 INCH OR MORE:   0
MIN  0 OR BELOW:   0    1.00 INCH OR MORE:   0

[HDD (BASE 65) ]
TOTAL THIS MO.   533    CLEAR  (SCALE 0-3)   2
DPTR FM NORMAL    37    PTCLDY (SCALE 4-7)  10
TOTAL FM JUL 1  1248    CLOUDY (SCALE 8-10)  6
DPTR FM NORMAL  -179

[CDD (BASE 65) ]
TOTAL THIS MO.     0
DPTR FM NORMAL     0    [PRESSURE DATA]
TOTAL FM JAN 1   192    HIGHEST SLP M ON M
DPTR FM NORMAL   -73    LOWEST  SLP 29.41 ON 18

[REMARKS]
