621
CXUS56 KOTX 220900
CF6MWH
PRELIMINARY LOCAL CLIMATOLOGICAL DATA (WS FORM: F-6)

                                          STATION:   MOSES LAKE WA AIRPORT
                                          MONTH:     NOVEMBER
                                          YEAR:      2017
                                          LATITUDE:   47 12 N
                                          LONGITUDE: 119 19 W

  TEMPERATURE IN F:       :PCPN:    SNOW:  WIND      :SUNSHINE: SKY     :PK WND
================================================================================
1   2   3   4   5  6A  6B    7    8   9   10  11  12  13   14  15   16   17  18
                                     12Z  AVG MX 2MIN
DY MAX MIN AVG DEP HDD CDD  WTR  SNW DPTH SPD SPD DIR MIN PSBL S-S WX    SPD DR
================================================================================

 1  57  28  43   0  22   0    T    M    M  5.4 17  10   M    M   2        19  10
 2  55  23  39  -4  26   0 0.07    M    M  6.9 24 240   M    M   5        33 230
 3  46  21  34  -8  31   0 0.00    M    M  8.0 16 350   M    M   2        19 360
 4  36  21  29 -13  36   0    T    M    M  4.0 13  10   M    M   8        14  10
 5  34  25  30 -12  35   0 0.19    M    M 10.5 20 360   M    M   9 1      24 360
 6  36  24  30 -11  35   0 0.00    M    M  6.3 10 350   M    M   9        12 350
 7  36  20  28 -13  37   0 0.00    M    M  7.6 13  10   M    M   4        14  10
 8  41  32  37  -3  28   0 0.04    M    M 10.9 20  20   M    M   7        23  20
 9  41  32  37  -3  28   0 0.25    M    M  7.9 15 350   M    M   8 1      18 350
10  44  31  38  -2  27   0 0.07    M    M  0.0  0   0   M    M  10         0   0
11  45  38  42   3  23   0 0.00    M    M  4.0  9 330   M    M   9        12 320
12  45  36  41   2  24   0 0.00    M    M  2.1 10  10   M    M   9 12     11  10
13  53  38  46   8  19   0    T    M    M 12.3 28 190   M    M   5 12     37 210
14  52  36  44   6  21   0 0.00    M    M  9.4 17 200   M    M   2        23 140
15  52  37  45   7  20   0 0.43    M    M  7.4 16 180   M    M   8 1      20 190
16  50  36  43   6  22   0 0.02    M    M  9.2 17 210   M    M   3        23 200
17  51  36  44   7  21   0 0.00    M    M 11.4 25 250   M    M   0        33 250
18  49  29  39   2  26   0 0.00    M    M  5.5 12 170   M    M   0        15 170
19  45  26  36   0  29   0 0.02    M    M  4.6 13 180   M    M   2        16 170
20  49  31  40   4  25   0 0.26    M    M  5.5 15 330   M    M   5 1      19 330
21  41  29  35   0  30   0 0.29    M    M  4.5 12  10   M    M   7 1      13  10
================================================================================
SM  958  629       565   0  1.64    M    143.4          M      114
================================================================================
AV 45.6 30.0                               6.8 FASTST   M    M   5    MAX(MPH)
                                 MISC ---->  # 28 190               # 37  210
================================================================================
NOTES:
# LAST OF SEVERAL OCCURRENCES

COLUMN 17 PEAK WIND IN M.P.H.

PRELIMINARY LOCAL CLIMATOLOGICAL DATA (WS FORM: F-6) , PAGE 2

                                          STATION:  MOSES LAKE WA AIRPORT
                                          MONTH:    NOVEMBER
                                          YEAR:     2017
                                          LATITUDE:   47 12 N
                                          LONGITUDE: 119 19 W

[TEMPERATURE DATA]      [PRECIPITATION DATA]       SYMBOLS USED IN COLUMN 16

AVERAGE MONTHLY: 37.8   TOTAL FOR MONTH:   1.64    1 = FOG OR MIST
DPTR FM NORMAL:  -1.5   DPTR FM NORMAL:    0.83    2 = FOG REDUCING VISIBILITY
HIGHEST:    57 ON  1    GRTST 24HR  0.43 ON 15-15      TO 1/4 MILE OR LESS
LOWEST:     20 ON  7                               3 = THUNDER
                        SNOW, ICE PELLETS, HAIL    4 = ICE PELLETS
                        TOTAL MONTH:    M          5 = HAIL
                        GRTST 24HR    M  ON   M    6 = FREEZING RAIN OR DRIZZLE
                        GRTST DEPTH:  M  ON   M    7 = DUSTSTORM OR SANDSTORM:
                                                       VSBY 1/2 MILE OR LESS
                                                   8 = SMOKE OR HAZE
[NO. OF DAYS WITH]      [WEATHER - DAYS WITH]      9 = BLOWING SNOW
                                                   X = TORNADO
MAX 32 OR BELOW:   0    0.01 INCH OR MORE:  10
MAX 90 OR ABOVE:   0    0.10 INCH OR MORE:   5
MIN 32 OR BELOW:  14    0.50 INCH OR MORE:   0
MIN  0 OR BELOW:   0    1.00 INCH OR MORE:   0

[HDD (BASE 65) ]
TOTAL THIS MO.   565    CLEAR  (SCALE 0-3)   7
DPTR FM NORMAL    25    PTCLDY (SCALE 4-7)   7
TOTAL FM JUL 1  1197    CLOUDY (SCALE 8-10)  7
DPTR FM NORMAL    20

[CDD (BASE 65) ]
TOTAL THIS MO.     0
DPTR FM NORMAL     0    [PRESSURE DATA]
TOTAL FM JAN 1   886    HIGHEST SLP M ON M
DPTR FM NORMAL   271    LOWEST  SLP 29.45 ON 16

[REMARKS]
