000
CXUS56 KOTX 220900
CF6MWH
PRELIMINARY LOCAL CLIMATOLOGICAL DATA (WS FORM: F-6)

                                          STATION:   MOSES LAKE WA AIRPORT
                                          MONTH:     SEPTEMBER
                                          YEAR:      2017
                                          LATITUDE:   47 12 N
                                          LONGITUDE: 119 19 W

  TEMPERATURE IN F:       :PCPN:    SNOW:  WIND      :SUNSHINE: SKY     :PK WND
================================================================================
1   2   3   4   5  6A  6B    7    8   9   10  11  12  13   14  15   16   17  18
                                     12Z  AVG MX 2MIN
DY MAX MIN AVG DEP HDD CDD  WTR  SNW DPTH SPD SPD DIR MIN PSBL S-S WX    SPD DR
================================================================================

 1  92  51  72   4   0   7 0.00    M    M  4.9 13 220   M    M   1        14 200
 2  97  53  75   8   0  10 0.00    M    M  4.8 13 200   M    M   2        17 190
 3  95  53  74   7   0   9 0.00    M    M  4.3 10 220   M    M   1 8      13  20
 4  99  56  78  11   0  13 0.00    M    M  7.8 14  40   M    M   3 8      19  40
 5  91  63  77  11   0  12 0.00    M    M  8.4 14  40   M    M   9 8      18  40
 6  94  56  75   9   0  10 0.00    M    M  6.0 10  10   M    M  10 8      17  50
 7  82  57  70   4   0   5 0.00    M    M  4.9 12  20   M    M  10 18     12  20
 8  86  56  71   6   0   6 0.00    M    M  5.3 13 160   M    M   1 8      16 150
 9  85  59  72   7   0   7 0.00    M    M  8.5 21 230   M    M   1 8      26 230
10  81  52  67   3   0   2 0.00    M    M  4.5 10 200   M    M   0        14 210
11  87  44  66   2   0   1 0.00    M    M  4.9 14 170   M    M   1        18 180
12  91  48  70   6   0   5 0.00    M    M  6.8 15 180   M    M   1        21 200
13  79  57  68   5   0   3 0.00    M    M  9.5 17  10   M    M   0 8      21 360
14  75  52  64   1   1   0 0.00    M    M 12.2 23 360   M    M   1 8      29 360
15  75  45  60  -2   5   0 0.00    M    M  6.5 13 360   M    M   1 8      15 120
16  69  38  54  -8  11   0 0.00    M    M  4.6  9  20   M    M   1 8      13  70
17  71  43  57  -5   8   0    T    M    M  8.2 21 180   M    M   3 8      26 180
18  68  52  60  -1   5   0 0.06    M    M  9.6 21 220   M    M   4 8      28 210
19  67  48  58  -3   7   0    T    M    M 10.1 22 250   M    M   5        30 270
20  55  38  47 -13  18   0 0.03    M    M  6.1 12 150   M    M   2        14 220
21  64  35  50 -10  15   0 0.03    M    M  5.0 16 300   M    M   6        20 350
================================================================================
SM 1703 1056        70  90  0.12    M    142.9          M       63
================================================================================
AV 81.1 50.3                               6.8 FASTST   M    M   3    MAX(MPH)
                                 MISC ---->  # 23 360               # 30  270
================================================================================
NOTES:
# LAST OF SEVERAL OCCURRENCES

COLUMN 17 PEAK WIND IN M.P.H.

PRELIMINARY LOCAL CLIMATOLOGICAL DATA (WS FORM: F-6) , PAGE 2

                                          STATION:  MOSES LAKE WA AIRPORT
                                          MONTH:    SEPTEMBER
                                          YEAR:     2017
                                          LATITUDE:   47 12 N
                                          LONGITUDE: 119 19 W

[TEMPERATURE DATA]      [PRECIPITATION DATA]       SYMBOLS USED IN COLUMN 16

AVERAGE MONTHLY: 65.7   TOTAL FOR MONTH:   0.12    1 = FOG OR MIST
DPTR FM NORMAL:   1.7   DPTR FM NORMAL:   -0.09    2 = FOG REDUCING VISIBILITY
HIGHEST:    99 ON  4    GRTST 24HR  0.06 ON 18-18      TO 1/4 MILE OR LESS
LOWEST:     35 ON 21                               3 = THUNDER
                        SNOW, ICE PELLETS, HAIL    4 = ICE PELLETS
                        TOTAL MONTH:    M          5 = HAIL
                        GRTST 24HR    M  ON   M    6 = FREEZING RAIN OR DRIZZLE
                        GRTST DEPTH:  M  ON   M    7 = DUSTSTORM OR SANDSTORM:
                                                       VSBY 1/2 MILE OR LESS
                                                   8 = SMOKE OR HAZE
[NO. OF DAYS WITH]      [WEATHER - DAYS WITH]      9 = BLOWING SNOW
                                                   X = TORNADO
MAX 32 OR BELOW:   0    0.01 INCH OR MORE:   3
MAX 90 OR ABOVE:   7    0.10 INCH OR MORE:   0
MIN 32 OR BELOW:   0    0.50 INCH OR MORE:   0
MIN  0 OR BELOW:   0    1.00 INCH OR MORE:   0

[HDD (BASE 65) ]
TOTAL THIS MO.    70    CLEAR  (SCALE 0-3)  15
DPTR FM NORMAL     7    PTCLDY (SCALE 4-7)   3
TOTAL FM JUL 1    70    CLOUDY (SCALE 8-10)  3
DPTR FM NORMAL   -13

[CDD (BASE 65) ]
TOTAL THIS MO.    90
DPTR FM NORMAL    48    [PRESSURE DATA]
TOTAL FM JAN 1   885    HIGHEST SLP M ON M
DPTR FM NORMAL   273    LOWEST  SLP 29.61 ON 20

[REMARKS]
