249
CXUS54 KFWD 240730
CF6MWL
PRELIMINARY LOCAL CLIMATOLOGICAL DATA (WS FORM: F-6)

                                          STATION:   MINERAL WELLS
                                          MONTH:     JULY
                                          YEAR:      2016
                                          LATITUDE:   32 46 N
                                          LONGITUDE:  98  4 W

  TEMPERATURE IN F:       :PCPN:    SNOW:  WIND      :SUNSHINE: SKY     :PK WND
================================================================================
1   2   3   4   5  6A  6B    7    8   9   10  11  12  13   14  15   16   17  18
                                     12Z  AVG MX 2MIN
DY MAX MIN AVG DEP HDD CDD  WTR  SNW DPTH SPD SPD DIR MIN PSBL S-S WX    SPD DR
================================================================================

 1  96  69  83   1   0  18 0.00  0.0    0  7.3 14 140   M    M   0        18 140
 2  99  71  85   3   0  20 0.00  0.0    0 10.9 18 150   M    M   0        25 140
 3  99  72  86   4   0  21 0.44  0.0    0 12.4 28  10   M    M   1 13     36 360
 4  96  71  84   2   0  19 1.44  0.0    0 13.5 45 290   M    M   2 138    62 290
 5  93  73  83   1   0  18    T  0.0    0 10.7 31 180   M    M   1 3      38 170
 6  98  77  88   6   0  23 0.00  0.0    0 13.4 21 170   M    M   0        28 190
 7  97  75  86   4   0  21 0.00  0.0    0 13.7 22 170   M    M   0        28 160
 8  96  76  86   4   0  21 0.00  0.0    0 10.6 18 160   M    M   0        26 130
 9  95  73  84   2   0  19    T  0.0    0  9.4 31  30   M    M   1 3      43  30
10  95  69  82  -1   0  17 0.00  0.0    0  9.4 16 150   M    M   0        24 150
11  97  76  87   4   0  22 0.00  0.0    0 14.2 22 160   M    M   1        30 170
12  96  75  86   3   0  21 0.00  0.0    0 15.5 24 150   M    M   0        33 150
13  99  75  87   4   0  22 0.00  0.0    0 14.7 23 180   M    M   0        31 200
14  99  75  87   4   0  22 0.00  0.0    0 11.2 20 130   M    M   0        25 150
15  95  77  86   3   0  21 0.00  0.0    0  9.6 17 120   M    M   1        21 140
16  98  70  84   1   0  19 0.00  0.0    0  7.7 24 360   M    M   0        32 340
17  98  72  85   2   0  20 0.00  0.0    0  9.5 18 130   M    M   0        23 130
18  96  73  85   2   0  20 0.00  0.0    0  9.2 20 140   M    M   0        25 130
19  97  73  85   1   0  20 0.00  0.0    0  7.2 16 130   M    M   1        21 130
20  99  73  86   2   0  21 0.00  0.0    0  8.0 16 130   M    M   1        20 160
21 100  72  86   2   0  21 0.00  0.0    0  7.6 15 140   M    M   0        20 150
22 101  71  86   2   0  21 0.00  0.0    0  7.2 16 140   M    M   0        24 140
23 102  73  88   4   0  23 0.00  0.0    0  7.5 15 180   M    M   0        23 120
================================================================================
SM 2241 1681         0 470  1.88     0.0 240.4          M        9
================================================================================
AV 97.4 73.1                              10.5 FASTST   M    M   0    MAX(MPH)
                                 MISC ---->  # 45 290               # 62  290
================================================================================
NOTES:
# LAST OF SEVERAL OCCURRENCES

COLUMN 17 PEAK WIND IN M.P.H.

PRELIMINARY LOCAL CLIMATOLOGICAL DATA (WS FORM: F-6) , PAGE 2

                                          STATION:  MINERAL WELLS
                                          MONTH:    JULY
                                          YEAR:     2016
                                          LATITUDE:   32 46 N
                                          LONGITUDE:  98  4 W

[TEMPERATURE DATA]      [PRECIPITATION DATA]       SYMBOLS USED IN COLUMN 16

AVERAGE MONTHLY: 85.3   TOTAL FOR MONTH:   1.88    1 = FOG OR MIST
DPTR FM NORMAL:   2.4   DPTR FM NORMAL:    0.41    2 = FOG REDUCING VISIBILITY
HIGHEST:   102 ON 23    GRTST 24HR  1.51 ON  3- 4      TO 1/4 MILE OR LESS
LOWEST:     69 ON 10, 1                            3 = THUNDER
                        SNOW, ICE PELLETS, HAIL    4 = ICE PELLETS
                        TOTAL MONTH:   0.0 INCH    5 = HAIL
                        GRTST 24HR     0.0         6 = FREEZING RAIN OR DRIZZLE
                        GRTST DEPTH:   0           7 = DUSTSTORM OR SANDSTORM:
                                                       VSBY 1/2 MILE OR LESS
                                                   8 = SMOKE OR HAZE
[NO. OF DAYS WITH]      [WEATHER - DAYS WITH]      9 = BLOWING SNOW
                                                   X = TORNADO
MAX 32 OR BELOW:   0    0.01 INCH OR MORE:   2
MAX 90 OR ABOVE:  23    0.10 INCH OR MORE:   2
MIN 32 OR BELOW:   0    0.50 INCH OR MORE:   1
MIN  0 OR BELOW:   0    1.00 INCH OR MORE:   1

[HDD (BASE 65) ]
TOTAL THIS MO.     0    CLEAR  (SCALE 0-3)  23
DPTR FM NORMAL     0    PTCLDY (SCALE 4-7)   0
TOTAL FM JUL 1     0    CLOUDY (SCALE 8-10)  0
DPTR FM NORMAL     0

[CDD (BASE 65) ]
TOTAL THIS MO.   470
DPTR FM NORMAL    62    [PRESSURE DATA]
TOTAL FM JAN 1  1238    HIGHEST SLP M ON M
DPTR FM NORMAL    44    LOWEST  SLP 29.72 ON  4

[REMARKS]
