657
CXUS55 KBOI 191002
CF6MYL
PRELIMINARY LOCAL CLIMATOLOGICAL DATA (WS FORM: F-6)

                                          STATION:   MCCALL ID
                                          MONTH:     NOVEMBER
                                          YEAR:      2017
                                          LATITUDE:   44 52 N
                                          LONGITUDE: 116  6 W

  TEMPERATURE IN F:       :PCPN:    SNOW:  WIND      :SUNSHINE: SKY     :PK WND
================================================================================
1   2   3   4   5  6A  6B    7    8   9   10  11  12  13   14  15   16   17  18
                                     12Z  AVG MX 2MIN
DY MAX MIN AVG DEP HDD CDD  WTR  SNW DPTH SPD SPD DIR MIN PSBL S-S WX    SPD DR
================================================================================

 1  46  26  36   1  29   0 0.00    M    M  3.2 12 270   M    M   6        17 280
 2  38  31  35   1  30   0 0.20    M    M  3.3 13 140   M    M  10 1      15 160
 3  34  29  32  -2  33   0 0.99    M    M  4.2 15 140   M    M   9 1      19 150
 4  29  20  25  -9  40   0 0.01    M    M  4.2 10 170   M    M   7 1      12 170
 5  30  25  28  -5  37   0 0.20    M    M  7.1 18 160   M    M   9 12     23 160
 6  33  11  22 -11  43   0 0.00    M    M  2.9  9 360   M    M   5 12     13 350
 7  28   1  15 -17  50   0 0.00    M    M  1.1  6 240   M    M   4 128     7 200
 8  36  19  28  -4  37   0    T    M    M  2.3 10 150   M    M   6 1      12 150
 9  37  30  34   2  31   0 0.35    M    M  2.7 16 180   M    M  10 12     20 170
10  36  29  33   2  32   0 0.19    M    M  2.3 10 140   M    M  10 1      19  30
11  37  30  34   3  31   0 0.00    M    M  1.7  8 160   M    M  10 1      11 160
12  41  25  33   3  32   0 0.00    M    M  0.6  6  50   M    M   7 12      6  40
13  45  21  33   3  32   0 0.08    M    M  5.3 23 180   M    M   7 12     28 160
14  38  22  30   1  35   0 0.06    M    M  4.7 13 180   M    M   4 1      15 170
15  41  19  30   1  35   0 0.16    M    M  4.7 21 170   M    M   4 1      25 170
16  44  31  38  10  27   0 0.15    M    M 10.1 26 200   M    M   9 1      36 190
17  35  19  27  -1  38   0 0.01    M    M  4.2 13 280   M    M   6 1      19 270
18  34  16  25  -2  40   0 0.00    M    M  1.0  7 190   M    M   1         8 190
================================================================================
SM  662  404       632   0  2.40    M     65.6          M      124
================================================================================
AV 36.8 22.4                               3.6 FASTST   M    M   7    MAX(MPH)
                                 MISC ---->  # 26 200               # 36  190
================================================================================
NOTES:
# LAST OF SEVERAL OCCURRENCES

COLUMN 17 PEAK WIND IN M.P.H.

PRELIMINARY LOCAL CLIMATOLOGICAL DATA (WS FORM: F-6) , PAGE 2

                                          STATION:  MCCALL ID
                                          MONTH:    NOVEMBER
                                          YEAR:     2017
                                          LATITUDE:   44 52 N
                                          LONGITUDE: 116  6 W

[TEMPERATURE DATA]      [PRECIPITATION DATA]       SYMBOLS USED IN COLUMN 16

AVERAGE MONTHLY: 29.6   TOTAL FOR MONTH:   2.40    1 = FOG OR MIST
DPTR FM NORMAL:  -1.6   DPTR FM NORMAL:    0.60    2 = FOG REDUCING VISIBILITY
HIGHEST:    46 ON  1    GRTST 24HR  0.99 ON  3- 3      TO 1/4 MILE OR LESS
LOWEST:      1 ON  7                               3 = THUNDER
                        SNOW, ICE PELLETS, HAIL    4 = ICE PELLETS
                        TOTAL MONTH:    M          5 = HAIL
                        GRTST 24HR    M  ON   M    6 = FREEZING RAIN OR DRIZZLE
                        GRTST DEPTH:  M  ON   M    7 = DUSTSTORM OR SANDSTORM:
                                                       VSBY 1/2 MILE OR LESS
                                                   8 = SMOKE OR HAZE
[NO. OF DAYS WITH]      [WEATHER - DAYS WITH]      9 = BLOWING SNOW
                                                   X = TORNADO
MAX 32 OR BELOW:   3    0.01 INCH OR MORE:  11
MAX 90 OR ABOVE:   0    0.10 INCH OR MORE:   7
MIN 32 OR BELOW:  18    0.50 INCH OR MORE:   1
MIN  0 OR BELOW:   0    1.00 INCH OR MORE:   0

[HDD (BASE 65) ]
TOTAL THIS MO.   632    CLEAR  (SCALE 0-3)   1
DPTR FM NORMAL    24    PTCLDY (SCALE 4-7)  10
TOTAL FM JUL 1  1746    CLOUDY (SCALE 8-10)  7
DPTR FM NORMAL  -405

[CDD (BASE 65) ]
TOTAL THIS MO.     0
DPTR FM NORMAL     0    [PRESSURE DATA]
TOTAL FM JAN 1   229    HIGHEST SLP M ON M
DPTR FM NORMAL   204    LOWEST  SLP 29.62 ON 16

[REMARKS]
