000
CXUS55 KBOI 011002
CF6MYL
PRELIMINARY LOCAL CLIMATOLOGICAL DATA (WS FORM: F-6)

                                          STATION:   MCCALL ID
                                          MONTH:     JUNE
                                          YEAR:      2015
                                          LATITUDE:   44 52 N
                                          LONGITUDE: 116  6 W

  TEMPERATURE IN F:       :PCPN:    SNOW:  WIND      :SUNSHINE: SKY     :PK WND
================================================================================
1   2   3   4   5  6A  6B    7    8   9   10  11  12  13   14  15   16   17  18
                                     12Z  AVG MX 2MIN
DY MAX MIN AVG DEP HDD CDD  WTR  SNW DPTH SPD SPD DIR MIN PSBL S-S WX    SPD DR
================================================================================

 1  69  49  59  10   6   0 0.16    M    M  6.4 32 180   M    M   4 13     41 180
 2  57  46  52   2  13   0 0.17    M    M  5.5 18 190   M    M   8 13     23 190
 3  63  39  51   1  14   0 0.00    M    M  5.0 15 280   M    M   4 1      18 280
 4  68  38  53   3  12   0 0.00    M    M  6.8 16 260   M    M   0        23  10
 5  74  46  60  10   5   0    T    M    M  7.8 20  50   M    M   2 3      26  50
 6  77  45  61  11   4   0 0.00    M    M  9.2 18 260   M    M   1        25 250
 7  81  48  65  14   0   0 0.00    M    M  6.1 14 250   M    M   0        18 250
 8  85  47  66  15   0   1 0.00    M    M  2.4 12 260   M    M   0        18 320
 9  86  52  69  18   0   4 0.01    M    M  3.5 22  50   M    M   0        31  50
10  80  50  65  14   0   0 0.00    M    M  6.3 17 250   M    M   1        21 280
11  81  50  66  15   0   1 0.00    M    M  7.2 17 270   M    M   0        23 270
12  76  43  60   8   5   0 0.00    M    M  6.5 17 260   M    M   0        24 250
13  71  36  54   2  11   0 0.00    M    M  6.0 16 270   M    M   0        21 230
14  72  36  54   2  11   0 0.00    M    M  5.5 12 330   M    M   0        15 330
15  78  39  59   7   6   0 0.00    M    M  4.2 15 360   M    M   0        21 360
16  78  47  63  10   2   0 0.00    M    M  4.9 17 230   M    M   1        24 230
17  80  45  63  10   2   0 0.00    M    M  5.3 18 170   M    M   0        24 240
18  82  46  64  11   1   0 0.00    M    M  4.6 20 180   M    M   0        24 190
19  75  53  64  10   1   0 0.00    M    M  6.7 17 260   M    M   1        24 270
20  75  45  60   6   5   0 0.00    M    M  4.7 15 190   M    M   1        20 270
21  77  46  62   8   3   0 0.01    M    M  5.5 24 310   M    M   2 3      31 320
22  75  43  59   5   6   0 0.00    M    M  3.3 12 180   M    M   2        17 260
23  82  43  63   8   2   0 0.00    M    M  4.7 18 220   M    M   0        32 200
24  81  52  67  12   0   2 0.00    M    M  4.5 14 160   M    M   0        19 170
25  84  47  66  11   0   1 0.00    M    M  5.0 17 270   M    M   0        22 300
26  92  47  70  14   0   5 0.00    M    M  3.8 12 260   M    M   0        15 270
27  95  51  73  17   0   8 0.00    M    M  2.7 12  10   M    M   0        14  20
28  97  56  77  21   0  12 0.00    M    M  3.0 12 170   M    M   0 3      15 180
29  93  68  81  24   0  16    T    M    M  6.3 18 180   M    M   1 3      22 180
30  92  70  81  24   0  16 0.00    M    M  6.3 18 260   M    M   1        23 250
================================================================================
SM 2376 1423       109  66  0.35    M    159.7          M       29
================================================================================
AV 79.2 47.4                               5.3 FASTST   M    M   1    MAX(MPH)
                                 MISC ---->  # 32 180               # 41  180
================================================================================
NOTES:
# LAST OF SEVERAL OCCURRENCES

COLUMN 17 PEAK WIND IN M.P.H.

PRELIMINARY LOCAL CLIMATOLOGICAL DATA (WS FORM: F-6) , PAGE 2

                                          STATION:  MCCALL ID
                                          MONTH:    JUNE
                                          YEAR:     2015
                                          LATITUDE:   44 52 N
                                          LONGITUDE: 116  6 W

[TEMPERATURE DATA]      [PRECIPITATION DATA]       SYMBOLS USED IN COLUMN 16

AVERAGE MONTHLY: 63.3   TOTAL FOR MONTH:   0.35    1 = FOG OR MIST
DPTR FM NORMAL:  10.5   DPTR FM NORMAL:   -1.51    2 = FOG REDUCING VISIBILITY
HIGHEST:    97 ON 28    GRTST 24HR  0.17 ON  2- 2      TO 1/4 MILE OR LESS
LOWEST:     36 ON 14,13                            3 = THUNDER
                        SNOW, ICE PELLETS, HAIL    4 = ICE PELLETS
                        TOTAL MONTH:    M          5 = HAIL
                        GRTST 24HR    M  ON   M    6 = FREEZING RAIN OR DRIZZLE
                        GRTST DEPTH:  M  ON   M    7 = DUSTSTORM OR SANDSTORM:
                                                       VSBY 1/2 MILE OR LESS
                                                   8 = SMOKE OR HAZE
[NO. OF DAYS WITH]      [WEATHER - DAYS WITH]      9 = BLOWING SNOW
                                                   X = TORNADO
MAX 32 OR BELOW:   0    0.01 INCH OR MORE:   4
MAX 90 OR ABOVE:   5    0.10 INCH OR MORE:   2
MIN 32 OR BELOW:   0    0.50 INCH OR MORE:   0
MIN  0 OR BELOW:   0    1.00 INCH OR MORE:   0

[HDD (BASE 65) ]
TOTAL THIS MO.   109    CLEAR  (SCALE 0-3)  27
DPTR FM NORMAL  -258    PTCLDY (SCALE 4-7)   2
TOTAL FM JUL 1  7464    CLOUDY (SCALE 8-10)  1
DPTR FM NORMAL -2132

[CDD (BASE 65) ]
TOTAL THIS MO.    66
DPTR FM NORMAL    65    [PRESSURE DATA]
TOTAL FM JAN 1    66    HIGHEST SLP 30.12 ON 26
DPTR FM NORMAL    65    LOWEST  SLP 29.72 ON 10

[REMARKS]
#FINAL-06-15#
