000
CXUS55 KBOI 291002
CF6MYL
PRELIMINARY LOCAL CLIMATOLOGICAL DATA (WS FORM: F-6)

                                          STATION:   MCCALL ID
                                          MONTH:     MAY
                                          YEAR:      2017
                                          LATITUDE:   44 52 N
                                          LONGITUDE: 116  6 W

  TEMPERATURE IN F:       :PCPN:    SNOW:  WIND      :SUNSHINE: SKY     :PK WND
================================================================================
1   2   3   4   5  6A  6B    7    8   9   10  11  12  13   14  15   16   17  18
                                     12Z  AVG MX 2MIN
DY MAX MIN AVG DEP HDD CDD  WTR  SNW DPTH SPD SPD DIR MIN PSBL S-S WX    SPD DR
================================================================================

 1  51  30  41  -1  24   0 0.04    M    M  4.0 14 340   M    M   5        18 330
 2  57  37  47   5  18   0    T    M    M  5.0 14 250   M    M   6        21 300
 3  68  30  49   7  16   0 0.00    M    M  3.6 10 320   M    M   0        15 250
 4  75  36  56  13   9   0 0.00    M    M  4.6 18 190   M    M   0        24 180
 5  67  41  54  11  11   0 0.16    M    M  6.5 25  60   M    M   5 3      31  60
 6  52  37  45   2  20   0 0.15    M    M  6.7 17  40   M    M   7 13     23 290
 7  51  33  42  -2  23   0    T    M    M  8.3 18 350   M    M   8        30 350
 8  62  35  49   5  16   0 0.00    M    M  7.0 17  10   M    M   0        23  30
 9  67  31  49   5  16   0 0.00    M    M  3.8 12 260   M    M   0        17 330
10  72  34  53   9  12   0 0.00    M    M  4.8 16 250   M    M   0        25 270
11  74  37  56  11   9   0    T    M    M  5.9 21 190   M    M   1        27 180
12  57  31  44  -1  21   0 0.30    M    M  4.6 13 100   M    M   7 1      18 260
13  46  25  36  -9  29   0 0.02    M    M  4.7 20 170   M    M   3 1      23 270
14  49  22  36 -10  29   0 0.33    M    M  2.6 10 330   M    M   5 12     14 240
15  53  31  42  -4  23   0 0.00    M    M  3.9 12 230   M    M   6        14 230
16  41  29  35 -11  30   0 0.52    M    M  8.0 21 170   M    M   8 12     28 310
17  38  29  34 -12  31   0 0.06    M    M  6.9 14 330   M    M   9 1      22  10
18  58  35  47   0  18   0 0.00    M    M  7.5 14 350   M    M   6        22  20
19  63  32  48   1  17   0 0.00    M    M  3.5 15 270   M    M   3        19 280
20  60  39  50   3  15   0 0.07    M    M  4.6 20 340   M    M   7        26 340
21  70  34  52   5  13   0 0.00    M    M  4.5 13  10   M    M   0        17  10
22  75  38  57   9   8   0 0.00    M    M  4.6 15 340   M    M   0        22 360
23  75  39  57   9   8   0 0.00    M    M  3.8 15 170   M    M   0        26 250
24  60  42  51   3  14   0 0.00    M    M  8.1 21 270   M    M   1        30 290
25  55  32  44  -4  21   0 0.25    M    M  6.5 17 250   M    M   6 1      23 320
26  63  41  52   4  13   0    T    M    M  7.0 15 320   M    M   4        23  40
27  69  35  52   4  13   0 0.00    M    M  2.9 13 170   M    M   0        18 170
28  74  38  56   7   9   0 0.00    M    M  3.7 13 230   M    M   0        20 180
================================================================================
SM 1702  953       486   0  1.90    M    147.6          M       97
================================================================================
AV 60.8 34.0                               5.3 FASTST   M    M   3    MAX(MPH)
                                 MISC ---->  # 25  60               # 31   60
================================================================================
NOTES:
# LAST OF SEVERAL OCCURRENCES

COLUMN 17 PEAK WIND IN M.P.H.

PRELIMINARY LOCAL CLIMATOLOGICAL DATA (WS FORM: F-6) , PAGE 2

                                          STATION:  MCCALL ID
                                          MONTH:    MAY
                                          YEAR:     2017
                                          LATITUDE:   44 52 N
                                          LONGITUDE: 116  6 W

[TEMPERATURE DATA]      [PRECIPITATION DATA]       SYMBOLS USED IN COLUMN 16

AVERAGE MONTHLY: 47.4   TOTAL FOR MONTH:   1.90    1 = FOG OR MIST
DPTR FM NORMAL:   1.9   DPTR FM NORMAL:   -0.08    2 = FOG REDUCING VISIBILITY
HIGHEST:    75 ON 23,22 GRTST 24HR  0.52 ON 16-16      TO 1/4 MILE OR LESS
LOWEST:     22 ON 14                               3 = THUNDER
                        SNOW, ICE PELLETS, HAIL    4 = ICE PELLETS
                        TOTAL MONTH:    M          5 = HAIL
                        GRTST 24HR    M  ON   M    6 = FREEZING RAIN OR DRIZZLE
                        GRTST DEPTH:  M  ON   M    7 = DUSTSTORM OR SANDSTORM:
                                                       VSBY 1/2 MILE OR LESS
                                                   8 = SMOKE OR HAZE
[NO. OF DAYS WITH]      [WEATHER - DAYS WITH]      9 = BLOWING SNOW
                                                   X = TORNADO
MAX 32 OR BELOW:   0    0.01 INCH OR MORE:  10
MAX 90 OR ABOVE:   0    0.10 INCH OR MORE:   6
MIN 32 OR BELOW:  11    0.50 INCH OR MORE:   1
MIN  0 OR BELOW:   0    1.00 INCH OR MORE:   0

[HDD (BASE 65) ]
TOTAL THIS MO.   486    CLEAR  (SCALE 0-3)  12
DPTR FM NORMAL   -60    PTCLDY (SCALE 4-7)  14
TOTAL FM JUL 1  8457    CLOUDY (SCALE 8-10)  2
DPTR FM NORMAL  -724

[CDD (BASE 65) ]
TOTAL THIS MO.     0
DPTR FM NORMAL     0    [PRESSURE DATA]
TOTAL FM JAN 1     0    HIGHEST SLP M ON M
DPTR FM NORMAL     0    LOWEST  SLP 29.55 ON 24

[REMARKS]
