000
CXHW50 PHFO 281250
CF6NGF
PRELIMINARY LOCAL CLIMATOLOGICAL DATA (WS FORM: F-6)

                                          STATION:   KANEOHE BAY MCAS HI
                                          MONTH:     MAY
                                          YEAR:      2015
                                          LATITUDE:   21 25 N
                                          LONGITUDE: 157 46 W

  TEMPERATURE IN F:       :PCPN:    SNOW:  WIND      :SUNSHINE: SKY     :PK WND
================================================================================
1   2   3   4   5  6A  6B    7    8   9   10  11  12  13   14  15   16   17  18
                                     12Z  AVG MX 2MIN
DY MAX MIN AVG DEP HDD CDD  WTR  SNW DPTH SPD SPD DIR MIN PSBL S-S WX    SPD DR
================================================================================

 1  82  71  77   2   0  12 0.02  0.0    0 11.8 15  50   M    M   8        36  70
 2  81  73  77   2   0  12 0.00  0.0    0  9.6 15  70   M    M   3        25  70
 3  82  74  78   3   0  13    T  0.0    0 10.6 15  70   M    M   4        21  70
 4  83  75  79   4   0  14    T  0.0    0  9.6 14  70   M    M   8        21  80
 5  81  75  78   3   0  13 0.00  0.0    0 11.1 14  70   M    M   7        25  70
 6  80  74  77   2   0  12 0.09  0.0    0 11.2 17  70   M    M   6 8      33  60
 7  82  74  78   3   0  13    T  0.0    0 12.1 15  60   M    M   6        24  60
 8  81  72  77   2   0  12 0.05  0.0    0 12.9 17  70   M    M   6        32  70
 9  82  73  78   3   0  13 0.01  0.0    0 13.5 17  70   M    M   7        25  70
10  81  72  77   2   0  12 0.19  0.0    0 12.3 16  70   M    M   7 1      30  60
11  82  74  78   3   0  13 0.00  0.0    0 13.6 17  80   M    M   5        32  90
12  81  73  77   2   0  12 0.00  0.0    0 11.9 15  70   M    M   4        24  60
13  82  73  78   3   0  13 0.03  0.0    0 11.7 16  70   M    M   5        23  60
14  82  74  78   3   0  13    T  0.0    0 10.4 15  70   M    M   7        24  70
15  82  73  78   2   0  13 0.00  0.0    0  8.8 13  40   M    M   3        21  60
16  82  72  77   1   0  12 0.05  0.0    0 10.6 14  60   M    M   5        23  80
17  81  74  78   2   0  13    T  0.0    0  9.7 14  70   M    M   7        23  70
18  83  74  79   3   0  14 0.00  0.0    0 10.4 13  70   M    M   7        24  80
19  82  74  78   2   0  13 0.00  0.0    0 10.0 13  50   M    M   9        21  90
20  79  71  75  -1   0  10 0.02  0.0    0  8.3 14  50   M    M   9        21  60
21  82  70  76   0   0  11 0.00  0.0    0  3.3  9  50   M    M   5         M  M
22  82  69  76   0   0  11 0.75  0.0    0  5.4 15  30   M    M   5 1       M  M
23  79  69  74  -2   0   9    T  0.0    0 12.1 17  20   M    M   9        23  40
24  80  71  76   0   0  11 0.00  0.0    0 13.2 17  20   M    M   8         M  M
25  79  69  74  -2   0   9 0.01  0.0    0  9.5 13  10   M    M   3         M  M
26  80  69  75  -1   0  10 0.00  0.0    0  6.7 14  20   M    M   9         M  M
27  80  69  75  -1   0  10 0.00  0.0    0  5.7 10 260   M    M   7 1       M  M
================================================================================
SM 2193 1951         0 323  1.22     0.0 276.0          M      169
================================================================================
AV 81.2 72.3                              10.2 FASTST   M    M   6    MAX(MPH)
                                 MISC ---->    17   M                 36    M
================================================================================
NOTES:
# LAST OF SEVERAL OCCURRENCES

COLUMN 17 PEAK WIND IN M.P.H.

PRELIMINARY LOCAL CLIMATOLOGICAL DATA (WS FORM: F-6) , PAGE 2

                                          STATION:  KANEOHE BAY MCAS HI
                                          MONTH:    MAY
                                          YEAR:     2015
                                          LATITUDE:   21 25 N
                                          LONGITUDE: 157 46 W

[TEMPERATURE DATA]      [PRECIPITATION DATA]       SYMBOLS USED IN COLUMN 16

AVERAGE MONTHLY: 76.7   TOTAL FOR MONTH:   1.22    1 = FOG OR MIST
DPTR FM NORMAL:   1.3   DPTR FM NORMAL:   -0.02    2 = FOG REDUCING VISIBILITY
HIGHEST:    83 ON 18, 4 GRTST 24HR  0.75 ON 22-22      TO 1/4 MILE OR LESS
LOWEST:     69 ON 27,26                            3 = THUNDER
                        SNOW, ICE PELLETS, HAIL    4 = ICE PELLETS
                        TOTAL MONTH:   0.0 INCH    5 = HAIL
                        GRTST 24HR     0.0         6 = FREEZING RAIN OR DRIZZLE
                        GRTST DEPTH:   0           7 = DUSTSTORM OR SANDSTORM:
                                                       VSBY 1/2 MILE OR LESS
                                                   8 = SMOKE OR HAZE
[NO. OF DAYS WITH]      [WEATHER - DAYS WITH]      9 = BLOWING SNOW
                                                   X = TORNADO
MAX 32 OR BELOW:   0    0.01 INCH OR MORE:  10
MAX 90 OR ABOVE:   0    0.10 INCH OR MORE:   2
MIN 32 OR BELOW:   0    0.50 INCH OR MORE:   1
MIN  0 OR BELOW:   0    1.00 INCH OR MORE:   0

[HDD (BASE 65) ]
TOTAL THIS MO.     0    CLEAR  (SCALE 0-3)   0
DPTR FM NORMAL     0    PTCLDY (SCALE 4-7)  23
TOTAL FM JUL 1     0    CLOUDY (SCALE 8-10)  4
DPTR FM NORMAL     0

[CDD (BASE 65) ]
TOTAL THIS MO.   323
DPTR FM NORMAL    40    [PRESSURE DATA]
TOTAL FM JAN 1  1463    HIGHEST SLP M ON M
DPTR FM NORMAL   193    LOWEST  SLP M ON M

[REMARKS]
