000
CXUS51 KOKX 180721
CF6NYC
PRELIMINARY LOCAL CLIMATOLOGICAL DATA (WS FORM: F-6)

                                          STATION:   CENTRAL PARK NY
                                          MONTH:     JANUARY
                                          YEAR:      2018
                                          LATITUDE:   40 46 N
                                          LONGITUDE:  73 58 W

  TEMPERATURE IN F:       :PCPN:    SNOW:  WIND      :SUNSHINE: SKY     :PK WND
================================================================================
1   2   3   4   5  6A  6B    7    8   9   10  11  12  13   14  15   16   17  18
                                     12Z  AVG MX 2MIN
DY MAX MIN AVG DEP HDD CDD  WTR  SNW DPTH SPD SPD DIR MIN PSBL S-S WX    SPD DR
================================================================================

 1  19   7  13 -20  52   0 0.00  0.0    T  7.8 15 300   M    M   0        25 300
 2  26  13  20 -13  45   0 0.00  0.0    0  8.1 16 260   M    M   0        28 250
 3  30  16  23 -10  42   0 0.00  0.0    T  3.2 14 260   M    M   0        22 270
 4  29  19  24  -9  41   0 0.76  9.8    1 12.5 24 310   M    M  10 128    43 310
 5  19   9  14 -19  51   0 0.00  0.0    7 12.9 21 280   M    M   1        34 300
 6  13   6  10 -23  55   0 0.00  0.0    6 10.9 20 310   M    M   0        31 310
 7  18   5  12 -21  53   0 0.00  0.0    6  6.4 16 250   M    M   2        27 250
 8  31  17  24  -9  41   0 0.01    T    5  5.9 15 250   M    M   7 8      27 240
 9  44  30  37   5  28   0 0.00  0.0    5  6.6 15 310   M    M   1        27 330
10  43  30  37   5  28   0 0.00  0.0    4  4.2 10 150   M    M   3        14 180
11  53  41  47  15  18   0 0.00  0.0    3  3.2 12 160   M    M   8 18     19 170
12  61  44  53  21  12   0 0.54  0.0    T  6.9 14 170   M    M  10 1      25 170
13  58  19  39   7  26   0 0.05  0.0    0  9.7 18 310   M    M   4 1      30 280
14  25  15  20 -12  45   0 0.00  0.0    0  8.0 15  20   M    M   0        23 330
15  30  16  23  -9  42   0 0.00  0.0    0  8.0 16  50   M    M   3        21  50
16  36  25  31  -1  34   0 0.00  0.0    0  4.0  8  50   M    M   9        11  90
17  36  22  29  -3  36   0 0.19  0.4    0  6.0 13 310   M    M   9 18     20 300
================================================================================
SM  571  334       649   0  1.55    10.2 124.3          M       67
================================================================================
AV 33.6 19.7                               7.3 FASTST   M    M   4    MAX(MPH)
                                 MISC ---->  # 24 310               # 43  310
================================================================================
NOTES:
# LAST OF SEVERAL OCCURRENCES

COLUMN 17 PEAK WIND IN M.P.H.

PRELIMINARY LOCAL CLIMATOLOGICAL DATA (WS FORM: F-6) , PAGE 2

                                          STATION:  CENTRAL PARK NY
                                          MONTH:    JANUARY
                                          YEAR:     2018
                                          LATITUDE:   40 46 N
                                          LONGITUDE:  73 58 W

[TEMPERATURE DATA]      [PRECIPITATION DATA]       SYMBOLS USED IN COLUMN 16

AVERAGE MONTHLY: 26.6   TOTAL FOR MONTH:   1.55    1 = FOG OR MIST
DPTR FM NORMAL:  -5.9   DPTR FM NORMAL:   -0.52    2 = FOG REDUCING VISIBILITY
HIGHEST:    61 ON 12    GRTST 24HR  0.76 ON  4- 4      TO 1/4 MILE OR LESS
LOWEST:      5 ON  7                               3 = THUNDER
                        SNOW, ICE PELLETS, HAIL    4 = ICE PELLETS
                        TOTAL MONTH:  10.2 INCHES  5 = HAIL
                        GRTST 24HR   9.8 ON  4- 4  6 = FREEZING RAIN OR DRIZZLE
                        GRTST DEPTH:   7 ON  5     7 = DUSTSTORM OR SANDSTORM:
                                                       VSBY 1/2 MILE OR LESS
                                                   8 = SMOKE OR HAZE
[NO. OF DAYS WITH]      [WEATHER - DAYS WITH]      9 = BLOWING SNOW
                                                   X = TORNADO
MAX 32 OR BELOW:  10    0.01 INCH OR MORE:   5
MAX 90 OR ABOVE:   0    0.10 INCH OR MORE:   3
MIN 32 OR BELOW:  15    0.50 INCH OR MORE:   2
MIN  0 OR BELOW:   0    1.00 INCH OR MORE:   0

[HDD (BASE 65) ]
TOTAL THIS MO.   649    CLEAR  (SCALE 0-3)   9
DPTR FM NORMAL    97    PTCLDY (SCALE 4-7)   4
TOTAL FM JUL 1  2231    CLOUDY (SCALE 8-10)  4
DPTR FM NORMAL    -6

[CDD (BASE 65) ]
TOTAL THIS MO.     0
DPTR FM NORMAL     0    [PRESSURE DATA]
TOTAL FM JAN 1     0    HIGHEST SLP M ON M
DPTR FM NORMAL     0    LOWEST  SLP 29.26 ON  4

[REMARKS]
