000
CXUS51 KOKX 290703
CF6NYC
PRELIMINARY LOCAL CLIMATOLOGICAL DATA (WS FORM: F-6)

                                          STATION:   CENTRAL PARK NY
                                          MONTH:     APRIL
                                          YEAR:      2016
                                          LATITUDE:   40 46 N
                                          LONGITUDE:  73 58 W

  TEMPERATURE IN F:       :PCPN:    SNOW:  WIND      :SUNSHINE: SKY     :PK WND
================================================================================
1   2   3   4   5  6A  6B    7    8   9   10  11  12  13   14  15   16   17  18
                                     12Z  AVG MX 2MIN
DY MAX MIN AVG DEP HDD CDD  WTR  SNW DPTH SPD SPD DIR MIN PSBL S-S WX    SPD DR
================================================================================

 1  79  61  70  22   0   5 0.02  0.0    0  6.6 12 260   M    M   6        30 250
 2  61  49  55   7  10   0 0.16  0.0    0  5.0  9 190   M    M   8        20 190
 3  50  34  42  -7  23   0 0.09    T    0 12.7 25 280   M    M   4        45 280
 4  45  29  37 -12  28   0 0.47    T    0  7.2 16  50   M    M  10 1      25  30
 5  43  26  35 -14  30   0 0.00  0.0    0  8.3 22  20   M    M   2        31  20
 6  48  30  39 -11  26   0 0.00  0.0    0  6.0 17 180   M    M   1        36 180
 7  58  48  53   3  12   0 0.09  0.0    0  7.0 20 250   M    M   6        34 260
 8  50  40  45  -5  20   0 0.01  0.0    0  7.1 13 280   M    M   5        29 300
 9  43  36  40 -11  25   0 0.11    T    0 11.0  0   0   0    0   0         0   0
10  50  31  41 -10  24   0 0.00  0.0    0   M  13 260   M    M   2        24 320
11  65  43  54   2  11   0 0.01  0.0    0  6.9 13 260   M    M   6        22 240
12  59  45  52   0  13   0 0.20  0.0    0  5.8 21 310   M    M   3 1      30 320
13  58  40  49  -3  16   0 0.00  0.0    0  4.4 16  40   M    M   0        25  40
14  62  43  53   0  12   0 0.00  0.0    0  6.4 20  60   M    M   1        15  70
15  65  42  54   1  11   0 0.00  0.0    0  3.7 13  60   M    M   0        19  60
16  68  43  56   3   9   0 0.00  0.0    0  4.8 16  50   M    M   0        20  40
17  75  44  60   6   5   0 0.00  0.0    0  2.8  9 180   M    M   0        15 160
18  82  51  67  13   0   2 0.00  0.0    0  3.9 14 170   M    M   0        22 170
19  73  55  64  10   1   0 0.00  0.0    0  7.7 16 350   M    M   1        27 360
20  69  49  59   4   6   0 0.00  0.0    0  6.1 16  50   M    M   0        21  50
21  73  49  61   6   4   0 0.00  0.0    0  5.6 14 260   M    M   0        21 150
22  79  62  71  16   0   6    T  0.0    0  4.2 10 170   M    M   2        18 240
23  71  54  63   7   2   0 0.16  0.0    0  7.2 16  30   M    M   5 18     25  10
24  68  47  58   2   7   0 0.00  0.0    0  5.9 15  30   M    M   0        25  40
25  69  50  60   4   5   0 0.00  0.0    0  4.0  9 150   M    M   3        14 100
26  60  47  54  -3  11   0 0.24  0.0    0  7.2 17  70   M    M   8 18     26  60
27  62  46  54  -3  11   0 0.00  0.0    0  4.3 12 240   M    M   6        20 210
28  59  48  54  -3  11   0 0.00  0.0    0  4.6 13  50   M    M   3        18  60
================================================================================
SM 1744 1242       333  13  1.56    T    166.4            0     82
================================================================================
AV 62.3 44.4                               6.2 FASTST    0   0   3    MAX(MPH)
                                 MISC ---->  # 25 280               # 45  280
================================================================================
NOTES:
# LAST OF SEVERAL OCCURRENCES

COLUMN 17 PEAK WIND IN M.P.H.

PRELIMINARY LOCAL CLIMATOLOGICAL DATA (WS FORM: F-6) , PAGE 2

                                          STATION:  CENTRAL PARK NY
                                          MONTH:    APRIL
                                          YEAR:     2016
                                          LATITUDE:   40 46 N
                                          LONGITUDE:  73 58 W

[TEMPERATURE DATA]      [PRECIPITATION DATA]       SYMBOLS USED IN COLUMN 16

AVERAGE MONTHLY: 53.3   TOTAL FOR MONTH:   1.56    1 = FOG OR MIST
DPTR FM NORMAL:   0.6   DPTR FM NORMAL:   -2.67    2 = FOG REDUCING VISIBILITY
HIGHEST:    82 ON 18    GRTST 24HR  0.47 ON  4- 4      TO 1/4 MILE OR LESS
LOWEST:     26 ON  5                               3 = THUNDER
                        SNOW, ICE PELLETS, HAIL    4 = ICE PELLETS
                        TOTAL MONTH:    T          5 = HAIL
                        GRTST 24HR    T  ON  9- 9  6 = FREEZING RAIN OR DRIZZLE
                        GRTST DEPTH:   0           7 = DUSTSTORM OR SANDSTORM:
                                                       VSBY 1/2 MILE OR LESS
                                                   8 = SMOKE OR HAZE
[NO. OF DAYS WITH]      [WEATHER - DAYS WITH]      9 = BLOWING SNOW
                                                   X = TORNADO
MAX 32 OR BELOW:   0    0.01 INCH OR MORE:  11
MAX 90 OR ABOVE:   0    0.10 INCH OR MORE:   6
MIN 32 OR BELOW:   4    0.50 INCH OR MORE:   0
MIN  0 OR BELOW:   0    1.00 INCH OR MORE:   0

[HDD (BASE 65) ]
TOTAL THIS MO.   333    CLEAR  (SCALE 0-3)  18
DPTR FM NORMAL   -21    PTCLDY (SCALE 4-7)   9
TOTAL FM JUL 1  3578    CLOUDY (SCALE 8-10)  1
DPTR FM NORMAL  -998

[CDD (BASE 65) ]
TOTAL THIS MO.    13
DPTR FM NORMAL     6    [PRESSURE DATA]
TOTAL FM JAN 1    19    HIGHEST SLP  0.00 ON  9
DPTR FM NORMAL    11    LOWEST  SLP 29.24 ON  2

[REMARKS]
