000
CXUS53 KOAX 251000
CF6OAX
PRELIMINARY LOCAL CLIMATOLOGICAL DATA (WS FORM: F-6)

                                          STATION:   VALLEY  NWS, NEBRASKA
                                          MONTH:     JANUARY
                                          YEAR:      2015
                                          LATITUDE:   41 19 N
                                          LONGITUDE:  96 22 W

  TEMPERATURE IN F:       :PCPN:    SNOW:  WIND      :SUNSHINE: SKY     :PK WND
================================================================================
1   2   3   4   5  6A  6B    7    8   9   10  11  12  13   14  15   16   17  18
                                     12Z  AVG MX 2MIN
DY MAX MIN AVG DEP HDD CDD  WTR  SNW DPTH SPD SPD DIR MIN PSBL S-S WX    SPD DR
================================================================================

 1  37   9  23   0  42   0 0.00  0.0    T   M   M   M   M    M   M        17  M
 2  34  15  25   2  40   0 0.00  0.0    T   M   M   M   M    M   M        16  M
 3  34   8  21  -2  44   0 0.03  0.6    T   M   M   M   M    M   M 19     41  M
 4  10  -2   4 -19  61   0 0.03  0.6    1   M   M   M   M    M   M 9      43  M
 5  24   7  16  -7  49   0 0.01  0.5    1   M   M   M   M    M   M        40  M
 6  18   4  11 -12  54   0 0.01  0.2    1   M   M   M   M    M   M        41  M
 7  10  -1   5 -18  60   0 0.00  0.0    1   M   M   M   M    M   M        47  M
 8  31   1  16  -7  49   0 0.00  0.0    1   M   M   M   M    M   M        47  M
 9  17   4  11 -12  54   0 0.00  0.0    1   M   M   M   M    M   M        35  M
10  38   5  22  -1  43   0 0.00  0.0    1   M   M   M   M    M   M        33  M
11  32  11  22  -1  43   0 0.00  0.0    T   M   M   M   M    M   M        25  M
12  17   0   9 -14  56   0 0.00  0.0    T   M   M   M   M    M   M        23  M
13  23  -5   9 -14  56   0 0.00  0.0    T   M   M   M   M    M   M        16  M
14  38  16  27   4  38   0 0.00  0.0    T   M   M   M   M    M   M        17  M
15  45  21  33  10  32   0 0.00  0.0    0   M   M   M   M    M   M        21  M
16  54  25  40  17  25   0 0.00  0.0    0   M   M   M   M    M   M        21  M
17  51  37  44  21  21   0    T  0.0    0   M   M   M   M    M   M        46  M
18  55  28  42  19  23   0 0.00  0.0    0   M   M   M   M    M   M        22  M
19  55  26  41  18  24   0    T  0.0    0   M   M   M   M    M   M        21  M
20  49  32  41  18  24   0    T  0.0    0   M   M   M   M    M   M        36  M
21  45  29  37  14  28   0    T  0.0    0   M   M   M   M    M   M        22  M
22  37  26  32   9  33   0 0.00  0.0    0   M   M   M   M    M   M        17  M
23  44  21  33  10  32   0 0.00  0.0    0   M   M   M   M    M   M        20  M
24  53  30  42  18  23   0 0.01  0.0    0   M   M   M   M    M   M        36  M
================================================================================
SM  851  347       954   0  0.09     1.9     M          M        M
================================================================================
AV 35.5 14.5                                 M FASTST   M    M   5    MAX(MPH)
                                 MISC ---->     M   M                 47    M
================================================================================
NOTES:
# LAST OF SEVERAL OCCURRENCES

COLUMN 17 PEAK WIND IN M.P.H.

PRELIMINARY LOCAL CLIMATOLOGICAL DATA (WS FORM: F-6) , PAGE 2

                                          STATION:  VALLEY  NWS, NEBRASKA
                                          MONTH:    JANUARY
                                          YEAR:     2015
                                          LATITUDE:   41 19 N
                                          LONGITUDE:  96 22 W

[TEMPERATURE DATA]      [PRECIPITATION DATA]       SYMBOLS USED IN COLUMN 16

AVERAGE MONTHLY: 25.0   TOTAL FOR MONTH:   0.09    1 = FOG OR MIST
DPTR FM NORMAL:   1.9   DPTR FM NORMAL:   -0.48    2 = FOG REDUCING VISIBILITY
HIGHEST:    55 ON 19,18 GRTST 24HR  0.03 ON  4- 4      TO 1/4 MILE OR LESS
LOWEST:     -5 ON 13                               3 = THUNDER
                        SNOW, ICE PELLETS, HAIL    4 = ICE PELLETS
                        TOTAL MONTH:   1.9 INCHES  5 = HAIL
                        GRTST 24HR   0.6 ON   M    6 = FREEZING RAIN OR DRIZZLE
                        GRTST DEPTH:   1 ON 10, 9  7 = DUSTSTORM OR SANDSTORM:
                                                       VSBY 1/2 MILE OR LESS
                                                   8 = SMOKE OR HAZE
[NO. OF DAYS WITH]      [WEATHER - DAYS WITH]      9 = BLOWING SNOW
                                                   X = TORNADO
MAX 32 OR BELOW:   9    0.01 INCH OR MORE:   5
MAX 90 OR ABOVE:   0    0.10 INCH OR MORE:   0
MIN 32 OR BELOW:  23    0.50 INCH OR MORE:   0
MIN  0 OR BELOW:   4    1.00 INCH OR MORE:   0

[HDD (BASE 65) ]
TOTAL THIS MO.   954    CLEAR  (SCALE 0-3)   0
DPTR FM NORMAL   -53    PTCLDY (SCALE 4-7)   0
TOTAL FM JUL 1  3319    CLOUDY (SCALE 8-10)  0
DPTR FM NORMAL  -168

[CDD (BASE 65) ]
TOTAL THIS MO.     0
DPTR FM NORMAL     0    [PRESSURE DATA]
TOTAL FM JAN 1     0    HIGHEST SLP M ON M
DPTR FM NORMAL     0    LOWEST  SLP M ON M

[REMARKS]
