000
CXUS53 KOAX 271000
CF6OFK
PRELIMINARY LOCAL CLIMATOLOGICAL DATA (WS FORM: F-6)

                                          STATION:   NORFOLK, NEBRASKA
                                          MONTH:     AUGUST
                                          YEAR:      2014
                                          LATITUDE:   41 58 N
                                          LONGITUDE:  97 26 W

  TEMPERATURE IN F:       :PCPN:    SNOW:  WIND      :SUNSHINE: SKY     :PK WND
================================================================================
1   2   3   4   5  6A  6B    7    8   9   10  11  12  13   14  15   16   17  18
                                     12Z  AVG MX 2MIN
DY MAX MIN AVG DEP HDD CDD  WTR  SNW DPTH SPD SPD DIR MIN PSBL S-S WX    SPD DR
================================================================================

 1  84  53  69  -6   0   4 0.00  0.0    0  3.9 12  80   M    M   1 12     16  10
 2  86  62  74  -1   0   9 0.10  0.0    0  8.8 18 140   M    M   1 13     25 130
 3  85  64  75   1   0  10 0.00  0.0    0  7.8 18 160   M    M   1        22 160
 4  82  62  72  -2   0   7 0.02  0.0    0  3.4 10 120   M    M   1 12     13 120
 5  85  68  77   3   0  12 0.39  0.0    0 10.9 21  80   M    M   3 13     27 110
 6  75  67  71  -3   0   6 0.09  0.0    0  9.7 17 110   M    M  10 18     22 110
 7  74  65  70  -4   0   5 0.01  0.0    0  6.8 13 360   M    M  10 1      17 360
 8  80  64  72  -2   0   7 0.95  0.0    0  8.2 23 310   M    M   8 138    30 310
 9  76  64  70  -4   0   5 0.15  0.0    0  6.8 28 150   M    M   8 13     36 150
10  83  66  75   1   0  10 0.08  0.0    0  7.1 17 330   M    M   5 1      21 320
11  77  56  67  -7   0   2 0.00  0.0    0 11.4 22  10   M    M   1        29 340
12  79  53  66  -8   0   1 0.00  0.0    0  4.6 13 360   M    M   0        17 240
13  82  52  67  -7   0   2 0.00  0.0    0  5.3 13 150   M    M   0 1      17 150
14  83  59  71  -2   0   6 0.00  0.0    0 11.1 21 180   M    M   0        26 120
15  79  65  72  -1   0   7    T  0.0    0  9.9 22 130   M    M   5 1      29 130
16  87  68  78   5   0  13 0.00  0.0    0  6.2 10 170   M    M   6 138    13 280
17  90  64  77   4   0  12    T  0.0    0  5.2 17 120   M    M   1 12     23 180
18  91  60  76   3   0  11 0.00  0.0    0  5.6 14 290   M    M   0        19 290
19  87  62  75   2   0  10 0.00  0.0    0  4.5 14 150   M    M   1        17 150
20  90  70  80   8   0  15 0.01  0.0    0 11.7 21 170   M    M   1 3      27 130
21  90  71  81   9   0  16    T  0.0    0  8.3 24 190   M    M   1        31 190
22  89  68  79   7   0  14 2.03  0.0    0  7.5 39 230   M    M   1 13     53  30
23  88  68  78   6   0  13 0.19  0.0    0 11.2 21 160   M    M   3 13     27 130
24  84  63  74   2   0   9 0.21  0.0    0  5.5 28 230   M    M   1 13     37 230
25  70  59  65  -7   0   0    T  0.0    0  5.9 21  10   M    M   4 3      25  20
26  74  61  68  -3   0   3 0.14  0.0    0  5.9 14  20   M    M   5 13     18  30
================================================================================
SM 2150 1634         0 209  4.37     0.0 193.2          M       78
================================================================================
AV 82.7 62.8                               7.4 FASTST   M    M   3    MAX(MPH)
                                 MISC ---->  # 39 230               # 53   30
================================================================================
NOTES:
# LAST OF SEVERAL OCCURRENCES

COLUMN 17 PEAK WIND IN M.P.H.

PRELIMINARY LOCAL CLIMATOLOGICAL DATA (WS FORM: F-6) , PAGE 2

                                          STATION:  NORFOLK, NEBRASKA
                                          MONTH:    AUGUST
                                          YEAR:     2014
                                          LATITUDE:   41 58 N
                                          LONGITUDE:  97 26 W

[TEMPERATURE DATA]      [PRECIPITATION DATA]       SYMBOLS USED IN COLUMN 16

AVERAGE MONTHLY: 72.8   TOTAL FOR MONTH:   4.37    1 = FOG OR MIST
DPTR FM NORMAL:  -0.5   DPTR FM NORMAL:    1.59    2 = FOG REDUCING VISIBILITY
HIGHEST:    91 ON 18    GRTST 24HR  2.20 ON 22-23      TO 1/4 MILE OR LESS
LOWEST:     52 ON 13                               3 = THUNDER
                        SNOW, ICE PELLETS, HAIL    4 = ICE PELLETS
                        TOTAL MONTH:   0.0 INCH    5 = HAIL
                        GRTST 24HR     0.0         6 = FREEZING RAIN OR DRIZZLE
                        GRTST DEPTH:   0           7 = DUSTSTORM OR SANDSTORM:
                                                       VSBY 1/2 MILE OR LESS
                                                   8 = SMOKE OR HAZE
[NO. OF DAYS WITH]      [WEATHER - DAYS WITH]      9 = BLOWING SNOW
                                                   X = TORNADO
MAX 32 OR BELOW:   0    0.01 INCH OR MORE:  13
MAX 90 OR ABOVE:   4    0.10 INCH OR MORE:   8
MIN 32 OR BELOW:   0    0.50 INCH OR MORE:   2
MIN  0 OR BELOW:   0    1.00 INCH OR MORE:   1

[HDD (BASE 65) ]
TOTAL THIS MO.     0    CLEAR  (SCALE 0-3)  17
DPTR FM NORMAL    -3    PTCLDY (SCALE 4-7)   6
TOTAL FM JUL 1    12    CLOUDY (SCALE 8-10)  3
DPTR FM NORMAL     5

[CDD (BASE 65) ]
TOTAL THIS MO.   209
DPTR FM NORMAL   -15    [PRESSURE DATA]
TOTAL FM JAN 1   696    HIGHEST SLP M ON M
DPTR FM NORMAL   -89    LOWEST  SLP 29.71 ON 20

[REMARKS]
