000
CXUS55 KCAE 301400
CF6OGB
PRELIMINARY LOCAL CLIMATOLOGICAL DATA (WS FORM: F-6)

                                          STATION:   ORANGEBURG AIRPORT SC
                                          MONTH:     MAY
                                          YEAR:      2016
                                          LATITUDE:   33 27 N
                                          LONGITUDE:  80 51 W

  TEMPERATURE IN F:       :PCPN:    SNOW:  WIND      :SUNSHINE: SKY     :PK WND
================================================================================
1   2   3   4   5  6A  6B    7    8   9   10  11  12  13   14  15   16   17  18
                                     12Z  AVG MX 2MIN
DY MAX MIN AVG DEP HDD CDD  WTR  SNW DPTH SPD SPD DIR MIN PSBL S-S WX    SPD DR
================================================================================

 1  86  67  77  10   0  12 0.20    M    M  5.9 16 210   M    M   6 13     23 210
 2  87  67  77   9   0  12 0.10    M    M  6.4 20 210   M    M   7 123    25 160
 3  85  68  77   9   0  12    T    M    M  7.6 17 260   M    M   6 13     24 240
 4  78  56  67  -1   0   2 0.00    M    M  8.2 17 290   M    M   3        27 300
 5  70  52  61  -7   4   0    T    M    M 10.7 18 290   M    M   2        22 300
 6  73  49  61  -8   4   0 0.01    M    M  6.4 16 320   M    M   5 13     21 300
 7  81  48  65  -4   0   0 0.00    M    M  8.2 20 280   M    M   0 12     28 280
 8  91  62  77   8   0  12 0.00    M    M  8.3 17 300   M    M   0        27 300
 9  90  58  74   4   0   9 0.00    M    M  5.9 17 250   M    M   0        22 210
10  80  65  73   3   0   8 0.00    M    M  5.8 17 210   M    M   0        24 210
11  89  63  76   6   0  11 0.00    M    M  5.8 13 220   M    M   2 12     17 220
12  92  64  78   8   0  13 0.16    M    M  6.3 25 260   M    M   0 13     35 280
13  88  65  77   6   0  12    T    M    M  4.4 15 270   M    M   5 3      21 270
14  87  58  73   2   0   8 0.00    M    M  7.4 22 270   M    M   0        28 290
15  78  57  68  -3   0   3 0.00    M    M  6.0 16  40   M    M   0        21  30
16  79  55  67  -5   0   2    T    M    M  6.9 13 150   M    M   4        19  50
17  78  64  71  -1   0   6 0.65    M    M  4.3 21 160   M    M   5 13     28 150
18  81  66  74   2   0   9    T    M    M  5.8 12  90   M    M   9 1      16  80
19  75  65  70  -2   0   5 0.07    M    M  5.9 14  40   M    M  10 1      17  40
20  71  63  67  -6   0   2 0.02    M    M  6.2 13  50   M    M  10 1      16  40
21  83  66  75   2   0  10 0.14    M    M  6.6 17 270   M    M   6 1      24 300
22  80  62  71  -2   0   6 0.00    M    M  7.6 16  20   M    M   2        20  20
23  79  54  67  -7   0   2 0.00    M    M  3.8 12  30   M    M   2 1      16 340
24  85  55  70  -4   0   5 0.00    M    M  2.7 13 260   M    M   3        17 260
25  89  61  75   1   0  10 0.00    M    M  3.5 10 190   M    M   1 12     14 270
26  88  63  76   2   0  11 0.00    M    M  5.2 14 170   M    M   1 1      26 220
27  87  63  75   1   0  10 0.00    M    M  3.8 14 130   M    M   1        19  80
28  83  63  73  -2   0   8 0.43    M    M  5.1 13  80   M    M   6 1      17  70
29  73  68  71  -4   0   6 1.73    M    M 10.8 21 340   M    M   9 13     30 360
================================================================================
SM 2386 1767         8 206  3.51    M    181.5          M      105
================================================================================
AV 82.3 60.9                               6.3 FASTST   M    M   4    MAX(MPH)
                                 MISC ---->  # 25 260               # 35  280
================================================================================
NOTES:
# LAST OF SEVERAL OCCURRENCES

COLUMN 17 PEAK WIND IN M.P.H.

PRELIMINARY LOCAL CLIMATOLOGICAL DATA (WS FORM: F-6) , PAGE 2

                                          STATION:  ORANGEBURG AIRPORT SC
                                          MONTH:    MAY
                                          YEAR:     2016
                                          LATITUDE:   33 27 N
                                          LONGITUDE:  80 51 W

[TEMPERATURE DATA]      [PRECIPITATION DATA]       SYMBOLS USED IN COLUMN 16

AVERAGE MONTHLY: 71.6   TOTAL FOR MONTH:   3.51    1 = FOG OR MIST
DPTR FM NORMAL:   0.4   DPTR FM NORMAL:    0.62    2 = FOG REDUCING VISIBILITY
HIGHEST:    92 ON 12    GRTST 24HR  2.01 ON 28-29      TO 1/4 MILE OR LESS
LOWEST:     48 ON  7                               3 = THUNDER
                        SNOW, ICE PELLETS, HAIL    4 = ICE PELLETS
                        TOTAL MONTH:    M          5 = HAIL
                        GRTST 24HR    M  ON   M    6 = FREEZING RAIN OR DRIZZLE
                        GRTST DEPTH:  M  ON   M    7 = DUSTSTORM OR SANDSTORM:
                                                       VSBY 1/2 MILE OR LESS
                                                   8 = SMOKE OR HAZE
[NO. OF DAYS WITH]      [WEATHER - DAYS WITH]      9 = BLOWING SNOW
                                                   X = TORNADO
MAX 32 OR BELOW:   0    0.01 INCH OR MORE:  10
MAX 90 OR ABOVE:   3    0.10 INCH OR MORE:   7
MIN 32 OR BELOW:   0    0.50 INCH OR MORE:   2
MIN  0 OR BELOW:   0    1.00 INCH OR MORE:   1

[HDD (BASE 65) ]
TOTAL THIS MO.     8    CLEAR  (SCALE 0-3)  16
DPTR FM NORMAL    -2    PTCLDY (SCALE 4-7)   9
TOTAL FM JUL 1  1629    CLOUDY (SCALE 8-10)  4
DPTR FM NORMAL  -698

[CDD (BASE 65) ]
TOTAL THIS MO.   206
DPTR FM NORMAL     8    [PRESSURE DATA]
TOTAL FM JAN 1   373    HIGHEST SLP M ON M
DPTR FM NORMAL    90    LOWEST  SLP 29.62 ON  4

[REMARKS]
