000
CXUS55 KEAX 210736
CF6OJC
PRELIMINARY LOCAL CLIMATOLOGICAL DATA (WS FORM: F-6)

                                          STATION:   Johnson County Executive KS
                                          MONTH:     FEBRUARY
                                          YEAR:      2018
                                          LATITUDE:   38 50 N
                                          LONGITUDE:  94 44 W

  TEMPERATURE IN F:       :PCPN:    SNOW:  WIND      :SUNSHINE: SKY     :PK WND
================================================================================
1   2   3   4   5  6A  6B    7    8   9   10  11  12  13   14  15   16   17  18
                                     12Z  AVG MX 2MIN
DY MAX MIN AVG DEP HDD CDD  WTR  SNW DPTH SPD SPD DIR MIN PSBL S-S WX    SPD DR
================================================================================

 1  40  15  28  -4  37   0 0.00    M    M 11.3 23 360   M    M   5        28  10
 2  33   9  21 -11  44   0 0.00    M    M  7.4 14 170   M    M   0        19 160
 3  47  31  39   7  26   0 0.00    M    M 13.0 23 200   M    M   4        32 200
 4  37   3  20 -12  45   0 0.01    M    M 11.7 24 360   M    M   5 12     35 340
 5  21   0  11 -21  54   0    T    M    M  6.5 18 150   M    M   3 8      22 150
 6  20  12  16 -16  49   0    T    M    M  9.1 15 360   M    M   6        18 360
 7  31  10  21 -12  44   0 0.00    M    M  4.8 13 330   M    M   2        16 320
 8  52  18  35   2  30   0 0.00    M    M 10.1 18 210   M    M   1        27 210
 9  45  20  33   0  32   0 0.00    M    M 12.2 21  20   M    M   3 8      26  20
10  20  14  17 -16  48   0    T    M    M 13.1 21 360   M    M  10 18     31  30
11  32  13  23 -11  42   0    T    M    M  6.8 16 360   M    M   4 1      21 350
12  36  12  24 -10  41   0 0.00    M    M  8.7 17  90   M    M   0        23 100
13  46  25  36   2  29   0 0.00    M    M  9.5 18 180   M    M   5        26  60
14  56  33  45  11  20   0 0.00    M    M  9.4 17 230   M    M   4 1      26 230
15  66  37  52  17  13   0 0.00    M    M 14.1 30 360   M    M   2        36 350
16  38  23  31  -4  34   0    T    M    M  9.2 26 350   M    M   3        33 340
17  53  29  41   6  24   0 0.05    M    M  8.2 20 320   M    M   4 16     28 320
18  55  32  44   8  21   0 0.00    M    M 17.1 31 170   M    M   3        40 180
19  66  30  48  12  17   0 0.03    M    M 12.9 26 200   M    M  10 13     37 190
20  32  19  26 -10  39   0 0.44    M    M 13.0 24 320   M    M   9 136    32 330
================================================================================
SM  826  385       689   0  0.53    M    208.1          M       83
================================================================================
AV 41.3 19.3                              10.4 FASTST   M    M   4    MAX(MPH)
                                 MISC ---->  # 31 170               # 40  180
================================================================================
NOTES:
# LAST OF SEVERAL OCCURRENCES

COLUMN 17 PEAK WIND IN M.P.H.

PRELIMINARY LOCAL CLIMATOLOGICAL DATA (WS FORM: F-6) , PAGE 2

                                          STATION:  Johnson County Executive KS
                                          MONTH:    FEBRUARY
                                          YEAR:     2018
                                          LATITUDE:   38 50 N
                                          LONGITUDE:  94 44 W

[TEMPERATURE DATA]      [PRECIPITATION DATA]       SYMBOLS USED IN COLUMN 16

AVERAGE MONTHLY: 30.3   TOTAL FOR MONTH:   0.53    1 = FOG OR MIST
DPTR FM NORMAL:  -3.4   DPTR FM NORMAL:   -0.56    2 = FOG REDUCING VISIBILITY
HIGHEST:    66 ON 19,15 GRTST 24HR  0.44 ON 20-20      TO 1/4 MILE OR LESS
LOWEST:      0 ON  5                               3 = THUNDER
                        SNOW, ICE PELLETS, HAIL    4 = ICE PELLETS
                        TOTAL MONTH:    M          5 = HAIL
                        GRTST 24HR    M  ON   M    6 = FREEZING RAIN OR DRIZZLE
                        GRTST DEPTH:  M  ON   M    7 = DUSTSTORM OR SANDSTORM:
                                                       VSBY 1/2 MILE OR LESS
                                                   8 = SMOKE OR HAZE
[NO. OF DAYS WITH]      [WEATHER - DAYS WITH]      9 = BLOWING SNOW
                                                   X = TORNADO
MAX 32 OR BELOW:   6    0.01 INCH OR MORE:   4
MAX 90 OR ABOVE:   0    0.10 INCH OR MORE:   1
MIN 32 OR BELOW:  18    0.50 INCH OR MORE:   0
MIN  0 OR BELOW:   1    1.00 INCH OR MORE:   0

[HDD (BASE 65) ]
TOTAL THIS MO.   689    CLEAR  (SCALE 0-3)   7
DPTR FM NORMAL    61    PTCLDY (SCALE 4-7)  10
TOTAL FM JUL 1  3672    CLOUDY (SCALE 8-10)  3
DPTR FM NORMAL    -4

[CDD (BASE 65) ]
TOTAL THIS MO.     0
DPTR FM NORMAL     0    [PRESSURE DATA]
TOTAL FM JAN 1     0    HIGHEST SLP  0.00 ON M
DPTR FM NORMAL     0    LOWEST  SLP  0.00 ON M

[REMARKS]
