000
CXUS53 KEAX 250736
CF6OJC
PRELIMINARY LOCAL CLIMATOLOGICAL DATA (WS FORM: F-6)
STATION: JOHNSON COUNTY EXECUTIVE KS
MONTH: APRIL
YEAR: 2024
LATITUDE: 38 50 N
LONGITUDE: 94 44 W
TEMPERATURE IN F: :PCPN: SNOW: WIND :SUNSHINE: SKY :PK WND
================================================================================
1 2 3 4 5 6A 6B 7 8 9 10 11 12 13 14 15 16 17 18
12Z AVG MX 2MIN
DY MAX MIN AVG DEP HDD CDD WTR SNW DPTH SPD SPD DIR MIN PSBL S-S WX SPD DR
================================================================================
1 74 51 63 12 2 0 0.30 M M 10.1 20 330 M M 8 13 30 210
2 M M M M M M 0.13 M M 13.1 24 330 M M 8 18 36 320
3 M M M M M M 0.03 M M M 28 330 M M M 41 330
4 61 M M M M M 0.00 M M 8.9 21 310 M M 0 31 310
5 63 M M M M M 0.00 M M 7.8 17 120 M M 0 25 100
6 70 M M M M M 0.19 M M 16.6 29 130 M M 2 43 130
7 70 M M M M M 0.00 M M 13.1 30 240 M M 4 8 44 230
8 69 M M M M M 0.00 M M 3.1 12 260 M M 0 16 300
9 68 47 58 5 7 0 0.00 M M 6.8 13 340 M M 0 23 310
10 66 47 57 4 8 0 0.00 M M 8.0 15 30 M M 2 22 30
11 64 48 56 2 9 0 0.00 M M 14.9 29 320 M M 2 45 340
12 69 43 56 2 9 0 0.00 M M 6.5 15 310 M M 0 22 320
13 84 48 66 12 0 1 0.00 M M 12.8 25 210 M M 0 40 190
14 84 58 71 17 0 6 0.00 M M 6.9 16 220 M M 0 22 210
15 81 64 73 18 0 8 0.00 M M 9.5 20 150 M M 4 1 28 150
16 78 58 68 13 0 3 0.39 M M 18.4 31 210 M M 5 13 52 200
17 78 56 67 12 0 2 0.00 M M 9.2 17 300 M M 0 29 270
18 68 45 57 1 8 0 0.09 M M 12.0 26 360 M M 7 13 37 340
19 61 41 51 -5 14 0 0.00 M M 6.9 15 360 M M 3 20 30
20 56 42 49 -7 16 0 0.00 M M 9.5 17 350 M M 6 26 350
21 59 38 49 -7 16 0 0.00 M M 5.8 16 10 M M 2 24 310
22 69 39 54 -3 11 0 0.00 M M 12.3 25 200 M M 0 39 180
23 75 50 63 6 2 0 T M M 7.5 18 350 M M 2 8 25 310
24 73 43 58 1 7 0 0.00 M M 3.9 10 150 M M 0 16 160
================================================================================
SM 1540 818 109 20 1.13 M 223.6 M 55
================================================================================
AV 70.0 48.1 9.7 FASTST M M 2 MAX(MPH)
MISC ----> 31 210 52 200
================================================================================
NOTES:
# LAST OF SEVERAL OCCURRENCES
COLUMN 17 PEAK WIND IN M.P.H.
PRELIMINARY LOCAL CLIMATOLOGICAL DATA (WS FORM: F-6) , PAGE 2
STATION: JOHNSON COUNTY EXECUTIVE KS
MONTH: APRIL
YEAR: 2024
LATITUDE: 38 50 N
LONGITUDE: 94 44 W
[TEMPERATURE DATA] [PRECIPITATION DATA] SYMBOLS USED IN COLUMN 16
AVERAGE MONTHLY: 59.1 TOTAL FOR MONTH: 1.13 1 = FOG OR MIST
DPTR FM NORMAL: 5.1 DPTR FM NORMAL: -1.73 2 = FOG REDUCING VISIBILITY
HIGHEST: 84 ON 14,13 GRTST 24HR 0.43 ON 1- 2 TO 1/4 MILE OR LESS
LOWEST: 38 ON 21 3 = THUNDER
SNOW, ICE PELLETS, HAIL 4 = ICE PELLETS
TOTAL MONTH: M 5 = HAIL
GRTST 24HR M ON M 6 = FREEZING RAIN OR DRIZZLE
GRTST DEPTH: M ON M 7 = DUSTSTORM OR SANDSTORM:
VSBY 1/2 MILE OR LESS
8 = SMOKE OR HAZE
[NO. OF DAYS WITH] [WEATHER - DAYS WITH] 9 = BLOWING SNOW
X = TORNADO
MAX 32 OR BELOW: 0 0.01 INCH OR MORE: 6
MAX 90 OR ABOVE: 0 0.10 INCH OR MORE: 4
MIN 32 OR BELOW: 0 0.50 INCH OR MORE: 0
MIN 0 OR BELOW: 0 1.00 INCH OR MORE: 0
[HDD (BASE 65) ]
TOTAL THIS MO. 109 CLEAR (SCALE 0-3) 16
DPTR FM NORMAL -167 PTCLDY (SCALE 4-7) 6
TOTAL FM JUL 1 3910 CLOUDY (SCALE 8-10) 2
DPTR FM NORMAL -860
[CDD (BASE 65) ]
TOTAL THIS MO. 20
DPTR FM NORMAL 15 [PRESSURE DATA]
TOTAL FM JAN 1 25 HIGHEST SLP M ON M
DPTR FM NORMAL 17 LOWEST SLP 29.46 ON 16
[REMARKS]