000
CXUS54 KOUN 180800
CF6OKC
PRELIMINARY LOCAL CLIMATOLOGICAL DATA (WS FORM: F-6)

                                          STATION:   OKLAHOMA CITY
                                          MONTH:     APRIL
                                          YEAR:      2014
                                          LATITUDE:   35 24 N
                                          LONGITUDE:  97 36 W

  TEMPERATURE IN F:       :PCPN:    SNOW:  WIND      :SUNSHINE: SKY     :PK WND
================================================================================
1   2   3   4   5  6A  6B    7    8   9   10  11  12  13   14  15   16   17  18
                                     12Z  AVG MX 2MIN
DY MAX MIN AVG DEP HDD CDD  WTR  SNW DPTH SPD SPD DIR MIN PSBL S-S WX    SPD DR
================================================================================

 1  68  50  59   2   6   0 0.00  0.0    0 12.3 26  40   M    M   8        32  50
 2  85  56  71  14   0   6 0.00  0.0    0 16.6 24 180   M    M   8 18     31 160
 3  80  43  62   5   3   0 0.00  0.0    0 18.6 38 330   M    M   4 7      48 330
 4  63  39  51  -7  14   0 0.00  0.0    0 13.2 28 340   M    M   2        33 330
 5  69  40  55  -3  10   0    T  0.0    0 10.1 20 120   M    M   7        28 120
 6  52  43  48 -10  17   0 0.46  0.0    0  5.8 15 130   M    M   9 1      17 130
 7  68  44  56  -2   9   0 0.06  0.0    0  9.9 36 330   M    M   7 138    44 330
 8  70  45  58  -1   7   0 0.00  0.0    0 16.0 31 340   M    M   3        39 330
 9  82  39  61   2   4   0 0.00  0.0    0 15.0 28 190   M    M   1        36 190
10  88  62  75  16   0  10 0.00  0.0    0 16.1 32 210   M    M   5 8      40 210
11  81  52  67   7   0   2 0.00  0.0    0  9.9 25 350   M    M   3 8      44 140
12  84  62  73  13   0   8 0.00  0.0    0 19.5 32 180   M    M   8        40 180
13  87  41  64   4   1   0 0.05    T    0 24.7 36 340   M    M   8 35     48 200
14  53  35  44 -16  21   0    T    T    0 22.5 33 350   M    M   6 1      44 350
15  65  27  46 -15  19   0 0.00  0.0    0  7.7 18 210   M    M   2        23 220
16  70  45  58  -3   7   0 0.00  0.0    0 20.5 38 180   M    M   6        47 190
17  61  47  54  -7  11   0    T  0.0    0  8.4 16  40   M    M   8 8      20  30
================================================================================
SM 1226  770       129  26  0.57    T    246.8          M       95
================================================================================
AV 72.1 45.3                              14.5 FASTST   M    M   6    MAX(MPH)
                                 MISC ---->  # 38 330               # 48  330
================================================================================
NOTES:
# LAST OF SEVERAL OCCURRENCES

COLUMN 17 PEAK WIND IN M.P.H.

PRELIMINARY LOCAL CLIMATOLOGICAL DATA (WS FORM: F-6) , PAGE 2

                                          STATION:  OKLAHOMA CITY
                                          MONTH:    APRIL
                                          YEAR:     2014
                                          LATITUDE:   35 24 N
                                          LONGITUDE:  97 36 W

[TEMPERATURE DATA]      [PRECIPITATION DATA]       SYMBOLS USED IN COLUMN 16

AVERAGE MONTHLY: 58.7   TOTAL FOR MONTH:   0.57    1 = FOG OR MIST
DPTR FM NORMAL:  -0.3   DPTR FM NORMAL:   -0.96    2 = FOG REDUCING VISIBILITY
HIGHEST:    88 ON 10    GRTST 24HR  0.51 ON  6- 7      TO 1/4 MILE OR LESS
LOWEST:     27 ON 15                               3 = THUNDER
                        SNOW, ICE PELLETS, HAIL    4 = ICE PELLETS
                        TOTAL MONTH:    T          5 = HAIL
                        GRTST 24HR    T  ON 14-14  6 = FREEZING RAIN OR DRIZZLE
                        GRTST DEPTH:   0           7 = DUSTSTORM OR SANDSTORM:
                                                       VSBY 1/2 MILE OR LESS
                                                   8 = SMOKE OR HAZE
[NO. OF DAYS WITH]      [WEATHER - DAYS WITH]      9 = BLOWING SNOW
                                                   X = TORNADO
MAX 32 OR BELOW:   0    0.01 INCH OR MORE:   3
MAX 90 OR ABOVE:   0    0.10 INCH OR MORE:   1
MIN 32 OR BELOW:   1    0.50 INCH OR MORE:   0
MIN  0 OR BELOW:   0    1.00 INCH OR MORE:   0

[HDD (BASE 65) ]
TOTAL THIS MO.   129    CLEAR  (SCALE 0-3)   4
DPTR FM NORMAL     6    PTCLDY (SCALE 4-7)  10
TOTAL FM JUL 1  3731    CLOUDY (SCALE 8-10)  3
DPTR FM NORMAL   449

[CDD (BASE 65) ]
TOTAL THIS MO.    26
DPTR FM NORMAL     4    [PRESSURE DATA]
TOTAL FM JAN 1    37    HIGHEST SLP M ON M
DPTR FM NORMAL     2    LOWEST  SLP 29.34 ON 13

[REMARKS]
