000
CXUS54 KOUN 250700
CF6OKC
PRELIMINARY LOCAL CLIMATOLOGICAL DATA (WS FORM: F-6)

                                          STATION:   OKLAHOMA CITY
                                          MONTH:     SEPTEMBER
                                          YEAR:      2016
                                          LATITUDE:   35 24 N
                                          LONGITUDE:  97 36 W

  TEMPERATURE IN F:       :PCPN:    SNOW:  WIND      :SUNSHINE: SKY     :PK WND
================================================================================
1   2   3   4   5  6A  6B    7    8   9   10  11  12  13   14  15   16   17  18
                                     12Z  AVG MX 2MIN
DY MAX MIN AVG DEP HDD CDD  WTR  SNW DPTH SPD SPD DIR MIN PSBL S-S WX    SPD DR
================================================================================

 1  86  72  79   0   0  14 0.00  0.0    0  9.3 20  50   M    M   8        23  30
 2  83  69  76  -3   0  11 0.00  0.0    0  6.9 14  60   M    M   7        16  70
 3  87  63  75  -4   0  10 0.00  0.0    0  9.4 16 130   M    M   3        20 140
 4  91  67  79   1   0  14 0.00  0.0    0 14.2 24 160   M    M   2        30 150
 5  95  71  83   5   0  18 0.00  0.0    0 14.7 25 190   M    M   1 8      32 170
 6  94  74  84   6   0  19 0.00  0.0    0 15.7 28 180   M    M   5        32 180
 7  95  76  86   9   0  21 0.00  0.0    0 16.1 25 200   M    M   7        32 200
 8  97  77  87  10   0  22    T  0.0    0 14.1 22 220   M    M   7        27 190
 9  93  67  80   3   0  15 1.08  0.0    0 13.8 41 340   M    M   7 13     49 340
10  80  58  69  -7   0   4 0.27  0.0    0 10.5 21  10   M    M   5 138    26 360
11  85  54  70  -6   0   5 0.00  0.0    0  9.0 18 160   M    M   0 8      24 160
12  91  63  77   1   0  12 0.00  0.0    0 14.3 25 190   M    M   5        31 200
13  92  66  79   4   0  14 0.00  0.0    0  9.9 20 200   M    M   8        24 200
14  82  64  73  -2   0   8 0.53  0.0    0  7.4 16 320   M    M   7 13     19 340
15  84  67  76   2   0  11 0.25  0.0    0  6.3 45 270   M    M   7 135    68 260
16  85  68  77   3   0  12 0.14  0.0    0  6.9 17 100   M    M   7 13     23 100
17  86  64  75   2   0  10 1.05  0.0    0  4.3 43 190   M    M   4 123    54 190
18  88  62  75   2   0  10 0.31  0.0    0  8.1 21 260   M    M   3 13     29 260
19  95  69  82   9   0  17 0.00  0.0    0  6.8 12 160   M    M   1        18 210
20  94  70  82  10   0  17 0.00  0.0    0  7.7 15 140   M    M   3 1      20 180
21  90  69  80   8   0  15 0.00  0.0    0  8.5 15 150   M    M   7 1      19 160
22  89  65  77   6   0  12 0.00  0.0    0  8.8 17 180   M    M   4        22 190
23  88  64  76   5   0  11 0.00  0.0    0 10.9 23 150   M    M   2        28 140
24  88  70  79   9   0  14 0.25  0.0    0 12.2 26 280   M    M   5 13     35 310
================================================================================
SM 2138 1609         0 316  3.88     0.0 245.8          M      115
================================================================================
AV 89.1 67.0                              10.2 FASTST   M    M   5    MAX(MPH)
                                 MISC ---->  # 45 270               # 68  260
================================================================================
NOTES:
# LAST OF SEVERAL OCCURRENCES

COLUMN 17 PEAK WIND IN M.P.H.

PRELIMINARY LOCAL CLIMATOLOGICAL DATA (WS FORM: F-6) , PAGE 2

                                          STATION:  OKLAHOMA CITY
                                          MONTH:    SEPTEMBER
                                          YEAR:     2016
                                          LATITUDE:   35 24 N
                                          LONGITUDE:  97 36 W

[TEMPERATURE DATA]      [PRECIPITATION DATA]       SYMBOLS USED IN COLUMN 16

AVERAGE MONTHLY: 78.1   TOTAL FOR MONTH:   3.88    1 = FOG OR MIST
DPTR FM NORMAL:   2.9   DPTR FM NORMAL:    0.60    2 = FOG REDUCING VISIBILITY
HIGHEST:    97 ON  8    GRTST 24HR  1.36 ON 17-18      TO 1/4 MILE OR LESS
LOWEST:     54 ON 11                               3 = THUNDER
                        SNOW, ICE PELLETS, HAIL    4 = ICE PELLETS
                        TOTAL MONTH:   0.0 INCH    5 = HAIL
                        GRTST 24HR     0.0         6 = FREEZING RAIN OR DRIZZLE
                        GRTST DEPTH:   0           7 = DUSTSTORM OR SANDSTORM:
                                                       VSBY 1/2 MILE OR LESS
                                                   8 = SMOKE OR HAZE
[NO. OF DAYS WITH]      [WEATHER - DAYS WITH]      9 = BLOWING SNOW
                                                   X = TORNADO
MAX 32 OR BELOW:   0    0.01 INCH OR MORE:   8
MAX 90 OR ABOVE:  11    0.10 INCH OR MORE:   8
MIN 32 OR BELOW:   0    0.50 INCH OR MORE:   3
MIN  0 OR BELOW:   0    1.00 INCH OR MORE:   2

[HDD (BASE 65) ]
TOTAL THIS MO.     0    CLEAR  (SCALE 0-3)   8
DPTR FM NORMAL    -9    PTCLDY (SCALE 4-7)  16
TOTAL FM JUL 1     0    CLOUDY (SCALE 8-10)  0
DPTR FM NORMAL    -9

[CDD (BASE 65) ]
TOTAL THIS MO.   316
DPTR FM NORMAL    64    [PRESSURE DATA]
TOTAL FM JAN 1  2042    HIGHEST SLP M ON M
DPTR FM NORMAL    53    LOWEST  SLP 29.77 ON  8

[REMARKS]
