000
CXUS55 KSEW 220930
CF6OLM
PRELIMINARY LOCAL CLIMATOLOGICAL DATA (WS FORM: F-6)

                                          STATION:   OLYMPIA WA AIRPORT
                                          MONTH:     NOVEMBER
                                          YEAR:      2017
                                          LATITUDE:   46 58 N
                                          LONGITUDE: 122 54 W

  TEMPERATURE IN F:       :PCPN:    SNOW:  WIND      :SUNSHINE: SKY     :PK WND
================================================================================
1   2   3   4   5  6A  6B    7    8   9   10  11  12  13   14  15   16   17  18
                                     12Z  AVG MX 2MIN
DY MAX MIN AVG DEP HDD CDD  WTR  SNW DPTH SPD SPD DIR MIN PSBL S-S WX    SPD DR
================================================================================

 1  53  43  48   2  17   0 0.02  0.0    0 10.8 24 230   M    M   5 1      31 220
 2  48  40  44  -2  21   0 0.45  0.0    0  8.5 21 180   M    M   8 1      25 180
 3  40  32  36 -10  29   0 0.37    M    M  3.0 16  30   M    M   9 1      19  30
 4  42  30  36 -10  29   0 0.38  0.0    0  4.1 12 170   M    M   9 12     17 190
 5  42  30  36 -10  29   0 0.62    M    M  5.4 15  20   M    M   9 1      19  30
 6  45  27  36 -10  29   0 0.00  0.0    0  1.7  7  50   M    M   6 12     10  40
 7  45  30  38  -7  27   0    T    M    M  1.1  8 320   M    M   7 12     10 320
 8  47  35  41  -4  24   0 0.38  0.0    0  3.8 13 210   M    M   9 1      16  10
 9  50  37  44  -1  21   0 0.49  0.0    0  3.6 16 170   M    M   8 12     23 170
10  50  36  43  -2  22   0 0.00  0.0    0  1.3  7  20   M    M   9 12      8  10
11  54  41  48   4  17   0 0.10  0.0    0  2.9 16 180   M    M  10 1      22 160
12  55  48  52   8  13   0 0.64  0.0    0  3.9 15 180   M    M  10 1      21 180
13  51  45  48   4  17   0 1.52  0.0    0 17.2 35 180   M    M   8 1      45 170
14  53  44  49   5  16   0 0.09  0.0    0 17.0 30 190   M    M  10 1      43 180
15  51  41  46   3  19   0 0.87  0.0    0 10.2 26 180   M    M   9 1      35 190
16  43  39  41  -2  24   0 0.42  0.0    0  6.7 14 200   M    M   9 1      16 210
17  49  37  43   0  22   0 0.10  0.0    0  7.6 14 190   M    M   6 1      18 180
18  53  38  46   3  19   0    T  0.0    0  4.6 12 190   M    M   3        16 210
19  47  34  41  -1  24   0 0.78  0.0    0 12.0 25 190   M    M   6 1      38 210
20  52  31  42   0  23   0 0.49  0.0    0  6.7 20 200   M    M   6 1      26 210
21  59  31  45   3  20   0 1.63  0.0    0  6.0 21 190   M    M  10 12     31 180
================================================================================
SM 1029  769       462   0  9.35     0.0 138.1          M      166
================================================================================
AV 49.0 36.6                               6.6 FASTST   M    M   8    MAX(MPH)
                                 MISC ---->  # 35 180               # 45  170
================================================================================
NOTES:
# LAST OF SEVERAL OCCURRENCES

COLUMN 17 PEAK WIND IN M.P.H.

PRELIMINARY LOCAL CLIMATOLOGICAL DATA (WS FORM: F-6) , PAGE 2

                                          STATION:  OLYMPIA WA AIRPORT
                                          MONTH:    NOVEMBER
                                          YEAR:     2017
                                          LATITUDE:   46 58 N
                                          LONGITUDE: 122 54 W

[TEMPERATURE DATA]      [PRECIPITATION DATA]       SYMBOLS USED IN COLUMN 16

AVERAGE MONTHLY: 42.8   TOTAL FOR MONTH:   9.35    1 = FOG OR MIST
DPTR FM NORMAL:  -1.5   DPTR FM NORMAL:    3.42    2 = FOG REDUCING VISIBILITY
HIGHEST:    59 ON 21    GRTST 24HR  1.63 ON 21-21      TO 1/4 MILE OR LESS
LOWEST:     27 ON  6                               3 = THUNDER
                        SNOW, ICE PELLETS, HAIL    4 = ICE PELLETS
                        TOTAL MONTH:   0.0 INCH    5 = HAIL
                        GRTST 24HR     0.0         6 = FREEZING RAIN OR DRIZZLE
                        GRTST DEPTH:   0           7 = DUSTSTORM OR SANDSTORM:
                                                       VSBY 1/2 MILE OR LESS
                                                   8 = SMOKE OR HAZE
[NO. OF DAYS WITH]      [WEATHER - DAYS WITH]      9 = BLOWING SNOW
                                                   X = TORNADO
MAX 32 OR BELOW:   0    0.01 INCH OR MORE:  17
MAX 90 OR ABOVE:   0    0.10 INCH OR MORE:  15
MIN 32 OR BELOW:   7    0.50 INCH OR MORE:   6
MIN  0 OR BELOW:   0    1.00 INCH OR MORE:   2

[HDD (BASE 65) ]
TOTAL THIS MO.   462    CLEAR  (SCALE 0-3)   1
DPTR FM NORMAL    28    PTCLDY (SCALE 4-7)   7
TOTAL FM JUL 1  1131    CLOUDY (SCALE 8-10) 13
DPTR FM NORMAL   -97

[CDD (BASE 65) ]
TOTAL THIS MO.     0
DPTR FM NORMAL     0    [PRESSURE DATA]
TOTAL FM JAN 1   204    HIGHEST SLP M ON M
DPTR FM NORMAL    98    LOWEST  SLP 29.47 ON 20

[REMARKS]
