000
CXUS55 KSEW 240930
CF6OLM
PRELIMINARY LOCAL CLIMATOLOGICAL DATA (WS FORM: F-6)

                                          STATION:   OLYMPIA WA AIRPORT
                                          MONTH:     OCTOBER
                                          YEAR:      2014
                                          LATITUDE:   46 58 N
                                          LONGITUDE: 122 54 W

  TEMPERATURE IN F:       :PCPN:    SNOW:  WIND      :SUNSHINE: SKY     :PK WND
================================================================================
1   2   3   4   5  6A  6B    7    8   9   10  11  12  13   14  15   16   17  18
                                     12Z  AVG MX 2MIN
DY MAX MIN AVG DEP HDD CDD  WTR  SNW DPTH SPD SPD DIR MIN PSBL S-S WX    SPD DR
================================================================================

 1  66  41  54   0  11   0 0.00  0.0    0  2.1 14 270   M    M   6 12     17 280
 2  68  38  53  -1  12   0 0.00  0.0    0  2.5 12  30   M    M   2 1      16  20
 3  77  39  58   4   7   0 0.00  0.0    0  1.6  8  10   M    M   2 12      9  10
 4  71  50  61   7   4   0    T  0.0    0  2.7  9 350   M    M   3 1      10 350
 5  76  47  62   9   3   0 0.00  0.0    0  2.3 10  20   M    M   2 12     12  20
 6  79  49  64  11   1   0 0.00  0.0    0  3.8 10  60   M    M   3 12     14 360
 7  70  49  60   7   5   0 0.00  0.0    0  2.1  7  40   M    M   6 12      9  70
 8  68  48  58   6   7   0 0.00  0.0    0  2.0  8  30   M    M   7 12     10  40
 9  63  47  55   3  10   0 0.00  0.0    0  2.6  8 360   M    M   8 12     10 360
10  67  49  58   6   7   0 0.09  0.0    0  6.4 15 230   M    M   9 12     23 240
11  66  53  60   8   5   0 0.06  0.0    0  9.0 16 320   M    M   5 1      25 330
12  65  50  58   7   7   0    T  0.0    0  4.9 12 240   M    M   5 1      16 220
13  71  45  58   7   7   0 0.56  0.0    0  6.8 23 210   M    M   8 12     32 220
14  60  52  56   5   9   0 0.23  0.0    0  3.3 13 160   M    M  10 1      15 160
15  58  49  54   4  11   0 0.33  0.0    0  8.6 18 200   M    M   8 1      24 190
16  68  48  58   8   7   0    T  0.0    0  3.3 14 200   M    M   3        18 160
17  59  50  55   5  10   0 0.18  0.0    0  4.7 16 200   M    M  10 1      21 210
18  67  53  60  10   5   0 0.06  0.0    0  4.1 14 190   M    M   9 12     18 170
19  73  52  63  14   2   0 0.02  0.0    0  4.4 20 190   M    M   8 12     24 180
20  63  52  58   9   7   0 0.19  0.0    0  5.3 13 170   M    M   8 1      15 170
21  60  53  57   8   8   0 0.09  0.0    0 13.8 25 170   M    M   9 1      34 180
22  57  53  55   6  10   0 1.43  0.0    0 12.6 25 190   M    M  10 1      37 180
23  58  46  52   4  13   0 0.66  0.0    0  6.6 17 290   M    M   8 1      23 300
================================================================================
SM 1530 1113       168   0  3.90     0.0 115.5          M      149
================================================================================
AV 66.5 48.4                               5.0 FASTST   M    M   6    MAX(MPH)
                                 MISC ---->  # 25 170               # 37  180
================================================================================
NOTES:
# LAST OF SEVERAL OCCURRENCES

COLUMN 17 PEAK WIND IN M.P.H.

PRELIMINARY LOCAL CLIMATOLOGICAL DATA (WS FORM: F-6) , PAGE 2

                                          STATION:  OLYMPIA WA AIRPORT
                                          MONTH:    OCTOBER
                                          YEAR:     2014
                                          LATITUDE:   46 58 N
                                          LONGITUDE: 122 54 W

[TEMPERATURE DATA]      [PRECIPITATION DATA]       SYMBOLS USED IN COLUMN 16

AVERAGE MONTHLY: 57.5   TOTAL FOR MONTH:   3.90    1 = FOG OR MIST
DPTR FM NORMAL:   6.2   DPTR FM NORMAL:    0.94    2 = FOG REDUCING VISIBILITY
HIGHEST:    79 ON  6    GRTST 24HR  1.65 ON 22-23      TO 1/4 MILE OR LESS
LOWEST:     38 ON  2                               3 = THUNDER
                        SNOW, ICE PELLETS, HAIL    4 = ICE PELLETS
                        TOTAL MONTH:   0.0 INCH    5 = HAIL
                        GRTST 24HR     0.0         6 = FREEZING RAIN OR DRIZZLE
                        GRTST DEPTH:   0           7 = DUSTSTORM OR SANDSTORM:
                                                       VSBY 1/2 MILE OR LESS
                                                   8 = SMOKE OR HAZE
[NO. OF DAYS WITH]      [WEATHER - DAYS WITH]      9 = BLOWING SNOW
                                                   X = TORNADO
MAX 32 OR BELOW:   0    0.01 INCH OR MORE:  12
MAX 90 OR ABOVE:   0    0.10 INCH OR MORE:   7
MIN 32 OR BELOW:   0    0.50 INCH OR MORE:   3
MIN  0 OR BELOW:   0    1.00 INCH OR MORE:   1

[HDD (BASE 65) ]
TOTAL THIS MO.   168    CLEAR  (SCALE 0-3)   4
DPTR FM NORMAL  -146    PTCLDY (SCALE 4-7)  11
TOTAL FM JUL 1   339    CLOUDY (SCALE 8-10)  8
DPTR FM NORMAL  -315

[CDD (BASE 65) ]
TOTAL THIS MO.     0
DPTR FM NORMAL     0    [PRESSURE DATA]
TOTAL FM JAN 1   187    HIGHEST SLP M ON M
DPTR FM NORMAL    81    LOWEST  SLP 29.50 ON 15

[REMARKS]
