000
CXUS55 KTWC 290855
CF6OLS
PRELIMINARY LOCAL CLIMATOLOGICAL DATA (WS FORM: F-6)

                                          STATION:   NOGALES AZ AIRPORT
                                          MONTH:     AUGUST
                                          YEAR:      2014
                                          LATITUDE:   31 25 N
                                          LONGITUDE: 110 51 W

  TEMPERATURE IN F:       :PCPN:    SNOW:  WIND      :SUNSHINE: SKY     :PK WND
================================================================================
1   2   3   4   5  6A  6B    7    8   9   10  11  12  13   14  15   16   17  18
                                     12Z  AVG MX 2MIN
DY MAX MIN AVG DEP HDD CDD  WTR  SNW DPTH SPD SPD DIR MIN PSBL S-S WX    SPD DR
================================================================================

 1  90  66  78   0   0  13 1.52  0.0    0  6.0 20  70   M    M   4 13     25  70
 2  83  66  75  -3   0  10 0.38    M    0  3.5  9  20   M    M   7 13      M  M
 3  89  63  76  -2   0  11 0.00  0.0    0  2.6  9 160   M    M   1        14 250
 4  92  66  79   1   0  14 0.00  0.0    0  3.3 14 240   M    M   1        19 240
 5  93  62  78   0   0  13 0.00  0.0    0  3.0 12 240   M    M   0        15 310
 6  94  63  79   2   0  14 0.00  0.0    0  4.6 16 160   M    M   2        22 150
 7  92  66  79   2   0  14 0.00  0.0    0  4.3 13 140   M    M   3        17 140
 8  91  68  80   3   0  15 0.48  0.0    0  4.8 30 190   M    M   2 3      38 180
 9  90  65  78   1   0  13 0.39  0.0    0  5.8 30 160   M    M   2 13     38 150
10  90  67  79   2   0  14    T  0.0    0  3.8 12 140   M    M   2        17  10
11  92  66  79   2   0  14 0.02  0.0    0  6.1 18 110   M    M   2 3      25 100
12  85  67  76  -1   0  11 0.54  0.0    0  4.1 18  90   M    M   4 13     23  80
13  89  64  77   0   0  12 0.00  0.0    0  4.8 15 260   M    M   1 3      21 270
14  86  66  76  -1   0  11 0.09  0.0    0  2.8 14 150   M    M   2 3      20 160
15  88  66  77   0   0  12 0.16  0.0    0  4.5 23 160   M    M   3 13     28 160
16  88  68  78   1   0  13 0.41  0.0    0  4.6 31  10   M    M   4 13     46  10
17  91  67  79   2   0  14    T  0.0    0  5.0 31  60   M    M   3 3      46  50
18  87  65  76  -1   0  11    T  0.0    0  4.9 15 240   M    M   2        19 250
19  85  64  75  -2   0  10    T  0.0    0  6.6 22 180   M    M   M 3      30 200
20  85  61  73  -4   0   8 0.85  0.0    0  3.8 35 140   M    M   M 13     42 120
21  80  65  73  -4   0   8 0.09  0.0    0  2.6 12 280   M    M   M 13     15 290
22  84  62  73  -4   0   8 0.01  0.0    0  4.0 14 240   M    M   4 1      20 220
23  87  61  74  -3   0   9 0.00  0.0    0  3.6 10 290   M    M   1        16 300
24  90  61  76  -1   0  11 0.00  0.0    0  4.3 15 190   M    M   1        20 200
25  85  64  75  -2   0  10 1.84  0.0    0  4.1 20 100   M    M   3 123    31  80
26  85  64  75  -2   0  10 0.13  0.0    0  2.5 20 260   M    M   2 13     27 260
27  89  65  77   0   0  12 0.00  0.0    0  3.8 14 290   M    M   0        19 290
28  91  60  76  -1   0  11 0.00  0.0    0  3.1 13 260   M    M   0        15 300
================================================================================
SM 2471 1808         0 326  6.91     0.0 116.9          M       56
================================================================================
AV 88.2 64.6                               4.2 FASTST   M    M   2    MAX(MPH)
                                 MISC ---->  # 35 140               # 46   10
================================================================================
NOTES:
# LAST OF SEVERAL OCCURRENCES

COLUMN 17 PEAK WIND IN M.P.H.

PRELIMINARY LOCAL CLIMATOLOGICAL DATA (WS FORM: F-6) , PAGE 2

                                          STATION:  NOGALES AZ AIRPORT
                                          MONTH:    AUGUST
                                          YEAR:     2014
                                          LATITUDE:   31 25 N
                                          LONGITUDE: 110 51 W

[TEMPERATURE DATA]      [PRECIPITATION DATA]       SYMBOLS USED IN COLUMN 16

AVERAGE MONTHLY: 76.4   TOTAL FOR MONTH:   6.91    1 = FOG OR MIST
DPTR FM NORMAL:  -0.8   DPTR FM NORMAL:    2.91    2 = FOG REDUCING VISIBILITY
HIGHEST:    94 ON  6    GRTST 24HR  1.87 ON  1- 2      TO 1/4 MILE OR LESS
LOWEST:     60 ON 28                               3 = THUNDER
                        SNOW, ICE PELLETS, HAIL    4 = ICE PELLETS
                        TOTAL MONTH:   0.0 INCH    5 = HAIL
                        GRTST 24HR     0.0         6 = FREEZING RAIN OR DRIZZLE
                        GRTST DEPTH:   0           7 = DUSTSTORM OR SANDSTORM:
                                                       VSBY 1/2 MILE OR LESS
                                                   8 = SMOKE OR HAZE
[NO. OF DAYS WITH]      [WEATHER - DAYS WITH]      9 = BLOWING SNOW
                                                   X = TORNADO
MAX 32 OR BELOW:   0    0.01 INCH OR MORE:  14
MAX 90 OR ABOVE:  12    0.10 INCH OR MORE:  10
MIN 32 OR BELOW:   0    0.50 INCH OR MORE:   4
MIN  0 OR BELOW:   0    1.00 INCH OR MORE:   2

[HDD (BASE 65) ]
TOTAL THIS MO.     0    CLEAR  (SCALE 0-3)  20
DPTR FM NORMAL     0    PTCLDY (SCALE 4-7)   5
TOTAL FM JUL 1     0    CLOUDY (SCALE 8-10)  0
DPTR FM NORMAL     0

[CDD (BASE 65) ]
TOTAL THIS MO.   326
DPTR FM NORMAL   -14    [PRESSURE DATA]
TOTAL FM JAN 1  1512    HIGHEST SLP M ON M
DPTR FM NORMAL    95    LOWEST  SLP 29.72 ON M

[REMARKS]
