000
CXAK56 PAOM 260901
CF6OME

PRELIMINARY LOCAL CLIMATOLOGICAL DATA (WS FORM: F-6)

                                          STATION:   NOME
                                          MONTH:     03
                                          YEAR:      2015
                                          LATITUDE:   64 31 N
                                          LONGITUDE: 165 27 W

  TEMPERATURE IN F:       :PCPN:    SNOW:  WIND      :SUNSHINE: SKY     :PK WND
================================================================================
1   2   3   4   5  6A  6B    7     8   9   10  11  12  13   14  15   16  17  18
                                      12Z  AVG MX 2MIN
DY MAX MIN AVG DEP HDD CDD  WTR   SNW DPTH SPD SPD DIR MIN PSBL S-S WX   SPD DR
================================================================================

 1  20  11  16   7  49   0  0.00  0.0  11 15.8 24   90   M    M   M       29  90
 2  28  20  24  15  41   0  0.02  0.2  11 18.2 24   90   M    M   M 1     32  90
 3  28  11  20  11  45   0  0.12  1.2  11  8.1 17   80   M    M   M 1     21  80
 4  18   8  13   4  52   0     T  0.1  12  6.4 12   90   M    M   M 1     14  90
 5  20   2  11   2  54   0  0.03  0.8  12  5.7 12   70   M    M   M 1     13  70
 6  31   3  17   8  48   0  0.45  5.5  13 15.0 25  100   M    M   M 19    32 110
 7  30  -3  14   4  51   0  0.08  0.9  19 19.7 41  280   M    M   M 19    49 280
 8   0  -9  -4 -14  69   0  0.00  0.0  19 14.6 24  320   M    M   M       29 310
 9  -4 -15  -9 -19  74   0  0.00  0.0  19  4.9 18  290   M    M   M       22 290
10  -2 -21 -11 -21  76   0  0.00  0.0  19  1.3  9   80   M    M   M       10  80
11  -1 -23 -12 -22  77   0  0.00  0.0  18  0.9  6   20   M    M   M        8  40
12  -2 -22 -12 -22  77   0  0.00  0.0  18  1.6 12  150   M    M   M 18    13 150
13   1 -24 -11 -21  76   0  0.00  0.0  18  1.7  7  160   M    M   M 1      8 150
14  -1 -22 -11 -21  76   0  0.00  0.0  17  2.0  7   30   M    M   M 1      7  30
15   4 -22  -9 -19  74   0  0.00  0.0  17  4.4 17   20   M    M   M       19  10
16  15 -12   2  -8  63   0  0.00  0.0  17  2.9 12  320   M    M   M       12 310
17  18  -4   7  -3  58   0     T    T  17  0.0 10  350   M    M   M 1     12 350
18  24   8  16   6  49   0  0.00  0.0  16  5.1 15   20   M    M   M       18  30
19  29  17  23  13  42   0  0.00  0.0  16  4.7 17  360   M    M   M       20 360
20  26  11  19   9  46   0  0.00  0.0  15  1.9  9  280   M    M   M        9 280
21  19   3  11   0  54   0  0.00  0.0  15  1.2  7   10   M    M   M 1      7 250
22  20   7  14   3  51   0  0.00  0.0  14  2.3 15   40   M    M   M       18  40
23  23   5  14   3  51   0  0.00  0.0  14  1.6 10  330   M    M   M       12 330
24  21   3  12   1  53   0  0.00  0.0  14  0.8  6  250   M    M   M        7 230
25  23   6  15   4  50   0  0.00  0.0  13  2.0  9  270   M    M   M       10 270
================================================================================
SM  388  -62      1456   0  0.70 8.7    142.8           M        M
================================================================================
AV 15.5 -2.5                              5.7 FASTST  PSBL  %   M    MAX(MPH)
                                 MISC ---->     41  280                 49 280
================================================================================
NOTES:
# LAST OF SEVERAL OCCURRENCES

COLUMN 17 PEAK WIND IN M.P.H.

PRELIMINARY LOCAL CLIMATOLOGICAL DATA (WS FORM: F-6) , PAGE 2

                                          STATION:   NOME
                                          MONTH:     03
                                          YEAR:      2015
                                          LATITUDE:  64 31 N
                                          LONGITUDE: 165 27 W

[TEMPERATURE DATA]      [PRECIPITATION DATA]       SYMBOLS USED IN COLUMN 16

AVERAGE MONTHLY:6.5   TOTAL FOR MONTH: 0.70       1 = FOG
DPTR FM NORMAL: -3.5   DPTR FM NORMAL: 0.17       2 = FOG REDUCING VISIBILITY
HIGHEST:    31 ON  6    GRTST 24HR   0.45 ON  6        TO 1/4 MILE OR LESS
LOWEST:    -24 ON 13                               3 = THUNDER
                        SNOW, ICE PELLETS, HAIL    4 = ICE PELLETS
                        TOTAL MONTH: 8.7 INCHES  5 = HAIL
                        GRTST 24HR   5.5 ON  6     6 = GLAZE OR RIME
                        GRTST DEPTH:   19 ON 10    7 = BLOWING DUST OR SAND:
                                                       VSBY 1/2 MILE OR LESS
                                                   8 = SMOKE OR HAZE
[NO. OF DAYS WITH]      [WEATHER - DAYS WITH]      9 = BLOWING SNOW
                                                   X = TORNADO
MAX 32 OR BELOW:  25    0.01 INCH OR MORE:   5
MAX 70 OR ABOVE:   0    0.10 INCH OR MORE:   2
MIN 32 OR BELOW:  25    0.50 INCH OR MORE:   0
MIN  0 OR BELOW:  11    1.00 INCH OR MORE:   0

[HDD (BASE 65) ]
TOTAL THIS MO.  1461    CLEAR  (SCALE 0-3)   M
DPTR FM NORMAL    83    PTCLDY (SCALE 4-7)   M
SEASONAL TOTAL  9620    CLOUDY (SCALE 8-10)  M
DPTR FM NORMAL -1040

[CDD (BASE 65) ]
TOTAL THIS MO.     0
DPTR FM NORMAL     0    [PRESSURE DATA]
SEASONAL TOTAL     0    HIGHEST SLP     M
DPTR FM NORMAL     0    LOWEST  SLP     M

[REMARKS]
