000
CXAK56 PAOM 260920
CF6OME

PRELIMINARY LOCAL CLIMATOLOGICAL DATA (WS FORM: F-6)

                                          STATION:   NOME
                                          MONTH:     02
                                          YEAR:      2015
                                          LATITUDE:   64 31 N
                                          LONGITUDE: 165 27 W

  TEMPERATURE IN F:       :PCPN:    SNOW:  WIND      :SUNSHINE: SKY     :PK WND
================================================================================
1   2   3   4   5  6A  6B    7     8   9   10  11  12  13   14  15   16  17  18
                                      12Z  AVG MX 2MIN
DY MAX MIN AVG DEP HDD CDD  WTR   SNW DPTH SPD SPD DIR MIN PSBL S-S WX   SPD DR
================================================================================

 1  26  -1  13   8  52   0  0.00  0.0  12  5.8 17   80   M    M   M 1     23  70
 2  22  -1  11   5  54   0     T  0.1  12  6.7 24  360   M    M   M 1     29 360
 3   6  -6   0  -6  65   0  0.00  0.0  12  1.0 10   30   M    M   M       11  30
 4   4 -10  -3  -9  68   0  0.00  0.0  12  1.2  6   10   M    M   M 2      7  30
 5   5 -10  -2  -8  67   0  0.00  0.0  12  1.3  8  280   M    M   M 1     10 110
 6  12  -6   3  -3  62   0  0.00  0.0  11  7.6 23  350   M    M   M       33  10
 7   5 -10  -2  -8  67   0  0.00  0.0  11  5.8 23  350   M    M   M       28 340
 8  12 -12   0  -7  65   0  0.00  0.0  11 11.1 30   20   M    M   M 8     34  30
 9  15   1   8   1  57   0  0.00  0.0  11  8.6 22   40   M    M   M       30  10
10  15   2   9   2  56   0  0.00  0.0  10  6.6 21   40   M    M   M       25  40
11  12  -1   6  -1  59   0  0.00  0.0  10 11.9 31  360   M    M   M       37  10
12  12  -4   4  -3  61   0     T    T  10  4.9 20   50   M    M   M       23  50
13  17   3  10   3  55   0     T    T  10  3.4 12  330   M    M   M       14 320
14  21  11  16   8  49   0  0.00  0.0  10  2.8  9  340   M    M   M       11 330
15  18  10  14   6  51   0  0.00  0.0  10  3.4 14   10   M    M   M 2     15 350
16  36  15  26  18  39   0  0.00  0.0  10 10.3 22   40   M    M   M       25  40
17  33  28  31  23  34   0  0.16  1.8  11 13.8 21   70   M    M   M 1     26  90
18  32  20  26  18  39   0  0.12  1.4  13 14.6 23  180   M    M   M 1     27 190
19  27  17  22  14  43   0     T    T  13  8.2 17   40   M    M   M 1     24 190
20  36  26  31  23  34   0  0.10  1.0  14 14.6 21   70   M    M   M 19    28  70
21  40  32  36  27  29   0  0.25  1.4  13 17.4 25   90   M    M   M 1     32  90
22  35  33  34  25  31   0  0.05  0.0  13 16.2 22   90   M    M   M 1     27  90
23  33  15  24  15  41   0  0.01  0.1  10 11.5 22   80   M    M   M 1     27  80
24  28  20  24  15  41   0  0.03  0.6   8 15.5 31  240   M    M   M 139   35 240
25  29  23  26  17  39   0  0.04  0.7   7 18.4 25  170   M    M   M 19    33 170
================================================================================
SM  531  195      1258   0  0.76 7.1    222.6           M        M
================================================================================
AV 21.2  7.8                              8.9 FASTST  PSBL  %   M    MAX(MPH)
                                 MISC ---->  #  31  240                 37  10
================================================================================
NOTES:
# LAST OF SEVERAL OCCURRENCES

COLUMN 17 PEAK WIND IN M.P.H.

PRELIMINARY LOCAL CLIMATOLOGICAL DATA (WS FORM: F-6) , PAGE 2

                                          STATION:   NOME
                                          MONTH:     02
                                          YEAR:      2015
                                          LATITUDE:  64 31 N
                                          LONGITUDE: 165 27 W

[TEMPERATURE DATA]      [PRECIPITATION DATA]       SYMBOLS USED IN COLUMN 16

AVERAGE MONTHLY:14.5   TOTAL FOR MONTH: 0.76       1 = FOG
DPTR FM NORMAL:  7.1   DPTR FM NORMAL: -0.08       2 = FOG REDUCING VISIBILITY
HIGHEST:    40 ON 21    GRTST 24HR   0.25 ON 21        TO 1/4 MILE OR LESS
LOWEST:    -12 ON  8                               3 = THUNDER
                        SNOW, ICE PELLETS, HAIL    4 = ICE PELLETS
                        TOTAL MONTH: 7.1 INCHES  5 = HAIL
                        GRTST 24HR   1.8 ON 17     6 = GLAZE OR RIME
                        GRTST DEPTH:   14 ON 20    7 = BLOWING DUST OR SAND:
                                                       VSBY 1/2 MILE OR LESS
                                                   8 = SMOKE OR HAZE
[NO. OF DAYS WITH]      [WEATHER - DAYS WITH]      9 = BLOWING SNOW
                                                   X = TORNADO
MAX 32 OR BELOW:  19    0.01 INCH OR MORE:   8
MAX 70 OR ABOVE:   0    0.10 INCH OR MORE:   4
MIN 32 OR BELOW:  24    0.50 INCH OR MORE:   0
MIN  0 OR BELOW:  10    1.00 INCH OR MORE:   0

[HDD (BASE 65) ]
TOTAL THIS MO.  1260    CLEAR  (SCALE 0-3)   M
DPTR FM NORMAL  -183    PTCLDY (SCALE 4-7)   M
SEASONAL TOTAL  8048    CLOUDY (SCALE 8-10)  M
DPTR FM NORMAL -1066

[CDD (BASE 65) ]
TOTAL THIS MO.     0
DPTR FM NORMAL     0    [PRESSURE DATA]
SEASONAL TOTAL     0    HIGHEST SLP     M
DPTR FM NORMAL     0    LOWEST  SLP     M

[REMARKS]
